{"id":10609,"date":"2017-04-08T13:09:06","date_gmt":"2017-04-08T11:09:06","guid":{"rendered":"http:\/\/www.friedenkoeln.de\/?page_id=10609"},"modified":"2017-11-30T23:15:24","modified_gmt":"2017-11-30T21:15:24","slug":"die-jury","status":"publish","type":"page","link":"https:\/\/www.friedenkoeln.de\/?page_id=10609","title":{"rendered":"Die Jury"},"content":{"rendered":"<p>Die Jury entscheidet \u00fcber die Preisvergabe. Sie setzt sich aus f\u00fcnf Kunstfachleuten und Friedensfachleuten zusammen. Friedensfachleute sind Menschen, die darin ausgebildet sind, wie man Konflikte mit friedlichen Mitteln l\u00f6sen kann.<\/p>\n<p>Alle Jury-Mitglieder freuen sich auf ihre Aufgabe und haben gleichzeitig Respekt davor: werden sie sich friedlich auf eine Reihenfolge der Gruppen einigen k\u00f6nnen? Was sollen sie tun, wenn sie am liebsten allen den ersten Preis geben w\u00fcrden?<\/p>\n<p>Hier ist unsere Jury (aktualisiert am 22.11.2017):<\/p>\n<p>Bianka Mieskes ist K\u00fcnstlerische Mitarbeiterin an der Alanus-Hochschule f\u00fcr Kunst und Gesellschaft in Alfter. Sie unterrichtet im Fachbereich Bildende Kunst.<\/p>\n<p>&nbsp;<\/p>\n<div id=\"attachment_11292\" style=\"width: 214px\" class=\"wp-caption alignleft\"><img loading=\"lazy\" decoding=\"async\" aria-describedby=\"caption-attachment-11292\" class=\"size-full wp-image-11292\" src=\"http:\/\/www.friedenkoeln.de\/wp-content\/uploads\/2017\/04\/Download.jpeg\" alt=\"Portr\u00e4tfoto. Hanna Parnow lacht fr\u00f6hlich den Betrachter an. Sie hat kurze rote Haare, eine dunkel gerahmte Brille und eine L\u00fccke zwischen den beiden oberen Schneidez\u00e4hnen. Sie tr\u00e4gt ein wei\u00dfes Shirt unter ihrem blauen Blazer, der an den Schultern zu erkennen ist.\" width=\"204\" height=\"177\" \/><p id=\"caption-attachment-11292\" class=\"wp-caption-text\">Hanna Parnow (Copyright)<\/p><\/div>\n<p>Hanna Parnow ist Wirtschaftspsychologin und Mediatorin. Sie unterrichtet Gewaltfreie Kommunikation.<\/p>\n<p>&nbsp;<\/p>\n<p>&nbsp;<\/p>\n<p>&nbsp;<\/p>\n<p>&nbsp;<\/p>\n<div id=\"attachment_11262\" style=\"width: 200px\" class=\"wp-caption alignleft\"><img loading=\"lazy\" decoding=\"async\" aria-describedby=\"caption-attachment-11262\" class=\"wp-image-11262\" src=\"http:\/\/www.friedenkoeln.de\/wp-content\/uploads\/2017\/04\/Foto-LH_klein-Anschnitt.jpeg\" alt=\"\" width=\"190\" height=\"192\" srcset=\"https:\/\/www.friedenkoeln.de\/wp-content\/uploads\/2017\/04\/Foto-LH_klein-Anschnitt.jpeg 480w, https:\/\/www.friedenkoeln.de\/wp-content\/uploads\/2017\/04\/Foto-LH_klein-Anschnitt-120x120.jpeg 120w\" sizes=\"auto, (max-width: 190px) 100vw, 190px\" \/><p id=\"caption-attachment-11262\" class=\"wp-caption-text\">Prof. Dr. Lilian Haberer (Copyright)<\/p><\/div>\n<p>Prof. Dr. Lilian Haberer unterrichtet\u00a0Kunstgeschichte im medialen Kontext an der Kunsthochschule f\u00fcr Medien K\u00f6ln.<\/p>\n<p>&nbsp;<\/p>\n<p>&nbsp;<\/p>\n<p>&nbsp;<\/p>\n<p>&nbsp;<\/p>\n<p>&nbsp;<\/p>\n<div id=\"attachment_11260\" style=\"width: 187px\" class=\"wp-caption alignleft\"><img loading=\"lazy\" decoding=\"async\" aria-describedby=\"caption-attachment-11260\" class=\" wp-image-11260\" src=\"http:\/\/www.friedenkoeln.de\/wp-content\/uploads\/2017\/04\/Ricchard-Klasenweb.JPG.jpg.jpg\" alt=\"\" width=\"177\" height=\"276\" \/><p id=\"caption-attachment-11260\" class=\"wp-caption-text\">Richard Klasen (Copyright)<\/p><\/div>\n<p>Richard Klasen arbeitet beim forum Ziviler Friedensdienst in K\u00f6ln. Er ist Referent f\u00fcr die Agenda 2030 und Friedenspolitik.<\/p>\n<p>&nbsp;<\/p>\n<p>&nbsp;<\/p>\n<p>&nbsp;<\/p>\n<p>&nbsp;<\/p>\n<p>&nbsp;<\/p>\n<p>&nbsp;<\/p>\n<div id=\"attachment_11261\" style=\"width: 187px\" class=\"wp-caption alignleft\"><img loading=\"lazy\" decoding=\"async\" aria-describedby=\"caption-attachment-11261\" class=\" wp-image-11261\" src=\"http:\/\/www.friedenkoeln.de\/wp-content\/uploads\/2017\/04\/Markus.jpg\" alt=\"\" width=\"177\" height=\"230\" \/><p id=\"caption-attachment-11261\" class=\"wp-caption-text\">Markus Fr\u00f6hlich, K\u00f6ln (Copyright)<\/p><\/div>\n<p>Markus Fr\u00f6hlich ist Lehrer f\u00fcr Englisch und Geschichte in Siegburg.<\/p>\n<p>Markus ist aktives Mitglied unserer DFG-VK Gruppe K\u00f6ln.<\/p>\n<p>&nbsp;<\/p>\n<p>&nbsp;<\/p>\n<p>&nbsp;<\/p>\n<p>&nbsp;<\/p>\n<p>&nbsp;<\/p>\n<div id=\"attachment_11550\" style=\"width: 183px\" class=\"wp-caption alignleft\"><img loading=\"lazy\" decoding=\"async\" aria-describedby=\"caption-attachment-11550\" class=\" wp-image-11550\" src=\"http:\/\/www.friedenkoeln.de\/wp-content\/uploads\/2017\/04\/Bianka-2016-print-796x1024.jpg\" alt=\"Portr\u00e4tfoto: eine freundlich blickende junge Frau mit langen braunen Haaren\" width=\"173\" height=\"223\" srcset=\"https:\/\/www.friedenkoeln.de\/wp-content\/uploads\/2017\/04\/Bianka-2016-print-796x1024.jpg 796w, https:\/\/www.friedenkoeln.de\/wp-content\/uploads\/2017\/04\/Bianka-2016-print-768x987.jpg 768w, https:\/\/www.friedenkoeln.de\/wp-content\/uploads\/2017\/04\/Bianka-2016-print.jpg 1820w\" sizes=\"auto, (max-width: 173px) 100vw, 173px\" \/><p id=\"caption-attachment-11550\" class=\"wp-caption-text\">Bianka Mieses (Copyright)<\/p><\/div>\n<p>Bianka Mieskes ist K\u00fcnstlerische Mitarbeiterin im Fachbereich\u00a0Bildende Kunst der\u00a0Alanus Hochschule f\u00fcr Kunst und Gesellschaft in Alfter.<\/p>\n<p>Sie Unterrichtet und arbeitet im Bereich\u00a0Bildhauerei\/ Installation\/ Neue Medien und hatte zahlreiche Ausstellungen im In- und Ausland.<\/p>\n","protected":false},"excerpt":{"rendered":"<p>Die Jury entscheidet \u00fcber die Preisvergabe. Sie setzt sich aus f\u00fcnf Kunstfachleuten und Friedensfachleuten zusammen. Friedensfachleute sind Menschen, die darin ausgebildet sind, wie man Konflikte mit friedlichen Mitteln l\u00f6sen kann. Alle Jury-Mitglieder freuen sich&#46;&#46;&#46;<\/p>\n","protected":false},"author":110,"featured_media":0,"parent":10500,"menu_order":5,"comment_status":"closed","ping_status":"closed","template":"","meta":{"footnotes":""},"class_list":["post-10609","page","type-page","status-publish","hentry"],"_links":{"self":[{"href":"https:\/\/www.friedenkoeln.de\/index.php?rest_route=\/wp\/v2\/pages\/10609","targetHints":{"allow":["GET"]}}],"collection":[{"href":"https:\/\/www.friedenkoeln.de\/index.php?rest_route=\/wp\/v2\/pages"}],"about":[{"href":"https:\/\/www.friedenkoeln.de\/index.php?rest_route=\/wp\/v2\/types\/page"}],"author":[{"embeddable":true,"href":"https:\/\/www.friedenkoeln.de\/index.php?rest_route=\/wp\/v2\/users\/110"}],"replies":[{"embeddable":true,"href":"https:\/\/www.friedenkoeln.de\/index.php?rest_route=%2Fwp%2Fv2%2Fcomments&post=10609"}],"version-history":[{"count":8,"href":"https:\/\/www.friedenkoeln.de\/index.php?rest_route=\/wp\/v2\/pages\/10609\/revisions"}],"predecessor-version":[{"id":11552,"href":"https:\/\/www.friedenkoeln.de\/index.php?rest_route=\/wp\/v2\/pages\/10609\/revisions\/11552"}],"up":[{"embeddable":true,"href":"https:\/\/www.friedenkoeln.de\/index.php?rest_route=\/wp\/v2\/pages\/10500"}],"wp:attachment":[{"href":"https:\/\/www.friedenkoeln.de\/index.php?rest_route=%2Fwp%2Fv2%2Fmedia&parent=10609"}],"curies":[{"name":"wp","href":"https:\/\/api.w.org\/{rel}","templated":true}]}}

<p>Die Jury entscheidet über die Preisvergabe. Sie setzt sich aus fünf Kunstfachleuten und Friedensfachleuten zusammen. Friedensfachleute sind Menschen, die darin ausgebildet sind, wie man Konflikte mit friedlichen Mitteln lösen kann.</p>
<p>Alle Jury-Mitglieder freuen sich auf ihre Aufgabe und haben gleichzeitig Respekt davor: werden sie sich friedlich auf eine Reihenfolge der Gruppen einigen können? Was sollen sie tun, wenn sie am liebsten allen den ersten Preis geben würden?</p>
<p>Hier ist unsere Jury (aktualisiert am 22.11.2017):</p>
<p>Bianka Mieskes ist Künstlerische Mitarbeiterin an der Alanus-Hochschule für Kunst und Gesellschaft in Alfter. Sie unterrichtet im Fachbereich Bildende Kunst.</p>
<p>&nbsp;</p>
<div id="attachment_11292" style="width: 214px" class="wp-caption alignleft"><img loading="lazy" decoding="async" aria-describedby="caption-attachment-11292" class="size-full wp-image-11292" src="http://www.friedenkoeln.de/wp-content/uploads/2017/04/Download.jpeg" alt="Porträtfoto. Hanna Parnow lacht fröhlich den Betrachter an. Sie hat kurze rote Haare, eine dunkel gerahmte Brille und eine Lücke zwischen den beiden oberen Schneidezähnen. Sie trägt ein weißes Shirt unter ihrem blauen Blazer, der an den Schultern zu erkennen ist." width="204" height="177" /><p id="caption-attachment-11292" class="wp-caption-text">Hanna Parnow (Copyright)</p></div>
<p>Hanna Parnow ist Wirtschaftspsychologin und Mediatorin. Sie unterrichtet Gewaltfreie Kommunikation.</p>
<p>&nbsp;</p>
<p>&nbsp;</p>
<p>&nbsp;</p>
<p>&nbsp;</p>
<div id="attachment_11262" style="width: 200px" class="wp-caption alignleft"><img loading="lazy" decoding="async" aria-describedby="caption-attachment-11262" class="wp-image-11262" src="http://www.friedenkoeln.de/wp-content/uploads/2017/04/Foto-LH_klein-Anschnitt.jpeg" alt="" width="190" height="192" srcset="https://www.friedenkoeln.de/wp-content/uploads/2017/04/Foto-LH_klein-Anschnitt.jpeg 480w, https://www.friedenkoeln.de/wp-content/uploads/2017/04/Foto-LH_klein-Anschnitt-120x120.jpeg 120w" sizes="auto, (max-width: 190px) 100vw, 190px" /><p id="caption-attachment-11262" class="wp-caption-text">Prof. Dr. Lilian Haberer (Copyright)</p></div>
<p>Prof. Dr. Lilian Haberer unterrichtet Kunstgeschichte im medialen Kontext an der Kunsthochschule für Medien Köln.</p>
<p>&nbsp;</p>
<p>&nbsp;</p>
<p>&nbsp;</p>
<p>&nbsp;</p>
<p>&nbsp;</p>
<div id="attachment_11260" style="width: 187px" class="wp-caption alignleft"><img loading="lazy" decoding="async" aria-describedby="caption-attachment-11260" class=" wp-image-11260" src="http://www.friedenkoeln.de/wp-content/uploads/2017/04/Ricchard-Klasenweb.JPG.jpg.jpg" alt="" width="177" height="276" /><p id="caption-attachment-11260" class="wp-caption-text">Richard Klasen (Copyright)</p></div>
<p>Richard Klasen arbeitet beim forum Ziviler Friedensdienst in Köln. Er ist Referent für die Agenda 2030 und Friedenspolitik.</p>
<p>&nbsp;</p>
<p>&nbsp;</p>
<p>&nbsp;</p>
<p>&nbsp;</p>
<p>&nbsp;</p>
<p>&nbsp;</p>
<div id="attachment_11261" style="width: 187px" class="wp-caption alignleft"><img loading="lazy" decoding="async" aria-describedby="caption-attachment-11261" class=" wp-image-11261" src="http://www.friedenkoeln.de/wp-content/uploads/2017/04/Markus.jpg" alt="" width="177" height="230" /><p id="caption-attachment-11261" class="wp-caption-text">Markus Fröhlich, Köln (Copyright)</p></div>
<p>Markus Fröhlich ist Lehrer für Englisch und Geschichte in Siegburg.</p>
<p>Markus ist aktives Mitglied unserer DFG-VK Gruppe Köln.</p>
<p>&nbsp;</p>
<p>&nbsp;</p>
<p>&nbsp;</p>
<p>&nbsp;</p>
<p>&nbsp;</p>
<div id="attachment_11550" style="width: 183px" class="wp-caption alignleft"><img loading="lazy" decoding="async" aria-describedby="caption-attachment-11550" class=" wp-image-11550" src="http://www.friedenkoeln.de/wp-content/uploads/2017/04/Bianka-2016-print-796x1024.jpg" alt="Porträtfoto: eine freundlich blickende junge Frau mit langen braunen Haaren" width="173" height="223" srcset="https://www.friedenkoeln.de/wp-content/uploads/2017/04/Bianka-2016-print-796x1024.jpg 796w, https://www.friedenkoeln.de/wp-content/uploads/2017/04/Bianka-2016-print-768x987.jpg 768w, https://www.friedenkoeln.de/wp-content/uploads/2017/04/Bianka-2016-print.jpg 1820w" sizes="auto, (max-width: 173px) 100vw, 173px" /><p id="caption-attachment-11550" class="wp-caption-text">Bianka Mieses (Copyright)</p></div>
<p>Bianka Mieskes ist Künstlerische Mitarbeiterin im Fachbereich Bildende Kunst der Alanus Hochschule für Kunst und Gesellschaft in Alfter.</p>
<p>Sie Unterrichtet und arbeitet im Bereich Bildhauerei/ Installation/ Neue Medien und hatte zahlreiche Ausstellungen im In- und Ausland.</p>

<p>Die Jury entscheidet über die Preisvergabe. Sie setzt sich aus fünf Kunstfachleuten und Friedensfachleuten zusammen. Friedensfachleute sind Menschen, die darin ausgebildet sind, wie man Konflikte mit friedlichen Mitteln lösen kann. Alle Jury-Mitglieder freuen sich&#46;&#46;&#46;</p>
