{"id":10613,"date":"2017-04-08T13:15:46","date_gmt":"2017-04-08T11:15:46","guid":{"rendered":"http:\/\/www.friedenkoeln.de\/?page_id=10613"},"modified":"2017-04-08T16:54:24","modified_gmt":"2017-04-08T14:54:24","slug":"wo-erhalte-ich-tipps","status":"publish","type":"page","link":"https:\/\/www.friedenkoeln.de\/?page_id=10613","title":{"rendered":"Wo erhalte ich Tipps?"},"content":{"rendered":"<p>Eure Betreuer*innen und Ihr selbst k\u00f6nnte Euch bei Fragen gerne an uns wenden &#8211; am besten per E-Mail an wettbewerb@friedenkoeln.de. Wir melden uns sobald m\u00f6glich bei Euch zur\u00fcck.<\/p>\n<p>Wenn Ihr gern etwas &#8222;Futter f\u00fcrs Gehirn&#8220; braucht, um auf neue Ideen zum Thema Frieden und Pazifismus\u00a0zu kommen, schaut doch mal <a href=\"http:\/\/www.friedenkoeln.de\/?page_id=10505\">hier<\/a> nach.<\/p>\n","protected":false},"excerpt":{"rendered":"<p>Eure Betreuer*innen und Ihr selbst k\u00f6nnte Euch bei Fragen gerne an uns wenden &#8211; am besten per E-Mail an wettbewerb@friedenkoeln.de. Wir melden uns sobald m\u00f6glich bei Euch zur\u00fcck. Wenn Ihr gern etwas &#8222;Futter f\u00fcrs&#46;&#46;&#46;<\/p>\n","protected":false},"author":110,"featured_media":0,"parent":10500,"menu_order":7,"comment_status":"closed","ping_status":"closed","template":"","meta":{"footnotes":""},"class_list":["post-10613","page","type-page","status-publish","hentry"],"_links":{"self":[{"href":"https:\/\/www.friedenkoeln.de\/index.php?rest_route=\/wp\/v2\/pages\/10613","targetHints":{"allow":["GET"]}}],"collection":[{"href":"https:\/\/www.friedenkoeln.de\/index.php?rest_route=\/wp\/v2\/pages"}],"about":[{"href":"https:\/\/www.friedenkoeln.de\/index.php?rest_route=\/wp\/v2\/types\/page"}],"author":[{"embeddable":true,"href":"https:\/\/www.friedenkoeln.de\/index.php?rest_route=\/wp\/v2\/users\/110"}],"replies":[{"embeddable":true,"href":"https:\/\/www.friedenkoeln.de\/index.php?rest_route=%2Fwp%2Fv2%2Fcomments&post=10613"}],"version-history":[{"count":4,"href":"https:\/\/www.friedenkoeln.de\/index.php?rest_route=\/wp\/v2\/pages\/10613\/revisions"}],"predecessor-version":[{"id":10628,"href":"https:\/\/www.friedenkoeln.de\/index.php?rest_route=\/wp\/v2\/pages\/10613\/revisions\/10628"}],"up":[{"embeddable":true,"href":"https:\/\/www.friedenkoeln.de\/index.php?rest_route=\/wp\/v2\/pages\/10500"}],"wp:attachment":[{"href":"https:\/\/www.friedenkoeln.de\/index.php?rest_route=%2Fwp%2Fv2%2Fmedia&parent=10613"}],"curies":[{"name":"wp","href":"https:\/\/api.w.org\/{rel}","templated":true}]}}

<p>Eure Betreuer*innen und Ihr selbst könnte Euch bei Fragen gerne an uns wenden &#8211; am besten per E-Mail an wettbewerb@friedenkoeln.de. Wir melden uns sobald möglich bei Euch zurück.</p>
<p>Wenn Ihr gern etwas &#8222;Futter fürs Gehirn&#8220; braucht, um auf neue Ideen zum Thema Frieden und Pazifismus zu kommen, schaut doch mal <a href="http://www.friedenkoeln.de/?page_id=10505">hier</a> nach.</p>

<p>Eure Betreuer*innen und Ihr selbst könnte Euch bei Fragen gerne an uns wenden &#8211; am besten per E-Mail an wettbewerb@friedenkoeln.de. Wir melden uns sobald möglich bei Euch zurück. Wenn Ihr gern etwas &#8222;Futter fürs&#46;&#46;&#46;</p>
