{"id":10744,"date":"2017-05-05T20:26:37","date_gmt":"2017-05-05T18:26:37","guid":{"rendered":"http:\/\/www.friedenkoeln.de\/?page_id=10744"},"modified":"2017-05-05T23:17:20","modified_gmt":"2017-05-05T21:17:20","slug":"spenden-fuer-den-wettbewerb","status":"publish","type":"page","link":"https:\/\/www.friedenkoeln.de\/?page_id=10744","title":{"rendered":"Spenden f\u00fcr den Wettbewerb"},"content":{"rendered":"<p>Wir freuen uns \u00fcber Spenden auch speziell f\u00fcr den Sch\u00fcler-Kunstwettbewerb Frieden!<\/p>\n<p>Spenden k\u00f6nnen an den\u00a0Mitveranstalter F\u00f6rderverein K\u00f6lner Friedensforum e. V. gezahlt werden:<\/p>\n<p>F\u00f6rderverein K\u00f6lner Friedensforum e.V.<br \/>\nSPARDA Bank West<br \/>\nIBAN: DE09 3706 0590 0004 1572 30<br \/>\nBIC: GENODED1SPK<\/p>\n<p>Verwendungszweck: &#8222;Kunstwettbewerb Frieden 2017&#8220;<\/p>\n<p>Eine Spendenquittung kann hier angefordert werden:\u00a0koelner-friedensforum[at]web.de.<\/p>\n<p>&nbsp;<\/p>\n<p>&nbsp;<\/p>\n","protected":false},"excerpt":{"rendered":"<p>Wir freuen uns \u00fcber Spenden auch speziell f\u00fcr den Sch\u00fcler-Kunstwettbewerb Frieden! Spenden k\u00f6nnen an den\u00a0Mitveranstalter F\u00f6rderverein K\u00f6lner Friedensforum e. V. gezahlt werden: F\u00f6rderverein K\u00f6lner Friedensforum e.V. SPARDA Bank West IBAN: DE09 3706 0590 0004&#46;&#46;&#46;<\/p>\n","protected":false},"author":110,"featured_media":0,"parent":10500,"menu_order":10,"comment_status":"closed","ping_status":"closed","template":"","meta":{"footnotes":""},"class_list":["post-10744","page","type-page","status-publish","hentry"],"_links":{"self":[{"href":"https:\/\/www.friedenkoeln.de\/index.php?rest_route=\/wp\/v2\/pages\/10744","targetHints":{"allow":["GET"]}}],"collection":[{"href":"https:\/\/www.friedenkoeln.de\/index.php?rest_route=\/wp\/v2\/pages"}],"about":[{"href":"https:\/\/www.friedenkoeln.de\/index.php?rest_route=\/wp\/v2\/types\/page"}],"author":[{"embeddable":true,"href":"https:\/\/www.friedenkoeln.de\/index.php?rest_route=\/wp\/v2\/users\/110"}],"replies":[{"embeddable":true,"href":"https:\/\/www.friedenkoeln.de\/index.php?rest_route=%2Fwp%2Fv2%2Fcomments&post=10744"}],"version-history":[{"count":2,"href":"https:\/\/www.friedenkoeln.de\/index.php?rest_route=\/wp\/v2\/pages\/10744\/revisions"}],"predecessor-version":[{"id":10746,"href":"https:\/\/www.friedenkoeln.de\/index.php?rest_route=\/wp\/v2\/pages\/10744\/revisions\/10746"}],"up":[{"embeddable":true,"href":"https:\/\/www.friedenkoeln.de\/index.php?rest_route=\/wp\/v2\/pages\/10500"}],"wp:attachment":[{"href":"https:\/\/www.friedenkoeln.de\/index.php?rest_route=%2Fwp%2Fv2%2Fmedia&parent=10744"}],"curies":[{"name":"wp","href":"https:\/\/api.w.org\/{rel}","templated":true}]}}