{"id":11208,"date":"2017-08-25T19:23:18","date_gmt":"2017-08-25T17:23:18","guid":{"rendered":"http:\/\/www.friedenkoeln.de\/?page_id=11208"},"modified":"2025-02-05T13:29:21","modified_gmt":"2025-02-05T12:29:21","slug":"laufende-kampagnen-unterstuetzen","status":"publish","type":"page","link":"https:\/\/www.friedenkoeln.de\/?page_id=11208","title":{"rendered":"Kampagnen unterst\u00fctzen!"},"content":{"rendered":"<p>Die Unterschrift unter eine Petition oder eine noch so kleine Spende sind viel wert &#8211; jede Unterst\u00fctzung hilft weiter! Vielen Dank!<\/p>\n<p>Wir unterst\u00fctzen folgende Aktionen und Aufrufe (in alphabetischer Reihenfolge):<\/p>\n<p><a href=\"https:\/\/abruesten.jetzt\">Abr\u00fcsten statt aufr\u00fcsten!<\/a><\/p>\n<p><a href=\"http:\/\/www.aufschrei-waffenhandel.de\">Aktion Aufschrei. Stoppt den Waffenhandel!\u00a0<\/a><\/p>\n<p><a href=\"https:\/\/atombomber-nein-danke.de\">Atombomber? Nein danke!<\/a><\/p>\n<p><a href=\"https:\/\/buechel-atombombenfrei.jimdo.com\">B\u00fcchel ist \u00fcberall &#8211; atomwaffenfrei jetzt!<\/a><\/p>\n<p><a href=\"http:\/\/www.uranmunition.org\/\">Deutsche Koalition zur \u00c4chtung von Uranmunition (ICBUW Deutschland)<\/a><\/p>\n<p><a href=\"https:\/\/www.frieden-stark-machen.de\/start\">Deutschlands Friedensf\u00e4higkeit st\u00e4rken!<\/a><\/p>\n<p><a href=\"http:\/\/neue-entspannungspolitik.berlin\/aufruf\/\">Die Spirale der Gewalt beenden \u2013 f\u00fcr eine neue Friedens- und Entspannungspolitik jetzt!<\/a><\/p>\n<p><a href=\"http:\/\/www.friedenserklaerung.org\">Friedenserkl\u00e4rung &#8222;Wir weigern uns, Feinde zu sein und andere Menschen zu t\u00f6ten! Wenn unsere Regierung Krieg f\u00fchrt, dann nicht in meinem Namen.&#8220;<\/a><\/p>\n<p><a href=\"https:\/\/friedensfaehig.de\/\">FRIEDENSF\u00c4HIG statt erstschlagf\u00e4hig. F\u00fcr ein Europa ohne Mittelstreckenwaffen!<\/a><\/p>\n<p><a href=\"https:\/\/drohnen-kampagne.de\/\">Kampagne gegen Drohnen<\/a><\/p>\n<p><a href=\"https:\/\/www.friedenskooperative.de\/petition\/nein-zum-bundeswehreinsatz-in-syrien\">Nein zum Bundeswehreinsatz in Syrien! Ja zu zivilen L\u00f6sungen!<\/a><\/p>\n<p><a href=\"http:\/\/www.ostermarsch-ruhr.de\/index.html\">Ostermarsch Rhein-Ruhr<\/a><\/p>\n<p><a href=\"http:\/\/www.schule-ohne-bundeswehr-nrw.de\/das-netzwerk\/\">Schule ohne Bundeswehr NRW<\/a><\/p>\n<p><a href=\"https:\/\/www.ramstein-kampagne.eu\">Stopp Air Base Ramstein &#8211; keinen Drohnenkrieg!<\/a><\/p>\n<p><a href=\"https:\/\/aktion.nuclearban.de\/node\/9\">Unterzeichnen Sie das UN-Atomwaffenverbot!<\/a><\/p>\n<p><a href=\"https:\/\/unter18nie.de\/petition\/keine-rekrutierung-unter-18\/\">Unter 18 nie! Petition gegen Rekrutierung Minderj\u00e4hriger <\/a><\/p>\n<p><a href=\"http:\/\/verbranntundverbannt.info\">verbrannt und verbannt &#8211; B\u00fccher und ihre Autor*innen<\/a><\/p>\n","protected":false},"excerpt":{"rendered":"<p>Die Unterschrift unter eine Petition oder eine noch so kleine Spende sind viel wert &#8211; jede Unterst\u00fctzung hilft weiter! Vielen Dank! Wir unterst\u00fctzen folgende Aktionen und Aufrufe (in alphabetischer Reihenfolge): Abr\u00fcsten statt aufr\u00fcsten! Aktion&#46;&#46;&#46;<\/p>\n","protected":false},"author":110,"featured_media":0,"parent":10849,"menu_order":1,"comment_status":"closed","ping_status":"closed","template":"","meta":{"footnotes":""},"class_list":["post-11208","page","type-page","status-publish","hentry"],"_links":{"self":[{"href":"https:\/\/www.friedenkoeln.de\/index.php?rest_route=\/wp\/v2\/pages\/11208","targetHints":{"allow":["GET"]}}],"collection":[{"href":"https:\/\/www.friedenkoeln.de\/index.php?rest_route=\/wp\/v2\/pages"}],"about":[{"href":"https:\/\/www.friedenkoeln.de\/index.php?rest_route=\/wp\/v2\/types\/page"}],"author":[{"embeddable":true,"href":"https:\/\/www.friedenkoeln.de\/index.php?rest_route=\/wp\/v2\/users\/110"}],"replies":[{"embeddable":true,"href":"https:\/\/www.friedenkoeln.de\/index.php?rest_route=%2Fwp%2Fv2%2Fcomments&post=11208"}],"version-history":[{"count":24,"href":"https:\/\/www.friedenkoeln.de\/index.php?rest_route=\/wp\/v2\/pages\/11208\/revisions"}],"predecessor-version":[{"id":18961,"href":"https:\/\/www.friedenkoeln.de\/index.php?rest_route=\/wp\/v2\/pages\/11208\/revisions\/18961"}],"up":[{"embeddable":true,"href":"https:\/\/www.friedenkoeln.de\/index.php?rest_route=\/wp\/v2\/pages\/10849"}],"wp:attachment":[{"href":"https:\/\/www.friedenkoeln.de\/index.php?rest_route=%2Fwp%2Fv2%2Fmedia&parent=11208"}],"curies":[{"name":"wp","href":"https:\/\/api.w.org\/{rel}","templated":true}]}}