{"id":11211,"date":"2017-08-25T19:19:07","date_gmt":"2017-08-25T17:19:07","guid":{"rendered":"http:\/\/www.friedenkoeln.de\/?page_id=11211"},"modified":"2017-08-25T19:55:33","modified_gmt":"2017-08-25T17:55:33","slug":"bei-unseren-aktionen-mitmachen","status":"publish","type":"page","link":"https:\/\/www.friedenkoeln.de\/?page_id=11211","title":{"rendered":"Mitanpacken!"},"content":{"rendered":"<p>Wir freuen uns \u00fcber alle Menschen, die mit anpacken m\u00f6chten.<\/p>\n<p>Wir haben Verwendung f\u00fcr alle Talente: fotografieren, schreiben, Soziale Medien pflegen, telefonieren, Meinungsverschiedenheiten friedlich austragen, filmen, organisieren, schwere Sachen schleppen, freundlich sein, Dinge transportieren, unseren Infostand reparieren, Gespr\u00e4che moderieren, Plakate kleben, f\u00fcr gute Stimmung sorgen, Flyer verteilen, Kuchen backen, Auto fahren (auch gelegentlich unseren DFG-VK-Bulli!), Spenden und Sponsoren werben, Vertr\u00e4ge entwerfen, Projekte finanzieren, unsere Lautsprecheranlage in guten Zustand halten, zeichnen, Grafiken entwerfen, politische Stellungnahmen schreiben, Konsens in der Gruppe herbeif\u00fchren, Adressen tippen, einen Blick \u00fcber den Tellerrand werfen, Transparente basteln, Kontakt zu anderen Gruppen halten, Hintergr\u00fcnde recherchieren, mit Journalist*innen sprechen, Politiker*innen auf unsere Positionen aufmerksam machen, \u00fcbersetzen und dolmetschen, Sachen flicken, kleine Vortr\u00e4ge halten, den Blick f\u00fcrs Gro\u00dfe Ganze behalten, &#8230;.<\/p>\n<p>Jeder Mensch, der unsere Grundsatzerkl\u00e4rung unterst\u00fctzt, ist uns daher herzlich willkommen!<\/p>\n<div class=\"statement\">\n<div class=\"container\">\n<div class=\"row\">\n<div class=\"col-sm-12 col-sm-offset-0 col-md-10 col-md-offset-1 col-lg-8 col-lg-offset-2\">\n<div id=\"statement\" class=\"mod_article first last block\">\n<div class=\"ce_text first last block\">\n<p style=\"text-align: center;\">\u00bbDer Krieg ist ein Verbrechen an der Menschheit. Ich bin daher entschlossen, keine Art von Krieg zu unterst\u00fctzen und an der Beseitigung aller Kriegsursachen mitzuarbeiten.\u00ab<\/p>\n<\/div>\n<\/div>\n<\/div>\n<\/div>\n<\/div>\n<\/div>\n","protected":false},"excerpt":{"rendered":"<p>Wir freuen uns \u00fcber alle Menschen, die mit anpacken m\u00f6chten. Wir haben Verwendung f\u00fcr alle Talente: fotografieren, schreiben, Soziale Medien pflegen, telefonieren, Meinungsverschiedenheiten friedlich austragen, filmen, organisieren, schwere Sachen schleppen, freundlich sein, Dinge transportieren,&#46;&#46;&#46;<\/p>\n","protected":false},"author":110,"featured_media":0,"parent":10849,"menu_order":1,"comment_status":"closed","ping_status":"closed","template":"","meta":{"footnotes":""},"class_list":["post-11211","page","type-page","status-publish","hentry"],"_links":{"self":[{"href":"https:\/\/www.friedenkoeln.de\/index.php?rest_route=\/wp\/v2\/pages\/11211","targetHints":{"allow":["GET"]}}],"collection":[{"href":"https:\/\/www.friedenkoeln.de\/index.php?rest_route=\/wp\/v2\/pages"}],"about":[{"href":"https:\/\/www.friedenkoeln.de\/index.php?rest_route=\/wp\/v2\/types\/page"}],"author":[{"embeddable":true,"href":"https:\/\/www.friedenkoeln.de\/index.php?rest_route=\/wp\/v2\/users\/110"}],"replies":[{"embeddable":true,"href":"https:\/\/www.friedenkoeln.de\/index.php?rest_route=%2Fwp%2Fv2%2Fcomments&post=11211"}],"version-history":[{"count":6,"href":"https:\/\/www.friedenkoeln.de\/index.php?rest_route=\/wp\/v2\/pages\/11211\/revisions"}],"predecessor-version":[{"id":11221,"href":"https:\/\/www.friedenkoeln.de\/index.php?rest_route=\/wp\/v2\/pages\/11211\/revisions\/11221"}],"up":[{"embeddable":true,"href":"https:\/\/www.friedenkoeln.de\/index.php?rest_route=\/wp\/v2\/pages\/10849"}],"wp:attachment":[{"href":"https:\/\/www.friedenkoeln.de\/index.php?rest_route=%2Fwp%2Fv2%2Fmedia&parent=11211"}],"curies":[{"name":"wp","href":"https:\/\/api.w.org\/{rel}","templated":true}]}}

<p>Wir freuen uns über alle Menschen, die mit anpacken möchten.</p>
<p>Wir haben Verwendung für alle Talente: fotografieren, schreiben, Soziale Medien pflegen, telefonieren, Meinungsverschiedenheiten friedlich austragen, filmen, organisieren, schwere Sachen schleppen, freundlich sein, Dinge transportieren, unseren Infostand reparieren, Gespräche moderieren, Plakate kleben, für gute Stimmung sorgen, Flyer verteilen, Kuchen backen, Auto fahren (auch gelegentlich unseren DFG-VK-Bulli!), Spenden und Sponsoren werben, Verträge entwerfen, Projekte finanzieren, unsere Lautsprecheranlage in guten Zustand halten, zeichnen, Grafiken entwerfen, politische Stellungnahmen schreiben, Konsens in der Gruppe herbeiführen, Adressen tippen, einen Blick über den Tellerrand werfen, Transparente basteln, Kontakt zu anderen Gruppen halten, Hintergründe recherchieren, mit Journalist*innen sprechen, Politiker*innen auf unsere Positionen aufmerksam machen, übersetzen und dolmetschen, Sachen flicken, kleine Vorträge halten, den Blick fürs Große Ganze behalten, &#8230;.</p>
<p>Jeder Mensch, der unsere Grundsatzerklärung unterstützt, ist uns daher herzlich willkommen!</p>
<div class="statement">
<div class="container">
<div class="row">
<div class="col-sm-12 col-sm-offset-0 col-md-10 col-md-offset-1 col-lg-8 col-lg-offset-2">
<div id="statement" class="mod_article first last block">
<div class="ce_text first last block">
<p style="text-align: center;">»Der Krieg ist ein Verbrechen an der Menschheit. Ich bin daher entschlossen, keine Art von Krieg zu unterstützen und an der Beseitigung aller Kriegsursachen mitzuarbeiten.«</p>
</div>
</div>
</div>
</div>
</div>
</div>

<p>Wir freuen uns über alle Menschen, die mit anpacken möchten. Wir haben Verwendung für alle Talente: fotografieren, schreiben, Soziale Medien pflegen, telefonieren, Meinungsverschiedenheiten friedlich austragen, filmen, organisieren, schwere Sachen schleppen, freundlich sein, Dinge transportieren,&#46;&#46;&#46;</p>
