{"id":11229,"date":"2017-08-25T20:37:31","date_gmt":"2017-08-25T18:37:31","guid":{"rendered":"http:\/\/www.friedenkoeln.de\/?page_id=11229"},"modified":"2017-08-25T20:47:26","modified_gmt":"2017-08-25T18:47:26","slug":"erinnerungen-an-atombombenopfer-prof-satoru-konishi-in-deutschland","status":"publish","type":"page","link":"https:\/\/www.friedenkoeln.de\/?page_id=11229","title":{"rendered":"Satoru Konishi"},"content":{"rendered":"<p>Der Historiker Dr. Guido Gr\u00fcnewald hat <a href=\"http:\/\/www.friedenkoeln.de\/wp-content\/uploads\/2014\/12\/Memories-of-Prof.Konishi-final-version.pdf\">Erinnerungen (in englischer Sprache) an\u00a0Prof. Satoru Konishi<\/a>\u00a0(*1929), der die Explosion der US-Atombombe auf Hiroshima \u00fcberlebte, zusammengestellt.<\/p>\n<p>Satoru Konishi war Professor f\u00fcr Germanistik an der Universit\u00e4t Tokio, hat sich \u00a0f\u00fcr das &#8211; am 7.7.2017 von den Vereinten Nationen beschlossene &#8211; Atomwaffenverbot eingesetzt und war dazu h\u00e4ufig auch in Deutschland unterwegs.<\/p>\n","protected":false},"excerpt":{"rendered":"<p>Der Historiker Dr. Guido Gr\u00fcnewald hat Erinnerungen (in englischer Sprache) an\u00a0Prof. Satoru Konishi\u00a0(*1929), der die Explosion der US-Atombombe auf Hiroshima \u00fcberlebte, zusammengestellt. Satoru Konishi war Professor f\u00fcr Germanistik an der Universit\u00e4t Tokio, hat sich&#46;&#46;&#46;<\/p>\n","protected":false},"author":110,"featured_media":0,"parent":7938,"menu_order":2,"comment_status":"closed","ping_status":"closed","template":"","meta":{"footnotes":""},"class_list":["post-11229","page","type-page","status-publish","hentry"],"_links":{"self":[{"href":"https:\/\/www.friedenkoeln.de\/index.php?rest_route=\/wp\/v2\/pages\/11229","targetHints":{"allow":["GET"]}}],"collection":[{"href":"https:\/\/www.friedenkoeln.de\/index.php?rest_route=\/wp\/v2\/pages"}],"about":[{"href":"https:\/\/www.friedenkoeln.de\/index.php?rest_route=\/wp\/v2\/types\/page"}],"author":[{"embeddable":true,"href":"https:\/\/www.friedenkoeln.de\/index.php?rest_route=\/wp\/v2\/users\/110"}],"replies":[{"embeddable":true,"href":"https:\/\/www.friedenkoeln.de\/index.php?rest_route=%2Fwp%2Fv2%2Fcomments&post=11229"}],"version-history":[{"count":5,"href":"https:\/\/www.friedenkoeln.de\/index.php?rest_route=\/wp\/v2\/pages\/11229\/revisions"}],"predecessor-version":[{"id":11234,"href":"https:\/\/www.friedenkoeln.de\/index.php?rest_route=\/wp\/v2\/pages\/11229\/revisions\/11234"}],"up":[{"embeddable":true,"href":"https:\/\/www.friedenkoeln.de\/index.php?rest_route=\/wp\/v2\/pages\/7938"}],"wp:attachment":[{"href":"https:\/\/www.friedenkoeln.de\/index.php?rest_route=%2Fwp%2Fv2%2Fmedia&parent=11229"}],"curies":[{"name":"wp","href":"https:\/\/api.w.org\/{rel}","templated":true}]}}

<p>Der Historiker Dr. Guido Grünewald hat <a href="http://www.friedenkoeln.de/wp-content/uploads/2014/12/Memories-of-Prof.Konishi-final-version.pdf">Erinnerungen (in englischer Sprache) an Prof. Satoru Konishi</a> (*1929), der die Explosion der US-Atombombe auf Hiroshima überlebte, zusammengestellt.</p>
<p>Satoru Konishi war Professor für Germanistik an der Universität Tokio, hat sich  für das &#8211; am 7.7.2017 von den Vereinten Nationen beschlossene &#8211; Atomwaffenverbot eingesetzt und war dazu häufig auch in Deutschland unterwegs.</p>

<p>Der Historiker Dr. Guido Grünewald hat Erinnerungen (in englischer Sprache) an Prof. Satoru Konishi (*1929), der die Explosion der US-Atombombe auf Hiroshima überlebte, zusammengestellt. Satoru Konishi war Professor für Germanistik an der Universität Tokio, hat sich&#46;&#46;&#46;</p>
