{"id":11775,"date":"2018-02-24T14:52:22","date_gmt":"2018-02-24T12:52:22","guid":{"rendered":"http:\/\/www.friedenkoeln.de\/?page_id=11775"},"modified":"2023-09-05T08:05:37","modified_gmt":"2023-09-05T06:05:37","slug":"praktisches-und-hilfsmittel","status":"publish","type":"page","link":"https:\/\/www.friedenkoeln.de\/?page_id=11775","title":{"rendered":"Praktisches und Hilfsmittel"},"content":{"rendered":"<h4>Word-Vorlage f\u00fcr ein Protokoll<\/h4>\n<p>Wir protokollieren unsere Gruppentreffen, um den \u00dcberblick zu behalten. Hier ist die <a href=\"http:\/\/www.friedenkoeln.de\/wp-content\/uploads\/2018\/03\/DFG-VK_Protokoll_JJJJMMTT_v3.doc\">Word-Datei<\/a>, die als Vorlage f\u00fcr ein Protokoll genutzt werden kann.<\/p>\n<p>&nbsp;<\/p>\n<div id=\"attachment_9375\" style=\"width: 421px\" class=\"wp-caption alignright\"><a href=\"http:\/\/www.friedenkoeln.de\/wp-content\/uploads\/2016\/05\/IMG_2952.jpg\" data-rel=\"lightbox-image-0\" data-rl_title=\"\" data-rl_caption=\"\" title=\"\"><img loading=\"lazy\" decoding=\"async\" aria-describedby=\"caption-attachment-9375\" class=\" wp-image-9375\" src=\"http:\/\/www.friedenkoeln.de\/wp-content\/uploads\/2016\/05\/IMG_2952-1024x730.jpg\" alt=\"\" width=\"411\" height=\"293\" srcset=\"https:\/\/www.friedenkoeln.de\/wp-content\/uploads\/2016\/05\/IMG_2952-1024x730.jpg 1024w, https:\/\/www.friedenkoeln.de\/wp-content\/uploads\/2016\/05\/IMG_2952-768x548.jpg 768w\" sizes=\"auto, (max-width: 411px) 100vw, 411px\" \/><\/a><p id=\"caption-attachment-9375\" class=\"wp-caption-text\">DFG-VK Gruppe K\u00f6ln: Mahnwache f\u00fcr Tahir Kaminer und Ruslan Kotsaba<\/p><\/div>\n<h4>Checkliste f\u00fcr die Planung einer Veranstaltung<\/h4>\n<p>Irgendetwas vergisst man immer&#8230;. Hier ist eine <a href=\"https:\/\/www.friedenkoeln.de\/wp-content\/uploads\/2023\/09\/Veranstaltungscheckliste.zip\">Checkliste<\/a>\u00a0zum Download.<\/p>\n<p>&nbsp;<\/p>\n<h4>Checkliste f\u00fcr einen Infotisch<\/h4>\n<p>Hier kommt der Bauchladen&#8230; die <a href=\"http:\/\/www.friedenkoeln.de\/wp-content\/uploads\/2018\/03\/Checkliste-Infotisch.docx\">Checkliste<\/a> f\u00fcr einen Infotisch.<\/p>\n<p>&nbsp;<\/p>\n<h4>Skizze f\u00fcr einen Projektvorschlag<\/h4>\n<p>W\u00fcnsch Dir was! Und schreib&#8217;s <a href=\"https:\/\/www.friedenkoeln.de\/wp-content\/uploads\/2021\/02\/DFG-VK-Gruppe-Koeln_Skizze-fuer-einen-Projektvorschlag_2021.docx\">hier<\/a> auf!<\/p>\n","protected":false},"excerpt":{"rendered":"<p>Word-Vorlage f\u00fcr ein Protokoll Wir protokollieren unsere Gruppentreffen, um den \u00dcberblick zu behalten. Hier ist die Word-Datei, die als Vorlage f\u00fcr ein Protokoll genutzt werden kann. &nbsp; Checkliste f\u00fcr die Planung einer Veranstaltung Irgendetwas&#46;&#46;&#46;<\/p>\n","protected":false},"author":110,"featured_media":0,"parent":10849,"menu_order":3,"comment_status":"closed","ping_status":"closed","template":"","meta":{"footnotes":""},"class_list":["post-11775","page","type-page","status-publish","hentry"],"_links":{"self":[{"href":"https:\/\/www.friedenkoeln.de\/index.php?rest_route=\/wp\/v2\/pages\/11775","targetHints":{"allow":["GET"]}}],"collection":[{"href":"https:\/\/www.friedenkoeln.de\/index.php?rest_route=\/wp\/v2\/pages"}],"about":[{"href":"https:\/\/www.friedenkoeln.de\/index.php?rest_route=\/wp\/v2\/types\/page"}],"author":[{"embeddable":true,"href":"https:\/\/www.friedenkoeln.de\/index.php?rest_route=\/wp\/v2\/users\/110"}],"replies":[{"embeddable":true,"href":"https:\/\/www.friedenkoeln.de\/index.php?rest_route=%2Fwp%2Fv2%2Fcomments&post=11775"}],"version-history":[{"count":22,"href":"https:\/\/www.friedenkoeln.de\/index.php?rest_route=\/wp\/v2\/pages\/11775\/revisions"}],"predecessor-version":[{"id":17705,"href":"https:\/\/www.friedenkoeln.de\/index.php?rest_route=\/wp\/v2\/pages\/11775\/revisions\/17705"}],"up":[{"embeddable":true,"href":"https:\/\/www.friedenkoeln.de\/index.php?rest_route=\/wp\/v2\/pages\/10849"}],"wp:attachment":[{"href":"https:\/\/www.friedenkoeln.de\/index.php?rest_route=%2Fwp%2Fv2%2Fmedia&parent=11775"}],"curies":[{"name":"wp","href":"https:\/\/api.w.org\/{rel}","templated":true}]}}