{"id":12112,"date":"2018-04-29T21:12:46","date_gmt":"2018-04-29T19:12:46","guid":{"rendered":"http:\/\/www.friedenkoeln.de\/?page_id=12112"},"modified":"2018-05-02T21:42:13","modified_gmt":"2018-05-02T19:42:13","slug":"seit-1990-nach-dem-mauerfall","status":"publish","type":"page","link":"https:\/\/www.friedenkoeln.de\/?page_id=12112","title":{"rendered":"Seit 1990: im vereinigten Deutschland"},"content":{"rendered":"<p><em>Von Guido Gr\u00fcnewald. Fassung vom 30.4.2018<\/em><\/p>\n<p>F\u00fcr die Zeit seit dem Mauerfall hier einige Stichworte zu den Gruppenaktivit\u00e4ten:<\/p>\n<ul>\n<li>\n<div id=\"attachment_12121\" style=\"width: 319px\" class=\"wp-caption alignright\"><a href=\"http:\/\/www.friedenkoeln.de\/wp-content\/uploads\/2018\/04\/link-43-Dokument-Jugendclub-Courage-Sticker-Keine-Auslandseins\u00e4tze-verweigert.jpg\" data-rel=\"lightbox-image-0\" data-rl_title=\"\" data-rl_caption=\"\" title=\"\"><img loading=\"lazy\" decoding=\"async\" aria-describedby=\"caption-attachment-12121\" class=\"wp-image-12121\" src=\"http:\/\/www.friedenkoeln.de\/wp-content\/uploads\/2018\/04\/link-43-Dokument-Jugendclub-Courage-Sticker-Keine-Auslandseins\u00e4tze-verweigert-768x1024.jpg\" alt=\"Unter der \u00dcberschrift ist Bundeskanzler Helmut Kohl im Pilgergewand mit Sandalen und Pfeife skizziert. Hinter und neben ihm stehen Soldaten mit Helm, die mit ihren Waffen in alle Richtungen drohen; dahinter sind die M\u00fcndungsrohe von Panzern zu sehen. Unten steht &quot;Verweigert den Kriegsdienst!! Beratung f\u00fcr Kriegsdienstverweigerer jeden Dienstag um 20:00 Uhr im Jugendclub Courage&quot;\" width=\"309\" height=\"412\" srcset=\"https:\/\/www.friedenkoeln.de\/wp-content\/uploads\/2018\/04\/link-43-Dokument-Jugendclub-Courage-Sticker-Keine-Auslandseins\u00e4tze-verweigert-768x1024.jpg 768w, https:\/\/www.friedenkoeln.de\/wp-content\/uploads\/2018\/04\/link-43-Dokument-Jugendclub-Courage-Sticker-Keine-Auslandseins\u00e4tze-verweigert.jpg 1134w\" sizes=\"auto, (max-width: 309px) 100vw, 309px\" \/><\/a><p id=\"caption-attachment-12121\" class=\"wp-caption-text\">&#8222;Bundeswehr in alle Welt? Wir sagen NEIN!!&#8220; Sticker des Jugendclub Courage wahrscheinlich aus den 1990er Jahren<\/p><\/div>\n<p>Mitveranstalter einer Ausstellung mit Zeichnungen von Kindern in Kriegen (Dez. 2002)<\/li>\n<li>Herausgabe eines e-mail basierten Newsletters \u201eFriedensbrief\u201c zu Beginn der 2000er Jahre durch Achim Scheve<\/li>\n<li>Aufforderung an Oberb\u00fcrgermeister Fritz Schramma, in der internationalen Organisation \u201eB\u00fcrgermeister f\u00fcr den Frieden\u201c aktiv mitzuarbeiten (K\u00f6ln ist seit 1985 Mitglied)<\/li>\n<li>Beteiligung an antirassistischen Aktionen<\/li>\n<li>Gemeinsam mit dem Landesverband NRW Veranstaltung der Fachtagungen \u201e<a href=\"http:\/\/www.friedenkoeln.de\/wp-content\/uploads\/2018\/05\/NRW-gegen-Atomwaffen-Fachtagung-2007-in-K\u00f6ln.pdf\">NRW gegen Atomwaffen<\/a>\u201c (2007) und \u201e<a href=\"http:\/\/www.friedenkoeln.de\/wp-content\/uploads\/2018\/05\/Wozu-sind-Keriege-da-Fachtagung-2011-in-K\u00f6ln.pdf\">Wozu sind Kriege da? Der Krieg in Afghanistan und seine Begr\u00fcndungen<\/a>\u201c (2011)<\/li>\n<li>Unterst\u00fctzung des Arbeitskreises Zivilklausel an der Universit\u00e4t K\u00f6ln<\/li>\n<li>Einmischung in den Bundestagswahlkampf 2013<\/li>\n<li>Teilnahme mehrerer Aktiver an den sommerlichen Friedens-Fahrradtouren der Landesverb\u00e4nde Bayern und Nordrhein-Westfalen<\/li>\n<li>Mitorganisator der Proteste gegen die Milit\u00e4r- und R\u00fcstungsmesse ITEC (International Forum for the Military Training, Education und Simulation Sections) vom 20.-22.05.2014 in K\u00f6ln. Die breit aufgestellten Proteste gegen die Messe, die m\u00f6glichst ohne \u00f6ffentliches Echo ein Fachpublikum aus Milit\u00e4rs, R\u00fcstungsindustrie und der milit\u00e4rbezogenen Forschung versammeln und diesbez\u00fcgliche Gesch\u00e4fte erm\u00f6glichen wollte, waren erfolgreich: Im November 2016 sagte die K\u00f6lner Messe aufgrund politischer Diskussionen der st\u00e4dtischen Mehrheitseigner der ITEC f\u00fcr 2018 ab, <a href=\"http:\/\/www.friedenkoeln.de\/wp-content\/uploads\/2016\/12\/PM-ITEC-.pdf\">nachdem das Protestb\u00fcndnis weiter Druck ausge\u00fcbt<\/a> hatte.<\/li>\n<\/ul>\n<div id=\"attachment_12126\" style=\"width: 528px\" class=\"wp-caption aligncenter\"><a href=\"http:\/\/www.friedenkoeln.de\/wp-content\/uploads\/2018\/04\/link-42-Foto-06-08-1995-K\u00f6ln-Domplatte-Scan-171016-0001b.jpg\" data-rel=\"lightbox-image-1\" data-rl_title=\"\" data-rl_caption=\"\" title=\"\"><img loading=\"lazy\" decoding=\"async\" aria-describedby=\"caption-attachment-12126\" class=\"wp-image-12126\" src=\"http:\/\/www.friedenkoeln.de\/wp-content\/uploads\/2018\/04\/link-42-Foto-06-08-1995-K\u00f6ln-Domplatte-Scan-171016-0001b-1024x700.jpg\" alt=\"Ein kleiner asiatisch aussehender Mann in wei\u00dfer Sommerhose und wei\u00dfem Hemd und eine Frau in T-Shirt und Bermuda-Shorts lesen Texte und sprechen in ein Mikrophon. Sie stehen am Hauptportal des K\u00f6lner Doms. Im Hintergrund eine Wand aus lauter Pappschildern, die beschriftet wurden. Dar\u00fcber h\u00e4ngt ein Transparent mit der Aufschrift &quot;Your signature is a step to elimination of nuclear weapons!&quot; Ein weiteres Transparent mit der Aufschrift &quot;Schluss mit dem nuklearen Wahnsinn&quot; h\u00e4ngt an der Wand. Links sind Zuh\u00f6rer zu sehen.\" width=\"518\" height=\"354\" srcset=\"https:\/\/www.friedenkoeln.de\/wp-content\/uploads\/2018\/04\/link-42-Foto-06-08-1995-K\u00f6ln-Domplatte-Scan-171016-0001b-1024x700.jpg 1024w, https:\/\/www.friedenkoeln.de\/wp-content\/uploads\/2018\/04\/link-42-Foto-06-08-1995-K\u00f6ln-Domplatte-Scan-171016-0001b-768x525.jpg 768w, https:\/\/www.friedenkoeln.de\/wp-content\/uploads\/2018\/04\/link-42-Foto-06-08-1995-K\u00f6ln-Domplatte-Scan-171016-0001b.jpg 2038w\" sizes=\"auto, (max-width: 518px) 100vw, 518px\" \/><\/a><p id=\"caption-attachment-12126\" class=\"wp-caption-text\">&#8222;Your signature is a step to elimination of nuclear weapons!&#8220; und &#8222;Schluss mit dem nuklearen Wahnsinn&#8220;. Gedenken an Hiroshima auf der Domplatte am 6.8.1995 zum 50. Jahrestag des Atombombenabwurfs. Es spricht Kazuo Soda, \u00dcberlebender aus Hiroshima Foto: Ulrike Dammers<\/p><\/div>\n<div id=\"attachment_12145\" style=\"width: 321px\" class=\"wp-caption alignright\"><a href=\"http:\/\/www.friedenkoeln.de\/wp-content\/uploads\/2018\/04\/Wahlaufruf-DFG-VK-K\u00f6ln-2013-U-Bahn-Rudolfplatz.jpg\" data-rel=\"lightbox-image-2\" data-rl_title=\"\" data-rl_caption=\"\" title=\"\"><img loading=\"lazy\" decoding=\"async\" aria-describedby=\"caption-attachment-12145\" class=\" wp-image-12145\" src=\"http:\/\/www.friedenkoeln.de\/wp-content\/uploads\/2018\/04\/Wahlaufruf-DFG-VK-K\u00f6ln-2013-U-Bahn-Rudolfplatz-1024x768.jpg\" alt=\"\" width=\"311\" height=\"233\" srcset=\"https:\/\/www.friedenkoeln.de\/wp-content\/uploads\/2018\/04\/Wahlaufruf-DFG-VK-K\u00f6ln-2013-U-Bahn-Rudolfplatz-1024x768.jpg 1024w, https:\/\/www.friedenkoeln.de\/wp-content\/uploads\/2018\/04\/Wahlaufruf-DFG-VK-K\u00f6ln-2013-U-Bahn-Rudolfplatz-768x576.jpg 768w, https:\/\/www.friedenkoeln.de\/wp-content\/uploads\/2018\/04\/Wahlaufruf-DFG-VK-K\u00f6ln-2013-U-Bahn-Rudolfplatz.jpg 1134w\" sizes=\"auto, (max-width: 311px) 100vw, 311px\" \/><\/a><p id=\"caption-attachment-12145\" class=\"wp-caption-text\">Wahlaufruf der DFG-VK zur Bundestagswahl 2013. U-Bahn-Station Rudolfplatz in K\u00f6ln. Foto: Harald Fuchs.<\/p><\/div>\n<p>Seit den 1990er Jahren arbeitet die K\u00f6lner Gruppe verst\u00e4rkt im B\u00fcndnis mit anderen K\u00f6lner Friedensorganisationen, z.B. beim Ostermarsch, am 1. Mai, bei den Hiroshima-Gedenkaktionen oder am Antikriegstag. H\u00e4ufig wurden diese bei ihren Aktivit\u00e4ten auch finanziell unterst\u00fctzt. In den ersten Jahren nach der Jahrtausendwende war die Zahl der Aktiven so weit zur\u00fcckgegangen, dass sogar die Aufl\u00f6sung der Gruppe erwogen wurde. Das hat sich ge\u00e4ndert: Seit einigen Jahren treffen sich die Aktiven der Gruppe wieder regelm\u00e4\u00dfig und sind recht aktiv.<\/p>\n<div id=\"attachment_12146\" style=\"width: 330px\" class=\"wp-caption alignright\"><a href=\"http:\/\/www.friedenkoeln.de\/wp-content\/uploads\/2018\/04\/link-50-dfg-vk-friedensfahrradtour-2016_012.jpg\" data-rel=\"lightbox-image-3\" data-rl_title=\"\" data-rl_caption=\"\" title=\"\"><img loading=\"lazy\" decoding=\"async\" aria-describedby=\"caption-attachment-12146\" class=\"wp-image-12146\" src=\"http:\/\/www.friedenkoeln.de\/wp-content\/uploads\/2018\/04\/link-50-dfg-vk-friedensfahrradtour-2016_012-707x1024.jpg\" alt=\"Ein \u00e4lterer Mann in blauer Windjacke saust auf dem Fahrrad an einer Hecke entlang. Das Fahrrad ist mit der blauwei\u00dfen DFG-VK-Fahne geschm\u00fcckt. An der Vorderradgabel ist ein Plakat zu sehen: &quot;Afghanistan, Syrien, Mali, T\u00fcrkei: Bundeswehr-Kriegseins\u00e4tze beenden!&quot;\" width=\"320\" height=\"463\" srcset=\"https:\/\/www.friedenkoeln.de\/wp-content\/uploads\/2018\/04\/link-50-dfg-vk-friedensfahrradtour-2016_012-707x1024.jpg 707w, https:\/\/www.friedenkoeln.de\/wp-content\/uploads\/2018\/04\/link-50-dfg-vk-friedensfahrradtour-2016_012.jpg 736w\" sizes=\"auto, (max-width: 320px) 100vw, 320px\" \/><\/a><p id=\"caption-attachment-12146\" class=\"wp-caption-text\">Michael S\u00fcnner von der Gruppe K\u00f6ln auf der Friedensfahrradtour 2016 des Landesverbandes NRW der DFG-VK. Foto: Bodo Schmitz, www.mutbuergerdokus.de.<\/p><\/div>\n<p>&nbsp;<\/p>\n","protected":false},"excerpt":{"rendered":"<p>Von Guido Gr\u00fcnewald. Fassung vom 30.4.2018 F\u00fcr die Zeit seit dem Mauerfall hier einige Stichworte zu den Gruppenaktivit\u00e4ten: Mitveranstalter einer Ausstellung mit Zeichnungen von Kindern in Kriegen (Dez. 2002) Herausgabe eines e-mail basierten Newsletters&#46;&#46;&#46;<\/p>\n","protected":false},"author":110,"featured_media":0,"parent":7938,"menu_order":5,"comment_status":"closed","ping_status":"closed","template":"","meta":{"footnotes":""},"class_list":["post-12112","page","type-page","status-publish","hentry"],"_links":{"self":[{"href":"https:\/\/www.friedenkoeln.de\/index.php?rest_route=\/wp\/v2\/pages\/12112","targetHints":{"allow":["GET"]}}],"collection":[{"href":"https:\/\/www.friedenkoeln.de\/index.php?rest_route=\/wp\/v2\/pages"}],"about":[{"href":"https:\/\/www.friedenkoeln.de\/index.php?rest_route=\/wp\/v2\/types\/page"}],"author":[{"embeddable":true,"href":"https:\/\/www.friedenkoeln.de\/index.php?rest_route=\/wp\/v2\/users\/110"}],"replies":[{"embeddable":true,"href":"https:\/\/www.friedenkoeln.de\/index.php?rest_route=%2Fwp%2Fv2%2Fcomments&post=12112"}],"version-history":[{"count":19,"href":"https:\/\/www.friedenkoeln.de\/index.php?rest_route=\/wp\/v2\/pages\/12112\/revisions"}],"predecessor-version":[{"id":12174,"href":"https:\/\/www.friedenkoeln.de\/index.php?rest_route=\/wp\/v2\/pages\/12112\/revisions\/12174"}],"up":[{"embeddable":true,"href":"https:\/\/www.friedenkoeln.de\/index.php?rest_route=\/wp\/v2\/pages\/7938"}],"wp:attachment":[{"href":"https:\/\/www.friedenkoeln.de\/index.php?rest_route=%2Fwp%2Fv2%2Fmedia&parent=12112"}],"curies":[{"name":"wp","href":"https:\/\/api.w.org\/{rel}","templated":true}]}}

<p><em>Von Guido Grünewald. Fassung vom 30.4.2018</em></p>
<p>Für die Zeit seit dem Mauerfall hier einige Stichworte zu den Gruppenaktivitäten:</p>
<ul>
<li>
<div id="attachment_12121" style="width: 319px" class="wp-caption alignright"><a href="http://www.friedenkoeln.de/wp-content/uploads/2018/04/link-43-Dokument-Jugendclub-Courage-Sticker-Keine-Auslandseinsätze-verweigert.jpg" data-rel="lightbox-image-0" data-rl_title="" data-rl_caption="" title=""><img loading="lazy" decoding="async" aria-describedby="caption-attachment-12121" class="wp-image-12121" src="http://www.friedenkoeln.de/wp-content/uploads/2018/04/link-43-Dokument-Jugendclub-Courage-Sticker-Keine-Auslandseinsätze-verweigert-768x1024.jpg" alt="Unter der Überschrift ist Bundeskanzler Helmut Kohl im Pilgergewand mit Sandalen und Pfeife skizziert. Hinter und neben ihm stehen Soldaten mit Helm, die mit ihren Waffen in alle Richtungen drohen; dahinter sind die Mündungsrohe von Panzern zu sehen. Unten steht &quot;Verweigert den Kriegsdienst!! Beratung für Kriegsdienstverweigerer jeden Dienstag um 20:00 Uhr im Jugendclub Courage&quot;" width="309" height="412" srcset="https://www.friedenkoeln.de/wp-content/uploads/2018/04/link-43-Dokument-Jugendclub-Courage-Sticker-Keine-Auslandseinsätze-verweigert-768x1024.jpg 768w, https://www.friedenkoeln.de/wp-content/uploads/2018/04/link-43-Dokument-Jugendclub-Courage-Sticker-Keine-Auslandseinsätze-verweigert.jpg 1134w" sizes="auto, (max-width: 309px) 100vw, 309px" /></a><p id="caption-attachment-12121" class="wp-caption-text">&#8222;Bundeswehr in alle Welt? Wir sagen NEIN!!&#8220; Sticker des Jugendclub Courage wahrscheinlich aus den 1990er Jahren</p></div>
<p>Mitveranstalter einer Ausstellung mit Zeichnungen von Kindern in Kriegen (Dez. 2002)</li>
<li>Herausgabe eines e-mail basierten Newsletters „Friedensbrief“ zu Beginn der 2000er Jahre durch Achim Scheve</li>
<li>Aufforderung an Oberbürgermeister Fritz Schramma, in der internationalen Organisation „Bürgermeister für den Frieden“ aktiv mitzuarbeiten (Köln ist seit 1985 Mitglied)</li>
<li>Beteiligung an antirassistischen Aktionen</li>
<li>Gemeinsam mit dem Landesverband NRW Veranstaltung der Fachtagungen „<a href="http://www.friedenkoeln.de/wp-content/uploads/2018/05/NRW-gegen-Atomwaffen-Fachtagung-2007-in-Köln.pdf">NRW gegen Atomwaffen</a>“ (2007) und „<a href="http://www.friedenkoeln.de/wp-content/uploads/2018/05/Wozu-sind-Keriege-da-Fachtagung-2011-in-Köln.pdf">Wozu sind Kriege da? Der Krieg in Afghanistan und seine Begründungen</a>“ (2011)</li>
<li>Unterstützung des Arbeitskreises Zivilklausel an der Universität Köln</li>
<li>Einmischung in den Bundestagswahlkampf 2013</li>
<li>Teilnahme mehrerer Aktiver an den sommerlichen Friedens-Fahrradtouren der Landesverbände Bayern und Nordrhein-Westfalen</li>
<li>Mitorganisator der Proteste gegen die Militär- und Rüstungsmesse ITEC (International Forum for the Military Training, Education und Simulation Sections) vom 20.-22.05.2014 in Köln. Die breit aufgestellten Proteste gegen die Messe, die möglichst ohne öffentliches Echo ein Fachpublikum aus Militärs, Rüstungsindustrie und der militärbezogenen Forschung versammeln und diesbezügliche Geschäfte ermöglichen wollte, waren erfolgreich: Im November 2016 sagte die Kölner Messe aufgrund politischer Diskussionen der städtischen Mehrheitseigner der ITEC für 2018 ab, <a href="http://www.friedenkoeln.de/wp-content/uploads/2016/12/PM-ITEC-.pdf">nachdem das Protestbündnis weiter Druck ausgeübt</a> hatte.</li>
</ul>
<div id="attachment_12126" style="width: 528px" class="wp-caption aligncenter"><a href="http://www.friedenkoeln.de/wp-content/uploads/2018/04/link-42-Foto-06-08-1995-Köln-Domplatte-Scan-171016-0001b.jpg" data-rel="lightbox-image-1" data-rl_title="" data-rl_caption="" title=""><img loading="lazy" decoding="async" aria-describedby="caption-attachment-12126" class="wp-image-12126" src="http://www.friedenkoeln.de/wp-content/uploads/2018/04/link-42-Foto-06-08-1995-Köln-Domplatte-Scan-171016-0001b-1024x700.jpg" alt="Ein kleiner asiatisch aussehender Mann in weißer Sommerhose und weißem Hemd und eine Frau in T-Shirt und Bermuda-Shorts lesen Texte und sprechen in ein Mikrophon. Sie stehen am Hauptportal des Kölner Doms. Im Hintergrund eine Wand aus lauter Pappschildern, die beschriftet wurden. Darüber hängt ein Transparent mit der Aufschrift &quot;Your signature is a step to elimination of nuclear weapons!&quot; Ein weiteres Transparent mit der Aufschrift &quot;Schluss mit dem nuklearen Wahnsinn&quot; hängt an der Wand. Links sind Zuhörer zu sehen." width="518" height="354" srcset="https://www.friedenkoeln.de/wp-content/uploads/2018/04/link-42-Foto-06-08-1995-Köln-Domplatte-Scan-171016-0001b-1024x700.jpg 1024w, https://www.friedenkoeln.de/wp-content/uploads/2018/04/link-42-Foto-06-08-1995-Köln-Domplatte-Scan-171016-0001b-768x525.jpg 768w, https://www.friedenkoeln.de/wp-content/uploads/2018/04/link-42-Foto-06-08-1995-Köln-Domplatte-Scan-171016-0001b.jpg 2038w" sizes="auto, (max-width: 518px) 100vw, 518px" /></a><p id="caption-attachment-12126" class="wp-caption-text">&#8222;Your signature is a step to elimination of nuclear weapons!&#8220; und &#8222;Schluss mit dem nuklearen Wahnsinn&#8220;. Gedenken an Hiroshima auf der Domplatte am 6.8.1995 zum 50. Jahrestag des Atombombenabwurfs. Es spricht Kazuo Soda, Überlebender aus Hiroshima Foto: Ulrike Dammers</p></div>
<div id="attachment_12145" style="width: 321px" class="wp-caption alignright"><a href="http://www.friedenkoeln.de/wp-content/uploads/2018/04/Wahlaufruf-DFG-VK-Köln-2013-U-Bahn-Rudolfplatz.jpg" data-rel="lightbox-image-2" data-rl_title="" data-rl_caption="" title=""><img loading="lazy" decoding="async" aria-describedby="caption-attachment-12145" class=" wp-image-12145" src="http://www.friedenkoeln.de/wp-content/uploads/2018/04/Wahlaufruf-DFG-VK-Köln-2013-U-Bahn-Rudolfplatz-1024x768.jpg" alt="" width="311" height="233" srcset="https://www.friedenkoeln.de/wp-content/uploads/2018/04/Wahlaufruf-DFG-VK-Köln-2013-U-Bahn-Rudolfplatz-1024x768.jpg 1024w, https://www.friedenkoeln.de/wp-content/uploads/2018/04/Wahlaufruf-DFG-VK-Köln-2013-U-Bahn-Rudolfplatz-768x576.jpg 768w, https://www.friedenkoeln.de/wp-content/uploads/2018/04/Wahlaufruf-DFG-VK-Köln-2013-U-Bahn-Rudolfplatz.jpg 1134w" sizes="auto, (max-width: 311px) 100vw, 311px" /></a><p id="caption-attachment-12145" class="wp-caption-text">Wahlaufruf der DFG-VK zur Bundestagswahl 2013. U-Bahn-Station Rudolfplatz in Köln. Foto: Harald Fuchs.</p></div>
<p>Seit den 1990er Jahren arbeitet die Kölner Gruppe verstärkt im Bündnis mit anderen Kölner Friedensorganisationen, z.B. beim Ostermarsch, am 1. Mai, bei den Hiroshima-Gedenkaktionen oder am Antikriegstag. Häufig wurden diese bei ihren Aktivitäten auch finanziell unterstützt. In den ersten Jahren nach der Jahrtausendwende war die Zahl der Aktiven so weit zurückgegangen, dass sogar die Auflösung der Gruppe erwogen wurde. Das hat sich geändert: Seit einigen Jahren treffen sich die Aktiven der Gruppe wieder regelmäßig und sind recht aktiv.</p>
<div id="attachment_12146" style="width: 330px" class="wp-caption alignright"><a href="http://www.friedenkoeln.de/wp-content/uploads/2018/04/link-50-dfg-vk-friedensfahrradtour-2016_012.jpg" data-rel="lightbox-image-3" data-rl_title="" data-rl_caption="" title=""><img loading="lazy" decoding="async" aria-describedby="caption-attachment-12146" class="wp-image-12146" src="http://www.friedenkoeln.de/wp-content/uploads/2018/04/link-50-dfg-vk-friedensfahrradtour-2016_012-707x1024.jpg" alt="Ein älterer Mann in blauer Windjacke saust auf dem Fahrrad an einer Hecke entlang. Das Fahrrad ist mit der blauweißen DFG-VK-Fahne geschmückt. An der Vorderradgabel ist ein Plakat zu sehen: &quot;Afghanistan, Syrien, Mali, Türkei: Bundeswehr-Kriegseinsätze beenden!&quot;" width="320" height="463" srcset="https://www.friedenkoeln.de/wp-content/uploads/2018/04/link-50-dfg-vk-friedensfahrradtour-2016_012-707x1024.jpg 707w, https://www.friedenkoeln.de/wp-content/uploads/2018/04/link-50-dfg-vk-friedensfahrradtour-2016_012.jpg 736w" sizes="auto, (max-width: 320px) 100vw, 320px" /></a><p id="caption-attachment-12146" class="wp-caption-text">Michael Sünner von der Gruppe Köln auf der Friedensfahrradtour 2016 des Landesverbandes NRW der DFG-VK. Foto: Bodo Schmitz, www.mutbuergerdokus.de.</p></div>
<p>&nbsp;</p>

<p>Von Guido Grünewald. Fassung vom 30.4.2018 Für die Zeit seit dem Mauerfall hier einige Stichworte zu den Gruppenaktivitäten: Mitveranstalter einer Ausstellung mit Zeichnungen von Kindern in Kriegen (Dez. 2002) Herausgabe eines e-mail basierten Newsletters&#46;&#46;&#46;</p>
