{"id":12685,"date":"2018-09-02T14:14:52","date_gmt":"2018-09-02T12:14:52","guid":{"rendered":"http:\/\/www.friedenkoeln.de\/?page_id=12685"},"modified":"2020-11-14T19:22:03","modified_gmt":"2020-11-14T17:22:03","slug":"unsere-mitglieder-im-interview-videos-und-rundfunkbeitraege-mit-der-dfg-vk-gruppe-koeln","status":"publish","type":"page","link":"https:\/\/www.friedenkoeln.de\/?page_id=12685","title":{"rendered":"Wir sind h\u00f6rbar &#8211; Rundfunksendungen mit Mitgliedern der DFG-VK Gruppe K\u00f6ln"},"content":{"rendered":"<h4><a href=\"https:\/\/www.swr.de\/swr2\/leben-und-gesellschaft\/gegen-atomwaffen-fuenf-widerstaendige-alte-und-ihr-protest-100.html\">Ariane Dettloff am 30.4.2020 im SWR2-Feature von Christine Werner &#8222;Gegen Atomwaffen &#8211; F\u00fcnf widerst\u00e4ndige Alte und ihr Protest&#8220;<\/a><\/h4>\n<p>&#8222;Im Fliegerhorst B\u00fcchel lagern etwa 20 US-Atomsprengk\u00f6pfe. Nun stehen f\u00fcnf Senioren wegen \u201eHausfriedensbruch\u201c vor Gericht. Sie waren aus Protest auf die Startbahn eingedrungen.&#8220;<\/p>\n<hr \/>\n<h4>Atomwaffen abr\u00fcsten! &#8211; Ariane Dettloff im Interview beim B\u00fcrgerradio von Greenpeace K\u00f6ln (Sendung vom 25.1.2020 auf Radio K\u00f6ln, 16&#8217;21&#8220;).<\/h4>\n<audio class=\"wp-audio-shortcode\" id=\"audio-12685-1\" preload=\"none\" style=\"width: 100%;\" controls=\"controls\"><source type=\"audio\/mpeg\" src=\"https:\/\/www.friedenkoeln.de\/wp-content\/uploads\/2020\/02\/01-Aachener-Friedenspreis-2019.mp3?_=1\" \/><a href=\"https:\/\/www.friedenkoeln.de\/wp-content\/uploads\/2020\/02\/01-Aachener-Friedenspreis-2019.mp3\">https:\/\/www.friedenkoeln.de\/wp-content\/uploads\/2020\/02\/01-Aachener-Friedenspreis-2019.mp3<\/a><\/audio>\n<hr \/>\n<h4>Was der Journalist und Regisseur Frieder Wagner aus K\u00f6ln \u00fcber Uranmunition und -bomben berichtet und wie es ihm mit seinen Filmen und seinem Buch \u201cDeadly Dust \u2013 Todesstaub made in USA\u201d ergangen ist, hat der der B\u00fcrgerfunk von Greenpeace K\u00f6ln am 28.12.2019 (auf Radio K\u00f6ln) gesendet (18&#8217;25&#8220;).<\/h4>\n<audio class=\"wp-audio-shortcode\" id=\"audio-12685-2\" preload=\"none\" style=\"width: 100%;\" controls=\"controls\"><source type=\"audio\/mpeg\" src=\"https:\/\/www.friedenkoeln.de\/wp-content\/uploads\/2020\/01\/JINGLE-radioclub.mp3?_=2\" \/><a href=\"https:\/\/www.friedenkoeln.de\/wp-content\/uploads\/2020\/01\/JINGLE-radioclub.mp3\">https:\/\/www.friedenkoeln.de\/wp-content\/uploads\/2020\/01\/JINGLE-radioclub.mp3<\/a><\/audio>\n<hr \/>\n<h4 title=\"Warum christliche Friedensaktivisten in B\u00fcchel eingedrungen sind - Ein Interview mit Ariane Dettloff (Friedensaktivistin)\">Warum die Deutsche Friedensgesellschaft &#8211; Vereinigte KriegsdienstgegnerInnen gegen die Bundeswehr auf der gamescom 2019 protestiert, Interview von Monika Metz mit Stefanie Inveen, FloK (B\u00fcrgerfunk auf Radio K\u00f6ln), 30.8.2019 (3&#8217;59&#8220;)<\/h4>\n<p title=\"Warum christliche Friedensaktivisten in B\u00fcchel eingedrungen sind - Ein Interview mit Ariane Dettloff (Friedensaktivistin)\">&#8222;Auf der gamescom sind nicht nur Spieleentwickler und Firmen unterwegs, sondern auch die Deutsche Friedensgesellschaft. Ich habe mich mit Stefanie Intveen unterhalten.&#8220;<\/p>\n<audio class=\"wp-audio-shortcode\" id=\"audio-12685-3\" preload=\"none\" style=\"width: 100%;\" controls=\"controls\"><source type=\"audio\/mpeg\" src=\"https:\/\/www.friedenkoeln.de\/wp-content\/uploads\/2019\/09\/FLoK_h\u00f6rens_gamescom2019_DFG-VK.mp3?_=3\" \/><a href=\"https:\/\/www.friedenkoeln.de\/wp-content\/uploads\/2019\/09\/FLoK_h\u00f6rens_gamescom2019_DFG-VK.mp3\">https:\/\/www.friedenkoeln.de\/wp-content\/uploads\/2019\/09\/FLoK_h\u00f6rens_gamescom2019_DFG-VK.mp3<\/a><\/audio>\n<hr \/>\n<h4 class=\"title\" title=\"Warum christliche Friedensaktivisten in B\u00fcchel eingedrungen sind - Ein Interview mit Ariane Dettloff (Friedensaktivistin)\">Warum christliche Friedensaktivisten in B\u00fcchel eingedrungen sind &#8211; Interview mit Ariane Dettloff, domradio.de (Copyright), 6.8.2018 (8&#8217;13&#8220;)<\/h4>\n<div class=\"body\">\n<p>&#8222;Vor wenigen Wochen sind Friedensaktivisten in den Bundeswehr-Fliegerhorst B\u00fcchel eingedrungen. Dort sollen noch bis zu 20 US-Atomsprengk\u00f6pfe lagern. Warum diese Aktion und warum sie erwischt werden wollten, erkl\u00e4rt Ariane Dettloff.&#8220;<\/p>\n<audio class=\"wp-audio-shortcode\" id=\"audio-12685-4\" preload=\"none\" style=\"width: 100%;\" controls=\"controls\"><source type=\"audio\/mpeg\" src=\"https:\/\/medien.domradio.de\/world\/6af3812184b8f1bfe173e1db3f53460b\/Mitschnitt_Zum_Hiroshima_Gedenken__Ziviler_Ungehorsam_und_Atomwaffenfreie_Zonen_-_06082018.mp3?_=4\" \/><a href=\"https:\/\/medien.domradio.de\/world\/6af3812184b8f1bfe173e1db3f53460b\/Mitschnitt_Zum_Hiroshima_Gedenken__Ziviler_Ungehorsam_und_Atomwaffenfreie_Zonen_-_06082018.mp3\">https:\/\/medien.domradio.de\/world\/6af3812184b8f1bfe173e1db3f53460b\/Mitschnitt_Zum_Hiroshima_Gedenken__Ziviler_Ungehorsam_und_Atomwaffenfreie_Zonen_-_06082018.mp3<\/a><\/audio>\n<\/div>\n<hr \/>\n<h4 class=\"widgettitle\">Ein ewiger Traum? Verleihung des Friedensnobelpreises an ICAN. WDR 5 Politikum (Copyright), 11.12.2017 (3&#8217;40&#8220;)<\/h4>\n<p>Kurzreportage aus dem K\u00f6lner &#8222;Brauhaus ohne Namen&#8220;, in dem wir gemeinsam der Live-Berichterstattung \u00fcber die Verleihung des Friedensnobelpreises an die internationale Kampagne ICAN beigewohnt haben. \u00dcbrigens nicht mit Benno Malte Fuchs, wie irrt\u00fcmlich gesagt wurde, sondern mit Harald Fuchs. \ud83d\ude42<\/p>\n<audio class=\"wp-audio-shortcode\" id=\"audio-12685-5\" preload=\"none\" style=\"width: 100%;\" controls=\"controls\"><source type=\"audio\/mpeg\" src=\"http:\/\/www.friedenkoeln.de\/wp-content\/uploads\/2017\/12\/wdr5politikummeinungsreportage_2017-12-11_einewigertraum_wdr5.mp3?_=5\" \/><a href=\"http:\/\/www.friedenkoeln.de\/wp-content\/uploads\/2017\/12\/wdr5politikummeinungsreportage_2017-12-11_einewigertraum_wdr5.mp3\">http:\/\/www.friedenkoeln.de\/wp-content\/uploads\/2017\/12\/wdr5politikummeinungsreportage_2017-12-11_einewigertraum_wdr5.mp3<\/a><\/audio>\n<hr \/>\n<h4 class=\"widgettitle\">Krieg ist ein Verbrechen. Reportage von Uta Vorbrodt zum Sch\u00fclerkunstwettbewerb Frieden. Deutschlandfunk Kultur (Copyright),\u00a027.11.2017 (5&#8217;40&#8220;)<\/h4>\n<p>In der Reportage kommen zwar keine Mitglieder von uns zu Wort, aber wir freuen uns, dass wir diesen Kunstwettbewerb initiiert und mit vielen Partnerorganisationen und Unterst\u00fctzer*innen durchgef\u00fchrt haben. Die interviewten Kinder sprechen uns aus der Seele!<\/p>\n<audio class=\"wp-audio-shortcode\" id=\"audio-12685-6\" preload=\"none\" style=\"width: 100%;\" controls=\"controls\"><source type=\"audio\/mpeg\" src=\"http:\/\/ondemand-mp3.dradio.de\/file\/dradio\/2017\/11\/27\/friedens_kunst_wettbewerb_drk_20171127_1525_b7854400.mp3?_=6\" \/><a href=\"http:\/\/ondemand-mp3.dradio.de\/file\/dradio\/2017\/11\/27\/friedens_kunst_wettbewerb_drk_20171127_1525_b7854400.mp3\">http:\/\/ondemand-mp3.dradio.de\/file\/dradio\/2017\/11\/27\/friedens_kunst_wettbewerb_drk_20171127_1525_b7854400.mp3<\/a><\/audio>\n<hr \/>\n<h4>125 Jahre Deutsche Friedensgesellschaft. Live-Interview von Uta Vorbrodt mit Stefanie Intveen und Harald Fuchs, domradio.de (Copyright),\u00a023.11.2017 (12&#8217;46&#8220;)<\/h4>\n<audio class=\"wp-audio-shortcode\" id=\"audio-12685-7\" preload=\"none\" style=\"width: 100%;\" controls=\"controls\"><source type=\"audio\/mpeg\" src=\"http:\/\/www.friedenkoeln.de\/wp-content\/uploads\/2017\/11\/125-Jahre-DFG-domradio.mp3?_=7\" \/><a href=\"http:\/\/www.friedenkoeln.de\/wp-content\/uploads\/2017\/11\/125-Jahre-DFG-domradio.mp3\">http:\/\/www.friedenkoeln.de\/wp-content\/uploads\/2017\/11\/125-Jahre-DFG-domradio.mp3<\/a><\/audio>\n<hr \/>\n<h4 class=\"widgettitle\">F\u00fcr immer Frieden. 125 Jahre Deutsche Friedensgesellschaft, mit Michael S\u00fcnner und Dr. Guido Gr\u00fcnewald, alleweltonair (Copyright),\u00a016.11.2017 (20&#8217;52&#8220;)<\/h4>\n<p><iframe loading=\"lazy\" src=\"https:\/\/w.soundcloud.com\/player\/?url=https%3A\/\/api.soundcloud.com\/tracks\/356617757&amp;color=%23ff5500&amp;auto_play=false&amp;hide_related=false&amp;show_comments=true&amp;show_user=true&amp;show_reposts=false&amp;show_teaser=true\" width=\"100%\" height=\"166\" frameborder=\"no\" scrolling=\"no\"><\/iframe><\/p>\n<hr \/>\n<h4 class=\"widgettitle\">Die M\u00e4r vom gerechten Krieg. Live-Interview von Peter Kolakowski mit Martin Singe und Stefanie Intveen, domradio.de (Copyright), 3.5.2017 (1h 02&#8217;00&#8220;)<\/h4>\n<audio class=\"wp-audio-shortcode\" id=\"audio-12685-8\" preload=\"none\" style=\"width: 100%;\" controls=\"controls\"><source type=\"audio\/mpeg\" src=\"https:\/\/medien.domradio.de\/world\/be767a135da79085162daa1d3aed8809\/PC_Die_Maer_vom_gerechten_Krieg_.mp3?_=8\" \/><a href=\"https:\/\/medien.domradio.de\/world\/be767a135da79085162daa1d3aed8809\/PC_Die_Maer_vom_gerechten_Krieg_.mp3\">https:\/\/medien.domradio.de\/world\/be767a135da79085162daa1d3aed8809\/PC_Die_Maer_vom_gerechten_Krieg_.mp3<\/a><\/audio>\n","protected":false},"excerpt":{"rendered":"<p>Ariane Dettloff am 30.4.2020 im SWR2-Feature von Christine Werner &#8222;Gegen Atomwaffen &#8211; F\u00fcnf widerst\u00e4ndige Alte und ihr Protest&#8220; &#8222;Im Fliegerhorst B\u00fcchel lagern etwa 20 US-Atomsprengk\u00f6pfe. Nun stehen f\u00fcnf Senioren wegen \u201eHausfriedensbruch\u201c vor Gericht. Sie&#46;&#46;&#46;<\/p>\n","protected":false},"author":110,"featured_media":0,"parent":11667,"menu_order":2,"comment_status":"closed","ping_status":"closed","template":"","meta":{"footnotes":""},"class_list":["post-12685","page","type-page","status-publish","hentry"],"_links":{"self":[{"href":"https:\/\/www.friedenkoeln.de\/index.php?rest_route=\/wp\/v2\/pages\/12685","targetHints":{"allow":["GET"]}}],"collection":[{"href":"https:\/\/www.friedenkoeln.de\/index.php?rest_route=\/wp\/v2\/pages"}],"about":[{"href":"https:\/\/www.friedenkoeln.de\/index.php?rest_route=\/wp\/v2\/types\/page"}],"author":[{"embeddable":true,"href":"https:\/\/www.friedenkoeln.de\/index.php?rest_route=\/wp\/v2\/users\/110"}],"replies":[{"embeddable":true,"href":"https:\/\/www.friedenkoeln.de\/index.php?rest_route=%2Fwp%2Fv2%2Fcomments&post=12685"}],"version-history":[{"count":35,"href":"https:\/\/www.friedenkoeln.de\/index.php?rest_route=\/wp\/v2\/pages\/12685\/revisions"}],"predecessor-version":[{"id":15570,"href":"https:\/\/www.friedenkoeln.de\/index.php?rest_route=\/wp\/v2\/pages\/12685\/revisions\/15570"}],"up":[{"embeddable":true,"href":"https:\/\/www.friedenkoeln.de\/index.php?rest_route=\/wp\/v2\/pages\/11667"}],"wp:attachment":[{"href":"https:\/\/www.friedenkoeln.de\/index.php?rest_route=%2Fwp%2Fv2%2Fmedia&parent=12685"}],"curies":[{"name":"wp","href":"https:\/\/api.w.org\/{rel}","templated":true}]}}