{"id":13117,"date":"2018-12-07T15:54:04","date_gmt":"2018-12-07T13:54:04","guid":{"rendered":"http:\/\/www.friedenkoeln.de\/?page_id=13117"},"modified":"2020-06-10T17:52:24","modified_gmt":"2020-06-10T15:52:24","slug":"fakten","status":"publish","type":"page","link":"https:\/\/www.friedenkoeln.de\/?page_id=13117","title":{"rendered":"Fakten"},"content":{"rendered":"<p>Genau 1.706 (Vorjahr 1.679) Minderj\u00e4hrige wurden 2019 von der deutschen Armee eingestellt \u2013 das waren 8,5 (Vorjahr 8,4) Prozent aller Rekrutinnen und Rekruten. Damit stiegen die Anzahl und der Anteil der Minderj\u00e4hrigen, die neu in die Bundeswehr eintraten, wieder, nachdem sie im Vorjahr erstmalig seit 2011 gesunken waren. Deutschland ist eines der wenigen L\u00e4nder weltweit, deren Milit\u00e4r noch minderj\u00e4hrige Soldat*innen einstellt. \u00dcber 150 L\u00e4nder halten den sogenannten &#8222;Straight 18&#8220;-Standard ein.<\/p>\n<p>Dabei hat der \u201eUN-Ausschuss f\u00fcr die Rechte des Kindes\u201c die Bundesregierung bereits 2014 dazu aufgefordert \u201edas Mindestalter der Rekrutierung f\u00fcr die Streitkr\u00e4fte auf 18 Jahre\u201c zu erh\u00f6hen und \u201ealle Formen von Werbekampagnen f\u00fcr die deutschen Streitkr\u00e4fte, die auf Kinder abzielen\u201c zu unterlassen. Die \u201eKinderkommission\u201c des Bundestags unterstrich diese Forderungen im September 2016 nochmals in einer Resolution. Zwar gibt es auch innerhalb der Bundesregierung und sogar der Bundeswehr Kritik an der Rekrutierung der sehr jungen Soldatinnen und Soldaten, bewegt hat sich das Verteidigungsministerium aber nicht.<\/p>\n<hr \/>\n<p>Hintergrundinformationen zum Thema Kindersoldaten und der Rekrutierung Jugendlicher durch die Bundeswehr werden durch das <a href=\"http:\/\/www.kindersoldaten.info\">Deutsche B\u00fcndnis Kindersoldaten<\/a> bereitgestellt. Darunter befindet sich der sog. <a href=\"http:\/\/www.kindersoldaten.info\/wp-content\/uploads\/2019\/11\/tdh_Schattenbericht_DE_191120_web_final.pdf\">Schattenbericht Kindersoldaten 2019<\/a>, der die Umsetzung kinderrechtlicher Verpflichtungen der Bundesrepublik Deutschland auch im Hinblick auf die Rekrutierung Jugendlicher behandelt.<\/p>\n<p>Eine internationale Studie zu diesem Thema ist\u00a0Child Soldier International (Hrsg.): Why 18 Matters. A Rights-Based Analysis of Child Recruitment, London 2018. Eine <a href=\"http:\/\/www.kindersoldaten.info\/wp-content\/uploads\/2019\/02\/Why18matters_dt_Feb2019_tdh_DFG_KNH_GEW_web.pdf\">Zusammenfassung liegt auf deutsch<\/a> vor.\u00a0Sie erl\u00e4utert Rechtsnormen und bietet einen systematischen und l\u00e4nder\u00fcbergreifenden \u00dcberblick \u00fcber den Missbrauch von Kindern und Jugendlichen durch das Milit\u00e4r.<\/p>\n<p>Die Kinderhilfsorganisation <a href=\"https:\/\/www.tdh.de\/was-wir-tun\/themen-a-z\/bundeswehr-an-schulen\/\">terre des hommes<\/a> sammelt Fakten \u00fcber die Pr\u00e4senz der Bundeswehr an deutschen Schulen und weiterf\u00fchrende Informationsquellen.<\/p>\n<p>Die Gewerkschaft GEW und tdh haben 2016 die Brosch\u00fcre <a href=\"https:\/\/www.tdh.de\/fileadmin\/user_upload\/inhalte\/04_Was_wir_tun\/Themen\/Krieg_und_Flucht\/Kinder_im_Visier_Bundeswehrwerbung_GEW_terre_des_hommes_EW_02_2016_web.pdf\">Kinder im Visier<\/a>\u00a0mit Hintergrundartikeln ver\u00f6ffentlicht.<\/p>\n<p>Die <a href=\"https:\/\/www.ulla-jelpke.de\/category\/themen\/militarisierung\/\">Bundestagsabgeordnete Ulla Jelpke<\/a> erfragt quartalsweise bei der Bundesregierung die geplanten Werbetermine der Bundeswehr und stellt die Listen dann als xls-Dateien zur Verf\u00fcgung.<\/p>\n","protected":false},"excerpt":{"rendered":"<p>Genau 1.706 (Vorjahr 1.679) Minderj\u00e4hrige wurden 2019 von der deutschen Armee eingestellt \u2013 das waren 8,5 (Vorjahr 8,4) Prozent aller Rekrutinnen und Rekruten. Damit stiegen die Anzahl und der Anteil der Minderj\u00e4hrigen, die neu&#46;&#46;&#46;<\/p>\n","protected":false},"author":110,"featured_media":0,"parent":13108,"menu_order":0,"comment_status":"closed","ping_status":"closed","template":"","meta":{"footnotes":""},"class_list":["post-13117","page","type-page","status-publish","hentry"],"_links":{"self":[{"href":"https:\/\/www.friedenkoeln.de\/index.php?rest_route=\/wp\/v2\/pages\/13117","targetHints":{"allow":["GET"]}}],"collection":[{"href":"https:\/\/www.friedenkoeln.de\/index.php?rest_route=\/wp\/v2\/pages"}],"about":[{"href":"https:\/\/www.friedenkoeln.de\/index.php?rest_route=\/wp\/v2\/types\/page"}],"author":[{"embeddable":true,"href":"https:\/\/www.friedenkoeln.de\/index.php?rest_route=\/wp\/v2\/users\/110"}],"replies":[{"embeddable":true,"href":"https:\/\/www.friedenkoeln.de\/index.php?rest_route=%2Fwp%2Fv2%2Fcomments&post=13117"}],"version-history":[{"count":10,"href":"https:\/\/www.friedenkoeln.de\/index.php?rest_route=\/wp\/v2\/pages\/13117\/revisions"}],"predecessor-version":[{"id":15085,"href":"https:\/\/www.friedenkoeln.de\/index.php?rest_route=\/wp\/v2\/pages\/13117\/revisions\/15085"}],"up":[{"embeddable":true,"href":"https:\/\/www.friedenkoeln.de\/index.php?rest_route=\/wp\/v2\/pages\/13108"}],"wp:attachment":[{"href":"https:\/\/www.friedenkoeln.de\/index.php?rest_route=%2Fwp%2Fv2%2Fmedia&parent=13117"}],"curies":[{"name":"wp","href":"https:\/\/api.w.org\/{rel}","templated":true}]}}