{"id":13668,"date":"2019-04-24T17:01:04","date_gmt":"2019-04-24T15:01:04","guid":{"rendered":"https:\/\/www.friedenkoeln.de\/?page_id=13668"},"modified":"2019-04-24T17:01:04","modified_gmt":"2019-04-24T15:01:04","slug":"brief-an-stroeer","status":"publish","type":"page","link":"https:\/\/www.friedenkoeln.de\/?page_id=13668","title":{"rendered":"Brief an Str\u00f6er"},"content":{"rendered":"<div id=\"attachment_13666\" style=\"width: 443px\" class=\"wp-caption alignright\"><img loading=\"lazy\" decoding=\"async\" aria-describedby=\"caption-attachment-13666\" class=\" wp-image-13666\" src=\"https:\/\/www.friedenkoeln.de\/wp-content\/uploads\/2019\/04\/fullsizeoutput_d7a.jpeg\" alt=\"Ein Mann in Motorradkleidung und eine Frau in dunkelblauem Kurzmantel und Stiefeln vor der r\u00f6tlichen Fassade eines B\u00fcrogeb\u00e4udes mit wei\u00dfer Firmenaufschrift &quot;Str\u00f6er&quot;. Im Hintergrund \u00dcberwachungskameras, Wiese und ein bl\u00fchender Busch.\" width=\"433\" height=\"362\" srcset=\"https:\/\/www.friedenkoeln.de\/wp-content\/uploads\/2019\/04\/fullsizeoutput_d7a.jpeg 1035w, https:\/\/www.friedenkoeln.de\/wp-content\/uploads\/2019\/04\/fullsizeoutput_d7a-150x126.jpeg 150w, https:\/\/www.friedenkoeln.de\/wp-content\/uploads\/2019\/04\/fullsizeoutput_d7a-768x643.jpeg 768w\" sizes=\"auto, (max-width: 433px) 100vw, 433px\" \/><p id=\"caption-attachment-13666\" class=\"wp-caption-text\">Florian Bechtel und Stefanie Intveen vor dem Hauptsitz der Str\u00f6er Gruppe in K\u00f6ln-S\u00fcrth am 3.4.2019. Foto: privat.<\/p><\/div>\n<p>Das K\u00f6lner Aktionsb\u00fcndnis gegen die Rekrutierung Minderj\u00e4hriger durch die Bundeswehr hat der in K\u00f6ln-S\u00fcrth ans\u00e4ssigen Str\u00f6er Gruppe im April 2019 einen <a href=\"https:\/\/www.friedenkoeln.de\/wp-content\/uploads\/2019\/04\/2019-04-01_Brief_an_stroeer.pdf\">Brief<\/a> \u00fcberreicht.<\/p>\n<p>Hier ist unser <a href=\"https:\/\/www.friedenkoeln.de\/?p=13630\">Bericht<\/a>.<\/p>\n","protected":false},"excerpt":{"rendered":"<p>Das K\u00f6lner Aktionsb\u00fcndnis gegen die Rekrutierung Minderj\u00e4hriger durch die Bundeswehr hat der in K\u00f6ln-S\u00fcrth ans\u00e4ssigen Str\u00f6er Gruppe im April 2019 einen Brief \u00fcberreicht. Hier ist unser Bericht.<\/p>\n","protected":false},"author":110,"featured_media":0,"parent":13108,"menu_order":4,"comment_status":"closed","ping_status":"closed","template":"","meta":{"footnotes":""},"class_list":["post-13668","page","type-page","status-publish","hentry"],"_links":{"self":[{"href":"https:\/\/www.friedenkoeln.de\/index.php?rest_route=\/wp\/v2\/pages\/13668","targetHints":{"allow":["GET"]}}],"collection":[{"href":"https:\/\/www.friedenkoeln.de\/index.php?rest_route=\/wp\/v2\/pages"}],"about":[{"href":"https:\/\/www.friedenkoeln.de\/index.php?rest_route=\/wp\/v2\/types\/page"}],"author":[{"embeddable":true,"href":"https:\/\/www.friedenkoeln.de\/index.php?rest_route=\/wp\/v2\/users\/110"}],"replies":[{"embeddable":true,"href":"https:\/\/www.friedenkoeln.de\/index.php?rest_route=%2Fwp%2Fv2%2Fcomments&post=13668"}],"version-history":[{"count":4,"href":"https:\/\/www.friedenkoeln.de\/index.php?rest_route=\/wp\/v2\/pages\/13668\/revisions"}],"predecessor-version":[{"id":13748,"href":"https:\/\/www.friedenkoeln.de\/index.php?rest_route=\/wp\/v2\/pages\/13668\/revisions\/13748"}],"up":[{"embeddable":true,"href":"https:\/\/www.friedenkoeln.de\/index.php?rest_route=\/wp\/v2\/pages\/13108"}],"wp:attachment":[{"href":"https:\/\/www.friedenkoeln.de\/index.php?rest_route=%2Fwp%2Fv2%2Fmedia&parent=13668"}],"curies":[{"name":"wp","href":"https:\/\/api.w.org\/{rel}","templated":true}]}}

Brief an Ströer

<div id="attachment_13666" style="width: 443px" class="wp-caption alignright"><img loading="lazy" decoding="async" aria-describedby="caption-attachment-13666" class=" wp-image-13666" src="https://www.friedenkoeln.de/wp-content/uploads/2019/04/fullsizeoutput_d7a.jpeg" alt="Ein Mann in Motorradkleidung und eine Frau in dunkelblauem Kurzmantel und Stiefeln vor der rötlichen Fassade eines Bürogebäudes mit weißer Firmenaufschrift &quot;Ströer&quot;. Im Hintergrund Überwachungskameras, Wiese und ein blühender Busch." width="433" height="362" srcset="https://www.friedenkoeln.de/wp-content/uploads/2019/04/fullsizeoutput_d7a.jpeg 1035w, https://www.friedenkoeln.de/wp-content/uploads/2019/04/fullsizeoutput_d7a-150x126.jpeg 150w, https://www.friedenkoeln.de/wp-content/uploads/2019/04/fullsizeoutput_d7a-768x643.jpeg 768w" sizes="auto, (max-width: 433px) 100vw, 433px" /><p id="caption-attachment-13666" class="wp-caption-text">Florian Bechtel und Stefanie Intveen vor dem Hauptsitz der Ströer Gruppe in Köln-Sürth am 3.4.2019. Foto: privat.</p></div>
<p>Das Kölner Aktionsbündnis gegen die Rekrutierung Minderjähriger durch die Bundeswehr hat der in Köln-Sürth ansässigen Ströer Gruppe im April 2019 einen <a href="https://www.friedenkoeln.de/wp-content/uploads/2019/04/2019-04-01_Brief_an_stroeer.pdf">Brief</a> überreicht.</p>
<p>Hier ist unser <a href="https://www.friedenkoeln.de/?p=13630">Bericht</a>.</p>

<p>Das Kölner Aktionsbündnis gegen die Rekrutierung Minderjähriger durch die Bundeswehr hat der in Köln-Sürth ansässigen Ströer Gruppe im April 2019 einen Brief überreicht. Hier ist unser Bericht.</p>
