{"id":15303,"date":"2020-08-15T20:49:26","date_gmt":"2020-08-15T18:49:26","guid":{"rendered":"https:\/\/www.friedenkoeln.de\/?page_id=15303"},"modified":"2020-08-24T22:52:18","modified_gmt":"2020-08-24T20:52:18","slug":"widerstaendige-alte-texte-aus-dem-gerichtssaal","status":"publish","type":"page","link":"https:\/\/www.friedenkoeln.de\/?page_id=15303","title":{"rendered":"Widerst\u00e4ndige Alte: Texte aus dem Gerichtssaal"},"content":{"rendered":"<h4>Bundesverfassungsgericht in Karlsruhe<\/h4>\n<p><a href=\"https:\/\/www.friedenkoeln.de\/wp-content\/uploads\/2020\/08\/RA-Heinrich-Comes_Buechel-Verfassungsbeschwerde_20200824.pdf\">Rechtsanwalt Dr. Heinrich Comes: Verfassungsbeschwerde vom 24.8.2020<\/a><\/p>\n<p>&nbsp;<\/p>\n<h4>Oberlandesgericht Koblenz<\/h4>\n<div class=\"layoutArea\">\n<p><a href=\"https:\/\/www.friedenkoeln.de\/wp-content\/uploads\/2020\/08\/RA-Heinrich-Comes-a-OLG-Koblenz_Gro\u00dfmann-Erwiderung-auf-GenStA_20200815.pdf\">Rechtsanwalt Dr. Heinrich Comes: Erwiderung auf den Generalstaatsanwalt gegen\u00fcber dem Oberlandesgericht Koblenz f\u00fcr Susanne Gro\u00dfmann<\/a> [Datumsangabe ist nicht korrekt]<\/p>\n<p><a href=\"https:\/\/www.friedenkoeln.de\/wp-content\/uploads\/2020\/08\/RA-Heinrich-Comes-a-LG-Koblenz_Gro\u00dfmann-Susanne-Revisionsbergr\u00fcndung_20200815.pdf\">Rechtsanwalt Dr. Heinrich Comes: Revisionsbegr\u00fcndung gegen\u00fcber dem Landgericht Koblenz f\u00fcr Susanne Gro\u00dfmann<\/a> [Datumsangabe ist nicht korrekt]<\/p>\n<p>&nbsp;<\/p>\n<\/div>\n<h4>Landgericht Koblenz am 4.2. und 19.2.2020<\/h4>\n<p><a href=\"https:\/\/www.friedenkoeln.de\/wp-content\/uploads\/2020\/02\/Herbert-R\u00f6mpp_Schlusswort_Landgericht-Koblenz_20200219_-SW-neu-nach-m\u00fcndlichem-Vortrag_EF_21.2.2020-1208h.pdf\">Herbert R\u00f6mpp: Schlusswort beim Landgericht Koblenz am 19.2.2020<\/a><\/p>\n<p><a href=\"https:\/\/www.friedenkoeln.de\/wp-content\/uploads\/2020\/02\/Ernst-Ludwig-Iskenius_Schlusswort-Landgericht-Koblenz_20200219.pdf\">Ernst-Ludwig Iskenius: Schlusswort beim Landgericht Koblenz am 19.2.2020<\/a><\/p>\n<p><a href=\"https:\/\/www.friedenkoeln.de\/wp-content\/uploads\/2020\/02\/Brigitte-Janus_Schlusswort-Landgericht-Koblenz_2020219_final.pdf\">Brigitte Janus: Schlusswort beim Landgericht Koblenz am 19.2.2020<\/a><\/p>\n<p><a href=\"https:\/\/www.friedenkoeln.de\/wp-content\/uploads\/2020\/02\/Susanne-Gro\u00dfmann_Schlusswort_Landgericht-Koblenz_20200219_Susanne-19.2.20-endg\u00fcltig-1.pdf\">Susanne Gro\u00dfmann: Schlusswort beim Landgericht Koblenz am 19.2.2020<\/a><\/p>\n<p><a href=\"https:\/\/www.friedenkoeln.de\/wp-content\/uploads\/2020\/02\/Ariane-Dettloff_Schlusswort-Amtsgericht-Cochem_20190626.pdf\">Ariane Dettloff: Schlusswort beim Landgericht Koblenz am 19.2.2020<\/a><\/p>\n<p>&nbsp;<\/p>\n<p><a href=\"https:\/\/www.friedenkoeln.de\/wp-content\/uploads\/2020\/02\/20200217-Beweisantrag-Kramp-Karrenbauer.pdf\">Beweisantrag \u201cGefahr \/ V\u00f6lkerrechtsbruch etc. \u2013 Annegret Kramp-Karrenbauer\u201d<\/a><\/p>\n<p><a href=\"https:\/\/www.friedenkoeln.de\/wp-content\/uploads\/2020\/02\/Beweisantrag_Ralf-Becker_Wirksamkeit-des-Zivilen-Ungehorsams_Landgericht-Koblenz_20200219.pdf\">Beweisantrag \u201cWirksamkeit Zivilen Ungehorsams \u2013 Ralf Becker\u201d<\/a><\/p>\n<p>&nbsp;<\/p>\n<p><a href=\"https:\/\/www.friedenkoeln.de\/wp-content\/uploads\/2020\/02\/Herbert-R\u00f6mpp_Einlassung-Landgericht-Koblenz_Ziviler-Ungehorsam-B\u00fcchel_20200204_Web-Redaktion_final.pdf\">Herbert R\u00f6mpp, Hilpoltstein: Einlassung beim Landgericht Koblenz, 4.2.2020<\/a><\/p>\n<p><a href=\"https:\/\/www.friedenkoeln.de\/wp-content\/uploads\/2020\/02\/Ernst-Ludwig-Iskenius_Einlassung-Landgericht-Koblenz_Ziviler-Ungehorsam-B\u00fcchel_20200204_Web-Redaktion_final.pdf\">Ernst-Ludwig Iskenius, L\u00fcbtheen: Einlassung beim Landgericht Koblenz, 4.2.2020<\/a><\/p>\n<p><a href=\"https:\/\/www.friedenkoeln.de\/wp-content\/uploads\/2020\/02\/Brigitte-Janus_Einlassung-Landgericht-Koblenz_Ziviler-Ungehorsam-B\u00fcchel_20200204_Web-Redaktion_final.pdf\">Brigitte Janus, N\u00fcrnberg: Einlassung beim Landgericht Koblenz, 4.2.2020<\/a><\/p>\n<p><a href=\"https:\/\/www.friedenkoeln.de\/wp-content\/uploads\/2020\/02\/Susanne-Gro\u00dfmann_Einlassung-Landgericht-Koblenz_Ziviler-Ungehorsam-B\u00fcchel_20200204_Web-Redaktion_final.pdf\">Susanne Gro\u00dfmann, Erlangen: Einlassung beim Landgericht Koblenz, 4.2.2020<\/a><\/p>\n<p><a href=\"https:\/\/www.friedenkoeln.de\/wp-content\/uploads\/2020\/02\/Ariane-Dettloff_Einlassung-Landgericht-Koblenz_Ziviler-Ungehorsam-B\u00fcchel_20200204_Web-Redaktion_final.pdf\">Ariane Dettloff, K\u00f6ln: Einlassung beim Landgericht Koblenz, 4.2.2020<\/a><\/p>\n<h4><\/h4>\n<h4>Amtsgericht Cochem am 12.12.2018<\/h4>\n<div id=\"attachment_13151\" style=\"width: 4618px\" class=\"wp-caption aligncenter\"><img loading=\"lazy\" decoding=\"async\" aria-describedby=\"caption-attachment-13151\" class=\"size-full wp-image-13151\" src=\"https:\/\/www.friedenkoeln.de\/wp-content\/uploads\/2018\/12\/DSC_0072.jpg\" alt=\"Eine Gruppe winterlich angezogener Menschen h\u00e4lt ein wei\u00dfes Transparent mit der genannten Aufschrift in rot, gelb und blau vor sich. Im Hintergrund die sch\u00f6ne Fassade aus rotem Sandstein und hellem Putz des Amtsgerichts Cochem. Drau\u00dfen ist es d\u00e4mmrig; aus den Fenstern f\u00e4llt Licht.\" width=\"4608\" height=\"3072\" srcset=\"https:\/\/www.friedenkoeln.de\/wp-content\/uploads\/2018\/12\/DSC_0072.jpg 4608w, https:\/\/www.friedenkoeln.de\/wp-content\/uploads\/2018\/12\/DSC_0072-150x100.jpg 150w, https:\/\/www.friedenkoeln.de\/wp-content\/uploads\/2018\/12\/DSC_0072-768x512.jpg 768w\" sizes=\"auto, (max-width: 4608px) 100vw, 4608px\" \/><p id=\"caption-attachment-13151\" class=\"wp-caption-text\">&#8222;Atombomben auf die Anklagebank!&#8220;. Protest vor dem Amtsgericht Cochem am 12.12.2018. Foto: Stefanie Intveen.<\/p><\/div>\n","protected":false},"excerpt":{"rendered":"<p>Bundesverfassungsgericht in Karlsruhe Rechtsanwalt Dr. Heinrich Comes: Verfassungsbeschwerde vom 24.8.2020 &nbsp; Oberlandesgericht Koblenz Rechtsanwalt Dr. Heinrich Comes: Erwiderung auf den Generalstaatsanwalt gegen\u00fcber dem Oberlandesgericht Koblenz f\u00fcr Susanne Gro\u00dfmann [Datumsangabe ist nicht korrekt] Rechtsanwalt Dr.&#46;&#46;&#46;<\/p>\n","protected":false},"author":110,"featured_media":0,"parent":15296,"menu_order":1,"comment_status":"closed","ping_status":"closed","template":"","meta":{"footnotes":""},"class_list":["post-15303","page","type-page","status-publish","hentry"],"_links":{"self":[{"href":"https:\/\/www.friedenkoeln.de\/index.php?rest_route=\/wp\/v2\/pages\/15303","targetHints":{"allow":["GET"]}}],"collection":[{"href":"https:\/\/www.friedenkoeln.de\/index.php?rest_route=\/wp\/v2\/pages"}],"about":[{"href":"https:\/\/www.friedenkoeln.de\/index.php?rest_route=\/wp\/v2\/types\/page"}],"author":[{"embeddable":true,"href":"https:\/\/www.friedenkoeln.de\/index.php?rest_route=\/wp\/v2\/users\/110"}],"replies":[{"embeddable":true,"href":"https:\/\/www.friedenkoeln.de\/index.php?rest_route=%2Fwp%2Fv2%2Fcomments&post=15303"}],"version-history":[{"count":16,"href":"https:\/\/www.friedenkoeln.de\/index.php?rest_route=\/wp\/v2\/pages\/15303\/revisions"}],"predecessor-version":[{"id":15363,"href":"https:\/\/www.friedenkoeln.de\/index.php?rest_route=\/wp\/v2\/pages\/15303\/revisions\/15363"}],"up":[{"embeddable":true,"href":"https:\/\/www.friedenkoeln.de\/index.php?rest_route=\/wp\/v2\/pages\/15296"}],"wp:attachment":[{"href":"https:\/\/www.friedenkoeln.de\/index.php?rest_route=%2Fwp%2Fv2%2Fmedia&parent=15303"}],"curies":[{"name":"wp","href":"https:\/\/api.w.org\/{rel}","templated":true}]}}

Widerständige Alte: Texte aus dem Gerichtssaal

<h4>Bundesverfassungsgericht in Karlsruhe</h4>
<p><a href="https://www.friedenkoeln.de/wp-content/uploads/2020/08/RA-Heinrich-Comes_Buechel-Verfassungsbeschwerde_20200824.pdf">Rechtsanwalt Dr. Heinrich Comes: Verfassungsbeschwerde vom 24.8.2020</a></p>
<p>&nbsp;</p>
<h4>Oberlandesgericht Koblenz</h4>
<div class="layoutArea">
<p><a href="https://www.friedenkoeln.de/wp-content/uploads/2020/08/RA-Heinrich-Comes-a-OLG-Koblenz_Großmann-Erwiderung-auf-GenStA_20200815.pdf">Rechtsanwalt Dr. Heinrich Comes: Erwiderung auf den Generalstaatsanwalt gegenüber dem Oberlandesgericht Koblenz für Susanne Großmann</a> [Datumsangabe ist nicht korrekt]</p>
<p><a href="https://www.friedenkoeln.de/wp-content/uploads/2020/08/RA-Heinrich-Comes-a-LG-Koblenz_Großmann-Susanne-Revisionsbergründung_20200815.pdf">Rechtsanwalt Dr. Heinrich Comes: Revisionsbegründung gegenüber dem Landgericht Koblenz für Susanne Großmann</a> [Datumsangabe ist nicht korrekt]</p>
<p>&nbsp;</p>
</div>
<h4>Landgericht Koblenz am 4.2. und 19.2.2020</h4>
<p><a href="https://www.friedenkoeln.de/wp-content/uploads/2020/02/Herbert-Römpp_Schlusswort_Landgericht-Koblenz_20200219_-SW-neu-nach-mündlichem-Vortrag_EF_21.2.2020-1208h.pdf">Herbert Römpp: Schlusswort beim Landgericht Koblenz am 19.2.2020</a></p>
<p><a href="https://www.friedenkoeln.de/wp-content/uploads/2020/02/Ernst-Ludwig-Iskenius_Schlusswort-Landgericht-Koblenz_20200219.pdf">Ernst-Ludwig Iskenius: Schlusswort beim Landgericht Koblenz am 19.2.2020</a></p>
<p><a href="https://www.friedenkoeln.de/wp-content/uploads/2020/02/Brigitte-Janus_Schlusswort-Landgericht-Koblenz_2020219_final.pdf">Brigitte Janus: Schlusswort beim Landgericht Koblenz am 19.2.2020</a></p>
<p><a href="https://www.friedenkoeln.de/wp-content/uploads/2020/02/Susanne-Großmann_Schlusswort_Landgericht-Koblenz_20200219_Susanne-19.2.20-endgültig-1.pdf">Susanne Großmann: Schlusswort beim Landgericht Koblenz am 19.2.2020</a></p>
<p><a href="https://www.friedenkoeln.de/wp-content/uploads/2020/02/Ariane-Dettloff_Schlusswort-Amtsgericht-Cochem_20190626.pdf">Ariane Dettloff: Schlusswort beim Landgericht Koblenz am 19.2.2020</a></p>
<p>&nbsp;</p>
<p><a href="https://www.friedenkoeln.de/wp-content/uploads/2020/02/20200217-Beweisantrag-Kramp-Karrenbauer.pdf">Beweisantrag “Gefahr / Völkerrechtsbruch etc. – Annegret Kramp-Karrenbauer”</a></p>
<p><a href="https://www.friedenkoeln.de/wp-content/uploads/2020/02/Beweisantrag_Ralf-Becker_Wirksamkeit-des-Zivilen-Ungehorsams_Landgericht-Koblenz_20200219.pdf">Beweisantrag “Wirksamkeit Zivilen Ungehorsams – Ralf Becker”</a></p>
<p>&nbsp;</p>
<p><a href="https://www.friedenkoeln.de/wp-content/uploads/2020/02/Herbert-Römpp_Einlassung-Landgericht-Koblenz_Ziviler-Ungehorsam-Büchel_20200204_Web-Redaktion_final.pdf">Herbert Römpp, Hilpoltstein: Einlassung beim Landgericht Koblenz, 4.2.2020</a></p>
<p><a href="https://www.friedenkoeln.de/wp-content/uploads/2020/02/Ernst-Ludwig-Iskenius_Einlassung-Landgericht-Koblenz_Ziviler-Ungehorsam-Büchel_20200204_Web-Redaktion_final.pdf">Ernst-Ludwig Iskenius, Lübtheen: Einlassung beim Landgericht Koblenz, 4.2.2020</a></p>
<p><a href="https://www.friedenkoeln.de/wp-content/uploads/2020/02/Brigitte-Janus_Einlassung-Landgericht-Koblenz_Ziviler-Ungehorsam-Büchel_20200204_Web-Redaktion_final.pdf">Brigitte Janus, Nürnberg: Einlassung beim Landgericht Koblenz, 4.2.2020</a></p>
<p><a href="https://www.friedenkoeln.de/wp-content/uploads/2020/02/Susanne-Großmann_Einlassung-Landgericht-Koblenz_Ziviler-Ungehorsam-Büchel_20200204_Web-Redaktion_final.pdf">Susanne Großmann, Erlangen: Einlassung beim Landgericht Koblenz, 4.2.2020</a></p>
<p><a href="https://www.friedenkoeln.de/wp-content/uploads/2020/02/Ariane-Dettloff_Einlassung-Landgericht-Koblenz_Ziviler-Ungehorsam-Büchel_20200204_Web-Redaktion_final.pdf">Ariane Dettloff, Köln: Einlassung beim Landgericht Koblenz, 4.2.2020</a></p>
<h4></h4>
<h4>Amtsgericht Cochem am 12.12.2018</h4>
<div id="attachment_13151" style="width: 4618px" class="wp-caption aligncenter"><img loading="lazy" decoding="async" aria-describedby="caption-attachment-13151" class="size-full wp-image-13151" src="https://www.friedenkoeln.de/wp-content/uploads/2018/12/DSC_0072.jpg" alt="Eine Gruppe winterlich angezogener Menschen hält ein weißes Transparent mit der genannten Aufschrift in rot, gelb und blau vor sich. Im Hintergrund die schöne Fassade aus rotem Sandstein und hellem Putz des Amtsgerichts Cochem. Draußen ist es dämmrig; aus den Fenstern fällt Licht." width="4608" height="3072" srcset="https://www.friedenkoeln.de/wp-content/uploads/2018/12/DSC_0072.jpg 4608w, https://www.friedenkoeln.de/wp-content/uploads/2018/12/DSC_0072-150x100.jpg 150w, https://www.friedenkoeln.de/wp-content/uploads/2018/12/DSC_0072-768x512.jpg 768w" sizes="auto, (max-width: 4608px) 100vw, 4608px" /><p id="caption-attachment-13151" class="wp-caption-text">&#8222;Atombomben auf die Anklagebank!&#8220;. Protest vor dem Amtsgericht Cochem am 12.12.2018. Foto: Stefanie Intveen.</p></div>

<p>Bundesverfassungsgericht in Karlsruhe Rechtsanwalt Dr. Heinrich Comes: Verfassungsbeschwerde vom 24.8.2020 &nbsp; Oberlandesgericht Koblenz Rechtsanwalt Dr. Heinrich Comes: Erwiderung auf den Generalstaatsanwalt gegenüber dem Oberlandesgericht Koblenz für Susanne Großmann [Datumsangabe ist nicht korrekt] Rechtsanwalt Dr.&#46;&#46;&#46;</p>
