{"id":15530,"date":"2020-11-10T21:45:34","date_gmt":"2020-11-10T19:45:34","guid":{"rendered":"https:\/\/www.friedenkoeln.de\/?page_id=15530"},"modified":"2020-11-10T22:38:42","modified_gmt":"2020-11-10T20:38:42","slug":"denkmal","status":"publish","type":"page","link":"https:\/\/www.friedenkoeln.de\/?page_id=15530","title":{"rendered":"Denkmal"},"content":{"rendered":"<blockquote><p>Denk mal!<\/p><\/blockquote>\n<p>Unsere Beitr\u00e4ge zu Denkm\u00e4ler in K\u00f6ln und Umgebung findest Du, wenn Du mit der Maus die Drop-Down-Liste oben \u00f6ffnest. \ud83d\ude42<\/p>\n","protected":false},"excerpt":{"rendered":"<p>Denk mal! Unsere Beitr\u00e4ge zu Denkm\u00e4ler in K\u00f6ln und Umgebung findest Du, wenn Du mit der Maus die Drop-Down-Liste oben \u00f6ffnest. \ud83d\ude42<\/p>\n","protected":false},"author":110,"featured_media":0,"parent":0,"menu_order":6,"comment_status":"closed","ping_status":"closed","template":"","meta":{"footnotes":""},"class_list":["post-15530","page","type-page","status-publish","hentry"],"_links":{"self":[{"href":"https:\/\/www.friedenkoeln.de\/index.php?rest_route=\/wp\/v2\/pages\/15530","targetHints":{"allow":["GET"]}}],"collection":[{"href":"https:\/\/www.friedenkoeln.de\/index.php?rest_route=\/wp\/v2\/pages"}],"about":[{"href":"https:\/\/www.friedenkoeln.de\/index.php?rest_route=\/wp\/v2\/types\/page"}],"author":[{"embeddable":true,"href":"https:\/\/www.friedenkoeln.de\/index.php?rest_route=\/wp\/v2\/users\/110"}],"replies":[{"embeddable":true,"href":"https:\/\/www.friedenkoeln.de\/index.php?rest_route=%2Fwp%2Fv2%2Fcomments&post=15530"}],"version-history":[{"count":6,"href":"https:\/\/www.friedenkoeln.de\/index.php?rest_route=\/wp\/v2\/pages\/15530\/revisions"}],"predecessor-version":[{"id":15541,"href":"https:\/\/www.friedenkoeln.de\/index.php?rest_route=\/wp\/v2\/pages\/15530\/revisions\/15541"}],"wp:attachment":[{"href":"https:\/\/www.friedenkoeln.de\/index.php?rest_route=%2Fwp%2Fv2%2Fmedia&parent=15530"}],"curies":[{"name":"wp","href":"https:\/\/api.w.org\/{rel}","templated":true}]}}