{"id":15533,"date":"2020-11-10T22:23:05","date_gmt":"2020-11-10T20:23:05","guid":{"rendered":"https:\/\/www.friedenkoeln.de\/?page_id=15533"},"modified":"2020-11-10T22:35:04","modified_gmt":"2020-11-10T20:35:04","slug":"was-kann-man-besseres-tun-als-den-krieg-zu-verraten","status":"publish","type":"page","link":"https:\/\/www.friedenkoeln.de\/?page_id=15533","title":{"rendered":"&#8222;Was kann man besseres tun, als den Krieg zu verraten?&#8220;"},"content":{"rendered":"<p><em>Von Harald Fuchs, November 2020.<\/em><\/p>\n<blockquote><p>WAS KANN MAN BESSERES TUN, ALS DEN KRIEG ZU VERRATEN?<\/p><\/blockquote>\n<p>Dies ist die Inschrift eines Mahnmals am ehemaligen Schie\u00dfplatz der Reichswehr in K\u00f6ln-D\u00fcnnwald, das an dort erschossene Deserteure erinnert.<\/p>\n<p>Es befindet sich unweit der Haltestelle der Buslinie 154 \u201eK\u00f6ln Kalkweg\u201c. Aus Richtung Dellbr\u00fcck kommend in den Waldweg nach rechts, Richtung \u201eHundepark\u201c und \u201eNobbies Waldh\u00fctte\u201c. In <a href=\"https:\/\/www.google.de\/maps\/place\/Stele+f\u00fcr+hingerichtete+Wehrmachtssoldaten\/@50.9910695,7.0489244,16z\/data=!4m5!3m4!1s0x47bf2941feeaa293:0x1619fa27c3812c78!8m2!3d50.9909902!4d7.0588794\">google maps<\/a> ist die \u201eStele f\u00fcr hingerichtete Wehrmachtssoldaten\u201c eingezeichnet.<\/p>\n<p>Die Gedenkstele wurde im September 2019 von der Stadt K\u00f6ln errichtet und eingeweiht.<span class=\"Apple-converted-space\">\u00a0<\/span><\/p>\n<p>Die Inschrift ist ein Zitat des Deserteurs Ludwig Baumann, der auch eine wichtige Rolle in der Initiative f\u00fcr dieses Mahnmal spielte.<\/p>\n<p>Wer m\u00f6chte, kann einen Ausflug zu diesem sehenswerten Denkmal mit einem Besuch im D\u00fcnnwalder Tierpark oder im Waldbad D\u00fcnnwald oder dem Waldbad-Restaurant verbinden.<\/p>\n<p>Weitere Informationen sind auf der Homepage des <a href=\"https:\/\/museenkoeln.de\/ns-dokumentationszentrum\/default.aspx?s=1859#b43316\">NS-Dokumentationszentrums<\/a>.<\/p>\n<div id=\"attachment_15535\" style=\"width: 1930px\" class=\"wp-caption aligncenter\"><img loading=\"lazy\" decoding=\"async\" aria-describedby=\"caption-attachment-15535\" class=\"size-full wp-image-15535\" src=\"https:\/\/www.friedenkoeln.de\/wp-content\/uploads\/2020\/11\/Schiessplatz_Duennwald_Stele_2-scaled.jpg\" alt=\"Eine sehr hohe schlanke Betons\u00e4ule mit quer darauf angebrachter Schrift aus farbigen Metallbuchstaben in einem Fr\u00fchlingswald vor leuchtend blauem Himmel.\" width=\"1920\" height=\"2560\" srcset=\"https:\/\/www.friedenkoeln.de\/wp-content\/uploads\/2020\/11\/Schiessplatz_Duennwald_Stele_2-scaled.jpg 1920w, https:\/\/www.friedenkoeln.de\/wp-content\/uploads\/2020\/11\/Schiessplatz_Duennwald_Stele_2-113x150.jpg 113w, https:\/\/www.friedenkoeln.de\/wp-content\/uploads\/2020\/11\/Schiessplatz_Duennwald_Stele_2-768x1024.jpg 768w, https:\/\/www.friedenkoeln.de\/wp-content\/uploads\/2020\/11\/Schiessplatz_Duennwald_Stele_2-1152x1536.jpg 1152w, https:\/\/www.friedenkoeln.de\/wp-content\/uploads\/2020\/11\/Schiessplatz_Duennwald_Stele_2-1536x2048.jpg 1536w\" sizes=\"auto, (max-width: 1920px) 100vw, 1920px\" \/><p id=\"caption-attachment-15535\" class=\"wp-caption-text\">Stele am ehemaligen Schie\u00dfplatz D\u00fcnnwald, 23.10.2019. Foto: History&amp;More (CC BY-SA 4.0)<\/p><\/div>\n","protected":false},"excerpt":{"rendered":"<p>Von Harald Fuchs, November 2020. WAS KANN MAN BESSERES TUN, ALS DEN KRIEG ZU VERRATEN? Dies ist die Inschrift eines Mahnmals am ehemaligen Schie\u00dfplatz der Reichswehr in K\u00f6ln-D\u00fcnnwald, das an dort erschossene Deserteure erinnert.&#46;&#46;&#46;<\/p>\n","protected":false},"author":110,"featured_media":0,"parent":15530,"menu_order":0,"comment_status":"closed","ping_status":"closed","template":"","meta":{"footnotes":""},"class_list":["post-15533","page","type-page","status-publish","hentry"],"_links":{"self":[{"href":"https:\/\/www.friedenkoeln.de\/index.php?rest_route=\/wp\/v2\/pages\/15533","targetHints":{"allow":["GET"]}}],"collection":[{"href":"https:\/\/www.friedenkoeln.de\/index.php?rest_route=\/wp\/v2\/pages"}],"about":[{"href":"https:\/\/www.friedenkoeln.de\/index.php?rest_route=\/wp\/v2\/types\/page"}],"author":[{"embeddable":true,"href":"https:\/\/www.friedenkoeln.de\/index.php?rest_route=\/wp\/v2\/users\/110"}],"replies":[{"embeddable":true,"href":"https:\/\/www.friedenkoeln.de\/index.php?rest_route=%2Fwp%2Fv2%2Fcomments&post=15533"}],"version-history":[{"count":2,"href":"https:\/\/www.friedenkoeln.de\/index.php?rest_route=\/wp\/v2\/pages\/15533\/revisions"}],"predecessor-version":[{"id":15537,"href":"https:\/\/www.friedenkoeln.de\/index.php?rest_route=\/wp\/v2\/pages\/15533\/revisions\/15537"}],"up":[{"embeddable":true,"href":"https:\/\/www.friedenkoeln.de\/index.php?rest_route=\/wp\/v2\/pages\/15530"}],"wp:attachment":[{"href":"https:\/\/www.friedenkoeln.de\/index.php?rest_route=%2Fwp%2Fv2%2Fmedia&parent=15533"}],"curies":[{"name":"wp","href":"https:\/\/api.w.org\/{rel}","templated":true}]}}

<p><em>Von Harald Fuchs, November 2020.</em></p>
<blockquote><p>WAS KANN MAN BESSERES TUN, ALS DEN KRIEG ZU VERRATEN?</p></blockquote>
<p>Dies ist die Inschrift eines Mahnmals am ehemaligen Schießplatz der Reichswehr in Köln-Dünnwald, das an dort erschossene Deserteure erinnert.</p>
<p>Es befindet sich unweit der Haltestelle der Buslinie 154 „Köln Kalkweg“. Aus Richtung Dellbrück kommend in den Waldweg nach rechts, Richtung „Hundepark“ und „Nobbies Waldhütte“. In <a href="https://www.google.de/maps/place/Stele+für+hingerichtete+Wehrmachtssoldaten/@50.9910695,7.0489244,16z/data=!4m5!3m4!1s0x47bf2941feeaa293:0x1619fa27c3812c78!8m2!3d50.9909902!4d7.0588794">google maps</a> ist die „Stele für hingerichtete Wehrmachtssoldaten“ eingezeichnet.</p>
<p>Die Gedenkstele wurde im September 2019 von der Stadt Köln errichtet und eingeweiht.<span class="Apple-converted-space"> </span></p>
<p>Die Inschrift ist ein Zitat des Deserteurs Ludwig Baumann, der auch eine wichtige Rolle in der Initiative für dieses Mahnmal spielte.</p>
<p>Wer möchte, kann einen Ausflug zu diesem sehenswerten Denkmal mit einem Besuch im Dünnwalder Tierpark oder im Waldbad Dünnwald oder dem Waldbad-Restaurant verbinden.</p>
<p>Weitere Informationen sind auf der Homepage des <a href="https://museenkoeln.de/ns-dokumentationszentrum/default.aspx?s=1859#b43316">NS-Dokumentationszentrums</a>.</p>
<div id="attachment_15535" style="width: 1930px" class="wp-caption aligncenter"><img loading="lazy" decoding="async" aria-describedby="caption-attachment-15535" class="size-full wp-image-15535" src="https://www.friedenkoeln.de/wp-content/uploads/2020/11/Schiessplatz_Duennwald_Stele_2-scaled.jpg" alt="Eine sehr hohe schlanke Betonsäule mit quer darauf angebrachter Schrift aus farbigen Metallbuchstaben in einem Frühlingswald vor leuchtend blauem Himmel." width="1920" height="2560" srcset="https://www.friedenkoeln.de/wp-content/uploads/2020/11/Schiessplatz_Duennwald_Stele_2-scaled.jpg 1920w, https://www.friedenkoeln.de/wp-content/uploads/2020/11/Schiessplatz_Duennwald_Stele_2-113x150.jpg 113w, https://www.friedenkoeln.de/wp-content/uploads/2020/11/Schiessplatz_Duennwald_Stele_2-768x1024.jpg 768w, https://www.friedenkoeln.de/wp-content/uploads/2020/11/Schiessplatz_Duennwald_Stele_2-1152x1536.jpg 1152w, https://www.friedenkoeln.de/wp-content/uploads/2020/11/Schiessplatz_Duennwald_Stele_2-1536x2048.jpg 1536w" sizes="auto, (max-width: 1920px) 100vw, 1920px" /><p id="caption-attachment-15535" class="wp-caption-text">Stele am ehemaligen Schießplatz Dünnwald, 23.10.2019. Foto: History&amp;More (CC BY-SA 4.0)</p></div>

<p>Von Harald Fuchs, November 2020. WAS KANN MAN BESSERES TUN, ALS DEN KRIEG ZU VERRATEN? Dies ist die Inschrift eines Mahnmals am ehemaligen Schießplatz der Reichswehr in Köln-Dünnwald, das an dort erschossene Deserteure erinnert.&#46;&#46;&#46;</p>
