{"id":16817,"date":"2021-05-10T06:52:05","date_gmt":"2021-05-10T04:52:05","guid":{"rendered":"https:\/\/www.friedenkoeln.de\/?page_id=16817"},"modified":"2021-05-11T16:34:18","modified_gmt":"2021-05-11T14:34:18","slug":"muelheim-krieg-faschismus-nie-wieder","status":"publish","type":"page","link":"https:\/\/www.friedenkoeln.de\/?page_id=16817","title":{"rendered":"K\u00f6ln-M\u00fclheim: &#8222;Krieg, Faschismus &#8211; nie wieder&#8220;"},"content":{"rendered":"<p><em>Von Harald Fuchs unter R\u00fcckgriff auf einen Text der Geschichtswerkstatt M\u00fclheim und der Friedensinitiative M\u00fclheim, Mai 2021<\/em><\/p>\n<p><em>Mit besonderem Dank an Helmut Goldau, Geschichtswerkstatt M\u00fclheim.<\/em><\/p>\n<hr \/>\n<p>Zwischen Wallstr. und Regentenstr. in K\u00f6ln-M\u00fclheim befindet sich der Ratsplatz, an dem vor der Bombardierung M\u00fclheims im 2.Weltkrieg das alte M\u00fclheimer Rathaus stand. Dort steht das Mahnmal &#8222;Nie wieder Krieg &#8211; Nie wieder Faschismus&#8220;.\u00a0 Es soll die Erinnerung an die grausigsten 12 Jahre und 4 Monate NS-Zeit wachhalten. Die Friedensinitiative M\u00fclheim l\u00e4dt jeweils zum 08.05. und 01.09. an diesem Ort zum Gedenken gegen Faschismus und Krieg ein.<\/p>\n<h6 style=\"text-align: center;\"><img loading=\"lazy\" decoding=\"async\" class=\"alignnone size-full wp-image-16819\" src=\"https:\/\/www.friedenkoeln.de\/wp-content\/uploads\/2021\/05\/Ratsplatz-8.5.2015.jpg\" alt=\"\" width=\"480\" height=\"321\" srcset=\"https:\/\/www.friedenkoeln.de\/wp-content\/uploads\/2021\/05\/Ratsplatz-8.5.2015.jpg 480w, https:\/\/www.friedenkoeln.de\/wp-content\/uploads\/2021\/05\/Ratsplatz-8.5.2015-200x134.jpg 200w\" sizes=\"auto, (max-width: 480px) 100vw, 480px\" \/>Foto: Geschichtswerkstatt<\/h6>\n<p align=\"CENTER\"><span style=\"font-size: large;\">Gemeinsames Gedenken am 08.05.2015<\/span><\/p>\n<p>Das Mahnmal wurde erstmalig zum 30. Januar 1984 am Wiener Platz aufgestellt, dem neuen Zentrum M\u00fclheims der Nachkriegszeit. Zu jener Zeit von Hochr\u00fcstung und Nato-Doppelbeschluss war es ein Geschenk der Friedensinitiative an die M\u00fclheimer \u201eB\u00fcrger\u201c. Die Erkl\u00e4rung zur Schenkung vom 01.02.1984 ist auf dieser Tafel zu lesen:<\/p>\n<p style=\"text-align: center;\"><img loading=\"lazy\" decoding=\"async\" class=\"alignnone size-full wp-image-16818\" src=\"https:\/\/www.friedenkoeln.de\/wp-content\/uploads\/2021\/05\/Schenkungserklaerung-1984-scaled.jpg\" alt=\"\" width=\"1805\" height=\"2560\" srcset=\"https:\/\/www.friedenkoeln.de\/wp-content\/uploads\/2021\/05\/Schenkungserklaerung-1984-scaled.jpg 1805w, https:\/\/www.friedenkoeln.de\/wp-content\/uploads\/2021\/05\/Schenkungserklaerung-1984-141x200.jpg 141w, https:\/\/www.friedenkoeln.de\/wp-content\/uploads\/2021\/05\/Schenkungserklaerung-1984-768x1089.jpg 768w, https:\/\/www.friedenkoeln.de\/wp-content\/uploads\/2021\/05\/Schenkungserklaerung-1984-1083x1536.jpg 1083w, https:\/\/www.friedenkoeln.de\/wp-content\/uploads\/2021\/05\/Schenkungserklaerung-1984-1444x2048.jpg 1444w\" sizes=\"auto, (max-width: 1805px) 100vw, 1805px\" \/><\/p>\n<p>&nbsp;<\/p>\n<p>Der Rat der Stadt K\u00f6ln hatte die Schenkung zwar angenommen, doch angeordnet, einen Standort im alten Zentrum M\u00fclheims zu w\u00e4hlen. Das Mahnmal wurde deshalb am 08.05.1985 zum 40. Jahrestag des Kriegsendes hier neu aufgestellt, wo unter der Adresse Wallstra\u00dfe 100 das Rathaus der Stadt M\u00fclheim stand.<\/p>\n<p>Die Aufstellung damals wurde eingeleitet durch eine Ansprache von Martha Mense, die als M\u00fclheimer Kommunistin im Widerstand mehrfach in NS-Haft war. \u00dcber sie und den Arbeiterwiderstand in M\u00fclheim wird in einer Brosch\u00fcre der Geschichtswerkstatt berichtet, die auf der <a href=\"http:\/\/www.geschichtswerkstatt-muelheim.de\/themen\/m%C3%BClheim-in-der-ns-zeit\/zeitzeugen-des-widerstands\/\">Internetseite der Geschichtswerkstatt<\/a> zu finden ist<\/p>\n<p>Das Mahnmal wurde geschaffen vom M\u00fclheimer K\u00fcnstler <strong>Winfried Bodemer (+)<\/strong>.<\/p>\n<p align=\"JUSTIFY\"><img loading=\"lazy\" decoding=\"async\" class=\"alignnone size-full wp-image-16820 aligncenter\" src=\"https:\/\/www.friedenkoeln.de\/wp-content\/uploads\/2021\/05\/Ratsplatz-1.9.2014.jpg\" alt=\"\" width=\"320\" height=\"480\" srcset=\"https:\/\/www.friedenkoeln.de\/wp-content\/uploads\/2021\/05\/Ratsplatz-1.9.2014.jpg 320w, https:\/\/www.friedenkoeln.de\/wp-content\/uploads\/2021\/05\/Ratsplatz-1.9.2014-133x200.jpg 133w\" sizes=\"auto, (max-width: 320px) 100vw, 320px\" \/><\/p>\n<p style=\"text-align: center;\" align=\"JUSTIFY\">Aufbereitung des Mahmals am 1.9.2014<\/p>\n<h6 style=\"text-align: center;\" align=\"JUSTIFY\">Foto: Geschichtswerkstatt<\/h6>\n<p>Zum 75. Jahrestag des &#8222;Tags der Befreiung&#8220; am 8.5.2020 erkl\u00e4rte die Friedensinitiative M\u00fclheim:<\/p>\n<blockquote><p>Wie vor 35 Jahren sind auch heute noch steigende R\u00fcstungsausgaben ein Grund mahnend dieser Zeit von Krieg und Faschismus zu gedenken. Die historische Erkl\u00e4rung zur Schenkung ist deshalb immer noch aktuell. Gewachsen ist inzwischen die Gefahr durch rechte Ideolog*en und Faschist*en, die leider inzwischen in fast allen Parlamenten vertreten sind.<\/p>\n<p>Heute, wo sich das Ende des Krieges zum 75. Mal j\u00e4hrt, kann, bedingt durch die Pandemie, leider nicht eingeladen werden, auch wenn der Grund mindestens so relevant ist wie in den vergangenen 35 Jahren. Wir unterst\u00fctzen deshalb die von Esther Bejarano und der VVN initiierte Petition, \u201eDen 08. Mai zum Feiertag machen!\u201c.<\/p><\/blockquote>\n<p>Das Mahnmal hat zum 75. Jahrestag Anfang Mai 2020 ein neues Fundament bekommen.<\/p>\n<p align=\"CENTER\"><img loading=\"lazy\" decoding=\"async\" class=\"alignnone size-full wp-image-16821\" src=\"https:\/\/www.friedenkoeln.de\/wp-content\/uploads\/2021\/05\/8.5.2021-scaled.jpg\" alt=\"\" width=\"1920\" height=\"2560\" srcset=\"https:\/\/www.friedenkoeln.de\/wp-content\/uploads\/2021\/05\/8.5.2021-scaled.jpg 1920w, https:\/\/www.friedenkoeln.de\/wp-content\/uploads\/2021\/05\/8.5.2021-150x200.jpg 150w, https:\/\/www.friedenkoeln.de\/wp-content\/uploads\/2021\/05\/8.5.2021-768x1024.jpg 768w, https:\/\/www.friedenkoeln.de\/wp-content\/uploads\/2021\/05\/8.5.2021-1152x1536.jpg 1152w, https:\/\/www.friedenkoeln.de\/wp-content\/uploads\/2021\/05\/8.5.2021-1536x2048.jpg 1536w\" sizes=\"auto, (max-width: 1920px) 100vw, 1920px\" \/><\/p>\n<p align=\"CENTER\">Das Mahnmal am 8.5.2021<\/p>\n<h6 align=\"CENTER\">Foto: Harald Fuchs<\/h6>\n<h6 align=\"CENTER\"><img loading=\"lazy\" decoding=\"async\" class=\"alignnone size-full wp-image-16822\" src=\"https:\/\/www.friedenkoeln.de\/wp-content\/uploads\/2021\/05\/8.5.21-c-scaled.jpg\" alt=\"\" width=\"2560\" height=\"1920\" srcset=\"https:\/\/www.friedenkoeln.de\/wp-content\/uploads\/2021\/05\/8.5.21-c-scaled.jpg 2560w, https:\/\/www.friedenkoeln.de\/wp-content\/uploads\/2021\/05\/8.5.21-c-200x150.jpg 200w, https:\/\/www.friedenkoeln.de\/wp-content\/uploads\/2021\/05\/8.5.21-c-768x576.jpg 768w, https:\/\/www.friedenkoeln.de\/wp-content\/uploads\/2021\/05\/8.5.21-c-1536x1152.jpg 1536w, https:\/\/www.friedenkoeln.de\/wp-content\/uploads\/2021\/05\/8.5.21-c-2048x1536.jpg 2048w\" sizes=\"auto, (max-width: 2560px) 100vw, 2560px\" \/>Foto: Harald Fuchs 2021<\/h6>\n<p align=\"CENTER\"><img loading=\"lazy\" decoding=\"async\" class=\"alignnone size-full wp-image-16824\" src=\"https:\/\/www.friedenkoeln.de\/wp-content\/uploads\/2021\/05\/8.5.2021-b-scaled.jpg\" alt=\"\" width=\"1920\" height=\"2560\" srcset=\"https:\/\/www.friedenkoeln.de\/wp-content\/uploads\/2021\/05\/8.5.2021-b-scaled.jpg 1920w, https:\/\/www.friedenkoeln.de\/wp-content\/uploads\/2021\/05\/8.5.2021-b-150x200.jpg 150w, https:\/\/www.friedenkoeln.de\/wp-content\/uploads\/2021\/05\/8.5.2021-b-768x1024.jpg 768w, https:\/\/www.friedenkoeln.de\/wp-content\/uploads\/2021\/05\/8.5.2021-b-1152x1536.jpg 1152w, https:\/\/www.friedenkoeln.de\/wp-content\/uploads\/2021\/05\/8.5.2021-b-1536x2048.jpg 1536w\" sizes=\"auto, (max-width: 1920px) 100vw, 1920px\" \/><\/p>\n<p align=\"CENTER\">8.5.2021<\/p>\n<h6 align=\"CENTER\">Foto: Harald Fuchs<\/h6>\n<p align=\"CENTER\"><img loading=\"lazy\" decoding=\"async\" class=\"alignnone size-full wp-image-16823\" src=\"https:\/\/www.friedenkoeln.de\/wp-content\/uploads\/2021\/05\/8.5.2020-scaled.jpg\" alt=\"\" width=\"1440\" height=\"2560\" srcset=\"https:\/\/www.friedenkoeln.de\/wp-content\/uploads\/2021\/05\/8.5.2020-scaled.jpg 1440w, https:\/\/www.friedenkoeln.de\/wp-content\/uploads\/2021\/05\/8.5.2020-113x200.jpg 113w, https:\/\/www.friedenkoeln.de\/wp-content\/uploads\/2021\/05\/8.5.2020-768x1365.jpg 768w, https:\/\/www.friedenkoeln.de\/wp-content\/uploads\/2021\/05\/8.5.2020-864x1536.jpg 864w, https:\/\/www.friedenkoeln.de\/wp-content\/uploads\/2021\/05\/8.5.2020-1152x2048.jpg 1152w\" sizes=\"auto, (max-width: 1440px) 100vw, 1440px\" \/><\/p>\n<p align=\"CENTER\">8.5.2020<\/p>\n<h6 align=\"CENTER\">Foto: Harald Fuchs<\/h6>\n","protected":false},"excerpt":{"rendered":"<p>Von Harald Fuchs unter R\u00fcckgriff auf einen Text der Geschichtswerkstatt M\u00fclheim und der Friedensinitiative M\u00fclheim, Mai 2021 Mit besonderem Dank an Helmut Goldau, Geschichtswerkstatt M\u00fclheim. Zwischen Wallstr. und Regentenstr. in K\u00f6ln-M\u00fclheim befindet sich der&#46;&#46;&#46;<\/p>\n","protected":false},"author":110,"featured_media":0,"parent":15530,"menu_order":1,"comment_status":"closed","ping_status":"closed","template":"","meta":{"footnotes":""},"class_list":["post-16817","page","type-page","status-publish","hentry"],"_links":{"self":[{"href":"https:\/\/www.friedenkoeln.de\/index.php?rest_route=\/wp\/v2\/pages\/16817","targetHints":{"allow":["GET"]}}],"collection":[{"href":"https:\/\/www.friedenkoeln.de\/index.php?rest_route=\/wp\/v2\/pages"}],"about":[{"href":"https:\/\/www.friedenkoeln.de\/index.php?rest_route=\/wp\/v2\/types\/page"}],"author":[{"embeddable":true,"href":"https:\/\/www.friedenkoeln.de\/index.php?rest_route=\/wp\/v2\/users\/110"}],"replies":[{"embeddable":true,"href":"https:\/\/www.friedenkoeln.de\/index.php?rest_route=%2Fwp%2Fv2%2Fcomments&post=16817"}],"version-history":[{"count":9,"href":"https:\/\/www.friedenkoeln.de\/index.php?rest_route=\/wp\/v2\/pages\/16817\/revisions"}],"predecessor-version":[{"id":16835,"href":"https:\/\/www.friedenkoeln.de\/index.php?rest_route=\/wp\/v2\/pages\/16817\/revisions\/16835"}],"up":[{"embeddable":true,"href":"https:\/\/www.friedenkoeln.de\/index.php?rest_route=\/wp\/v2\/pages\/15530"}],"wp:attachment":[{"href":"https:\/\/www.friedenkoeln.de\/index.php?rest_route=%2Fwp%2Fv2%2Fmedia&parent=16817"}],"curies":[{"name":"wp","href":"https:\/\/api.w.org\/{rel}","templated":true}]}}

Köln-Mülheim: &#8222;Krieg, Faschismus &#8211; nie wieder&#8220;

<p><em>Von Harald Fuchs unter Rückgriff auf einen Text der Geschichtswerkstatt Mülheim und der Friedensinitiative Mülheim, Mai 2021</em></p>
<p><em>Mit besonderem Dank an Helmut Goldau, Geschichtswerkstatt Mülheim.</em></p>
<hr />
<p>Zwischen Wallstr. und Regentenstr. in Köln-Mülheim befindet sich der Ratsplatz, an dem vor der Bombardierung Mülheims im 2.Weltkrieg das alte Mülheimer Rathaus stand. Dort steht das Mahnmal &#8222;Nie wieder Krieg &#8211; Nie wieder Faschismus&#8220;.  Es soll die Erinnerung an die grausigsten 12 Jahre und 4 Monate NS-Zeit wachhalten. Die Friedensinitiative Mülheim lädt jeweils zum 08.05. und 01.09. an diesem Ort zum Gedenken gegen Faschismus und Krieg ein.</p>
<h6 style="text-align: center;"><img loading="lazy" decoding="async" class="alignnone size-full wp-image-16819" src="https://www.friedenkoeln.de/wp-content/uploads/2021/05/Ratsplatz-8.5.2015.jpg" alt="" width="480" height="321" srcset="https://www.friedenkoeln.de/wp-content/uploads/2021/05/Ratsplatz-8.5.2015.jpg 480w, https://www.friedenkoeln.de/wp-content/uploads/2021/05/Ratsplatz-8.5.2015-200x134.jpg 200w" sizes="auto, (max-width: 480px) 100vw, 480px" />Foto: Geschichtswerkstatt</h6>
<p align="CENTER"><span style="font-size: large;">Gemeinsames Gedenken am 08.05.2015</span></p>
<p>Das Mahnmal wurde erstmalig zum 30. Januar 1984 am Wiener Platz aufgestellt, dem neuen Zentrum Mülheims der Nachkriegszeit. Zu jener Zeit von Hochrüstung und Nato-Doppelbeschluss war es ein Geschenk der Friedensinitiative an die Mülheimer „Bürger“. Die Erklärung zur Schenkung vom 01.02.1984 ist auf dieser Tafel zu lesen:</p>
<p style="text-align: center;"><img loading="lazy" decoding="async" class="alignnone size-full wp-image-16818" src="https://www.friedenkoeln.de/wp-content/uploads/2021/05/Schenkungserklaerung-1984-scaled.jpg" alt="" width="1805" height="2560" srcset="https://www.friedenkoeln.de/wp-content/uploads/2021/05/Schenkungserklaerung-1984-scaled.jpg 1805w, https://www.friedenkoeln.de/wp-content/uploads/2021/05/Schenkungserklaerung-1984-141x200.jpg 141w, https://www.friedenkoeln.de/wp-content/uploads/2021/05/Schenkungserklaerung-1984-768x1089.jpg 768w, https://www.friedenkoeln.de/wp-content/uploads/2021/05/Schenkungserklaerung-1984-1083x1536.jpg 1083w, https://www.friedenkoeln.de/wp-content/uploads/2021/05/Schenkungserklaerung-1984-1444x2048.jpg 1444w" sizes="auto, (max-width: 1805px) 100vw, 1805px" /></p>
<p>&nbsp;</p>
<p>Der Rat der Stadt Köln hatte die Schenkung zwar angenommen, doch angeordnet, einen Standort im alten Zentrum Mülheims zu wählen. Das Mahnmal wurde deshalb am 08.05.1985 zum 40. Jahrestag des Kriegsendes hier neu aufgestellt, wo unter der Adresse Wallstraße 100 das Rathaus der Stadt Mülheim stand.</p>
<p>Die Aufstellung damals wurde eingeleitet durch eine Ansprache von Martha Mense, die als Mülheimer Kommunistin im Widerstand mehrfach in NS-Haft war. Über sie und den Arbeiterwiderstand in Mülheim wird in einer Broschüre der Geschichtswerkstatt berichtet, die auf der <a href="http://www.geschichtswerkstatt-muelheim.de/themen/m%C3%BClheim-in-der-ns-zeit/zeitzeugen-des-widerstands/">Internetseite der Geschichtswerkstatt</a> zu finden ist</p>
<p>Das Mahnmal wurde geschaffen vom Mülheimer Künstler <strong>Winfried Bodemer (+)</strong>.</p>
<p align="JUSTIFY"><img loading="lazy" decoding="async" class="alignnone size-full wp-image-16820 aligncenter" src="https://www.friedenkoeln.de/wp-content/uploads/2021/05/Ratsplatz-1.9.2014.jpg" alt="" width="320" height="480" srcset="https://www.friedenkoeln.de/wp-content/uploads/2021/05/Ratsplatz-1.9.2014.jpg 320w, https://www.friedenkoeln.de/wp-content/uploads/2021/05/Ratsplatz-1.9.2014-133x200.jpg 133w" sizes="auto, (max-width: 320px) 100vw, 320px" /></p>
<p style="text-align: center;" align="JUSTIFY">Aufbereitung des Mahmals am 1.9.2014</p>
<h6 style="text-align: center;" align="JUSTIFY">Foto: Geschichtswerkstatt</h6>
<p>Zum 75. Jahrestag des &#8222;Tags der Befreiung&#8220; am 8.5.2020 erklärte die Friedensinitiative Mülheim:</p>
<blockquote><p>Wie vor 35 Jahren sind auch heute noch steigende Rüstungsausgaben ein Grund mahnend dieser Zeit von Krieg und Faschismus zu gedenken. Die historische Erklärung zur Schenkung ist deshalb immer noch aktuell. Gewachsen ist inzwischen die Gefahr durch rechte Ideolog*en und Faschist*en, die leider inzwischen in fast allen Parlamenten vertreten sind.</p>
<p>Heute, wo sich das Ende des Krieges zum 75. Mal jährt, kann, bedingt durch die Pandemie, leider nicht eingeladen werden, auch wenn der Grund mindestens so relevant ist wie in den vergangenen 35 Jahren. Wir unterstützen deshalb die von Esther Bejarano und der VVN initiierte Petition, „Den 08. Mai zum Feiertag machen!“.</p></blockquote>
<p>Das Mahnmal hat zum 75. Jahrestag Anfang Mai 2020 ein neues Fundament bekommen.</p>
<p align="CENTER"><img loading="lazy" decoding="async" class="alignnone size-full wp-image-16821" src="https://www.friedenkoeln.de/wp-content/uploads/2021/05/8.5.2021-scaled.jpg" alt="" width="1920" height="2560" srcset="https://www.friedenkoeln.de/wp-content/uploads/2021/05/8.5.2021-scaled.jpg 1920w, https://www.friedenkoeln.de/wp-content/uploads/2021/05/8.5.2021-150x200.jpg 150w, https://www.friedenkoeln.de/wp-content/uploads/2021/05/8.5.2021-768x1024.jpg 768w, https://www.friedenkoeln.de/wp-content/uploads/2021/05/8.5.2021-1152x1536.jpg 1152w, https://www.friedenkoeln.de/wp-content/uploads/2021/05/8.5.2021-1536x2048.jpg 1536w" sizes="auto, (max-width: 1920px) 100vw, 1920px" /></p>
<p align="CENTER">Das Mahnmal am 8.5.2021</p>
<h6 align="CENTER">Foto: Harald Fuchs</h6>
<h6 align="CENTER"><img loading="lazy" decoding="async" class="alignnone size-full wp-image-16822" src="https://www.friedenkoeln.de/wp-content/uploads/2021/05/8.5.21-c-scaled.jpg" alt="" width="2560" height="1920" srcset="https://www.friedenkoeln.de/wp-content/uploads/2021/05/8.5.21-c-scaled.jpg 2560w, https://www.friedenkoeln.de/wp-content/uploads/2021/05/8.5.21-c-200x150.jpg 200w, https://www.friedenkoeln.de/wp-content/uploads/2021/05/8.5.21-c-768x576.jpg 768w, https://www.friedenkoeln.de/wp-content/uploads/2021/05/8.5.21-c-1536x1152.jpg 1536w, https://www.friedenkoeln.de/wp-content/uploads/2021/05/8.5.21-c-2048x1536.jpg 2048w" sizes="auto, (max-width: 2560px) 100vw, 2560px" />Foto: Harald Fuchs 2021</h6>
<p align="CENTER"><img loading="lazy" decoding="async" class="alignnone size-full wp-image-16824" src="https://www.friedenkoeln.de/wp-content/uploads/2021/05/8.5.2021-b-scaled.jpg" alt="" width="1920" height="2560" srcset="https://www.friedenkoeln.de/wp-content/uploads/2021/05/8.5.2021-b-scaled.jpg 1920w, https://www.friedenkoeln.de/wp-content/uploads/2021/05/8.5.2021-b-150x200.jpg 150w, https://www.friedenkoeln.de/wp-content/uploads/2021/05/8.5.2021-b-768x1024.jpg 768w, https://www.friedenkoeln.de/wp-content/uploads/2021/05/8.5.2021-b-1152x1536.jpg 1152w, https://www.friedenkoeln.de/wp-content/uploads/2021/05/8.5.2021-b-1536x2048.jpg 1536w" sizes="auto, (max-width: 1920px) 100vw, 1920px" /></p>
<p align="CENTER">8.5.2021</p>
<h6 align="CENTER">Foto: Harald Fuchs</h6>
<p align="CENTER"><img loading="lazy" decoding="async" class="alignnone size-full wp-image-16823" src="https://www.friedenkoeln.de/wp-content/uploads/2021/05/8.5.2020-scaled.jpg" alt="" width="1440" height="2560" srcset="https://www.friedenkoeln.de/wp-content/uploads/2021/05/8.5.2020-scaled.jpg 1440w, https://www.friedenkoeln.de/wp-content/uploads/2021/05/8.5.2020-113x200.jpg 113w, https://www.friedenkoeln.de/wp-content/uploads/2021/05/8.5.2020-768x1365.jpg 768w, https://www.friedenkoeln.de/wp-content/uploads/2021/05/8.5.2020-864x1536.jpg 864w, https://www.friedenkoeln.de/wp-content/uploads/2021/05/8.5.2020-1152x2048.jpg 1152w" sizes="auto, (max-width: 1440px) 100vw, 1440px" /></p>
<p align="CENTER">8.5.2020</p>
<h6 align="CENTER">Foto: Harald Fuchs</h6>

<p>Von Harald Fuchs unter Rückgriff auf einen Text der Geschichtswerkstatt Mülheim und der Friedensinitiative Mülheim, Mai 2021 Mit besonderem Dank an Helmut Goldau, Geschichtswerkstatt Mülheim. Zwischen Wallstr. und Regentenstr. in Köln-Mülheim befindet sich der&#46;&#46;&#46;</p>
