{"id":17233,"date":"2022-08-30T15:39:04","date_gmt":"2022-08-30T13:39:04","guid":{"rendered":"https:\/\/www.friedenkoeln.de\/?page_id=17233"},"modified":"2022-08-30T15:39:04","modified_gmt":"2022-08-30T13:39:04","slug":"mitglied-werden","status":"publish","type":"page","link":"https:\/\/www.friedenkoeln.de\/?page_id=17233","title":{"rendered":"Mitglied werden!"},"content":{"rendered":"<p>Wenn Du mit unserer <a href=\"https:\/\/www.friedenkoeln.de\/?page_id=10134\">Grundsatzerkl\u00e4rung<\/a> einverstanden bist, kannst Du bei uns Mitglied werden.<\/p>\n<p>Den Mitgliedsantrag erh\u00e4ltst Du entweder auf Papier in unserem B\u00fcro oder bei einem Gruppentreffen, oder Du stellst den Antrag gleich <a href=\"https:\/\/dfg-vk.de\/mitglied-werden\/\">online<\/a> auf der Seite des DFG-VK-Bundesverbandes.<\/p>\n<p>In unserer K\u00f6lner Gruppe orientieren wir uns am Konsensprinzip, das hei\u00dft, wir versuchen, Entscheidungen m\u00f6glichst einstimmig zu treffen. Wir haben in einer \u201e<a href=\"https:\/\/www.friedenkoeln.de\/wp-content\/uploads\/2018\/05\/Regelsammlung-der-DFG-VK-Gr-K\u00f6ln_Beschluss-24-5-18_final.pdf\">Regelsammlung<\/a>\u201c aufgeschrieben, wie wir uns \u00fcblicherweise organisieren.<\/p>\n","protected":false},"excerpt":{"rendered":"<p>Wenn Du mit unserer Grundsatzerkl\u00e4rung einverstanden bist, kannst Du bei uns Mitglied werden. Den Mitgliedsantrag erh\u00e4ltst Du entweder auf Papier in unserem B\u00fcro oder bei einem Gruppentreffen, oder Du stellst den Antrag gleich online&#46;&#46;&#46;<\/p>\n","protected":false},"author":110,"featured_media":0,"parent":10849,"menu_order":0,"comment_status":"closed","ping_status":"closed","template":"","meta":{"footnotes":""},"class_list":["post-17233","page","type-page","status-publish","hentry"],"_links":{"self":[{"href":"https:\/\/www.friedenkoeln.de\/index.php?rest_route=\/wp\/v2\/pages\/17233","targetHints":{"allow":["GET"]}}],"collection":[{"href":"https:\/\/www.friedenkoeln.de\/index.php?rest_route=\/wp\/v2\/pages"}],"about":[{"href":"https:\/\/www.friedenkoeln.de\/index.php?rest_route=\/wp\/v2\/types\/page"}],"author":[{"embeddable":true,"href":"https:\/\/www.friedenkoeln.de\/index.php?rest_route=\/wp\/v2\/users\/110"}],"replies":[{"embeddable":true,"href":"https:\/\/www.friedenkoeln.de\/index.php?rest_route=%2Fwp%2Fv2%2Fcomments&post=17233"}],"version-history":[{"count":3,"href":"https:\/\/www.friedenkoeln.de\/index.php?rest_route=\/wp\/v2\/pages\/17233\/revisions"}],"predecessor-version":[{"id":17236,"href":"https:\/\/www.friedenkoeln.de\/index.php?rest_route=\/wp\/v2\/pages\/17233\/revisions\/17236"}],"up":[{"embeddable":true,"href":"https:\/\/www.friedenkoeln.de\/index.php?rest_route=\/wp\/v2\/pages\/10849"}],"wp:attachment":[{"href":"https:\/\/www.friedenkoeln.de\/index.php?rest_route=%2Fwp%2Fv2%2Fmedia&parent=17233"}],"curies":[{"name":"wp","href":"https:\/\/api.w.org\/{rel}","templated":true}]}}

<p>Wenn Du mit unserer <a href="https://www.friedenkoeln.de/?page_id=10134">Grundsatzerklärung</a> einverstanden bist, kannst Du bei uns Mitglied werden.</p>
<p>Den Mitgliedsantrag erhältst Du entweder auf Papier in unserem Büro oder bei einem Gruppentreffen, oder Du stellst den Antrag gleich <a href="https://dfg-vk.de/mitglied-werden/">online</a> auf der Seite des DFG-VK-Bundesverbandes.</p>
<p>In unserer Kölner Gruppe orientieren wir uns am Konsensprinzip, das heißt, wir versuchen, Entscheidungen möglichst einstimmig zu treffen. Wir haben in einer „<a href="https://www.friedenkoeln.de/wp-content/uploads/2018/05/Regelsammlung-der-DFG-VK-Gr-Köln_Beschluss-24-5-18_final.pdf">Regelsammlung</a>“ aufgeschrieben, wie wir uns üblicherweise organisieren.</p>

<p>Wenn Du mit unserer Grundsatzerklärung einverstanden bist, kannst Du bei uns Mitglied werden. Den Mitgliedsantrag erhältst Du entweder auf Papier in unserem Büro oder bei einem Gruppentreffen, oder Du stellst den Antrag gleich online&#46;&#46;&#46;</p>
