{"id":17979,"date":"2024-01-18T16:26:26","date_gmt":"2024-01-18T15:26:26","guid":{"rendered":"https:\/\/www.friedenkoeln.de\/?page_id=17979"},"modified":"2024-01-18T16:26:26","modified_gmt":"2024-01-18T15:26:26","slug":"internationaler-soldatengottesdienst-2024","status":"publish","type":"page","link":"https:\/\/www.friedenkoeln.de\/?page_id=17979","title":{"rendered":"Internationaler Soldatengottesdienst 2024"},"content":{"rendered":"<div class=\"rl-gallery-container rl-loading\" id=\"rl-gallery-container-1\" data-gallery_id=\"17977\"> <div class=\"rl-gallery rl-basicgrid-gallery \" id=\"rl-gallery-1\" data-gallery_no=\"1\"> <div class=\"rl-gallery-item\"><a href=\"https:\/\/www.friedenkoeln.de\/wp-content\/uploads\/2024\/01\/IMG_8087-scaled.jpeg\" title=\"\" data-rl_title=\"\" class=\"rl-gallery-link\" data-rl_caption=\"Mahnwache gegen den Internationalen Soldatengottesdienst im K\u00f6lner Dom, 18.1.2024. Foto: Stefanie Intveen\" data-rel=\"lightbox-gallery-1\"><img loading=\"lazy\" decoding=\"async\" src=\"https:\/\/www.friedenkoeln.de\/wp-content\/uploads\/2024\/01\/IMG_8087-500x500.jpeg\" width=\"500\" height=\"500\" alt=\"Mehrere Menschen in Winterkleidung, davon einige als Skelett mit olivfarbenem Soldatenhelm verkleidet stehen vor dem Domforum und Gesch\u00e4ftsgeb\u00e4uden.\" \/><span class=\"rl-gallery-caption\"><span class=\"rl-gallery-item-caption\">Mahnwache gegen den Internationalen Soldatengottesdienst im K\u00f6lner Dom, 18.1.2024. Foto: Stefanie Intveen<\/span><\/span><\/a><\/div><div class=\"rl-gallery-item\"><a href=\"https:\/\/www.friedenkoeln.de\/wp-content\/uploads\/2024\/01\/DSC_0059-scaled.jpg\" title=\"\" data-rl_title=\"\" class=\"rl-gallery-link\" data-rl_caption=\"Mahnwache gegen den Internationalen Soldatengottesdienst im K\u00f6lner Dom, 18.1.2024. Foto: Stefanie Intveen\" data-rel=\"lightbox-gallery-1\"><img loading=\"lazy\" decoding=\"async\" src=\"https:\/\/www.friedenkoeln.de\/wp-content\/uploads\/2024\/01\/DSC_0059-500x500.jpg\" width=\"500\" height=\"500\" alt=\"Blick von hinten durch ein Transparent auf das Hauptportal des K\u00f6lner Doms, auf dessen Simsen Schnee liegt.\" \/><span class=\"rl-gallery-caption\"><span class=\"rl-gallery-item-caption\">Mahnwache gegen den Internationalen Soldatengottesdienst im K\u00f6lner Dom, 18.1.2024. Foto: Stefanie Intveen<\/span><\/span><\/a><\/div><div class=\"rl-gallery-item\"><a href=\"https:\/\/www.friedenkoeln.de\/wp-content\/uploads\/2024\/01\/DSC_0056-scaled.jpg\" title=\"\" data-rl_title=\"\" class=\"rl-gallery-link\" data-rl_caption=\"Flyer verteilen zum Internationalen Soldatengottesdienst, Hohe Stra\u00dfe, K\u00f6ln, 18.1.2024. Foto: Stefanie Intveen\" data-rel=\"lightbox-gallery-1\"><img loading=\"lazy\" decoding=\"async\" src=\"https:\/\/www.friedenkoeln.de\/wp-content\/uploads\/2024\/01\/DSC_0056-500x500.jpg\" width=\"500\" height=\"500\" alt=\"Ein \u00e4lterer Herr in Winterkleidung und mit regenbogenfarbener PACE-Flagge spricht mit einem Passanten in einer Gesch\u00e4ftsstra\u00dfe.\" \/><span class=\"rl-gallery-caption\"><span class=\"rl-gallery-item-caption\">Flyer verteilen zum Internationalen Soldatengottesdienst, Hohe Stra\u00dfe, K\u00f6ln, 18.1.2024. Foto: Stefanie Intveen<\/span><\/span><\/a><\/div><div class=\"rl-gallery-item\"><a href=\"https:\/\/www.friedenkoeln.de\/wp-content\/uploads\/2024\/01\/DSC_0061-scaled.jpg\" title=\"\" data-rl_title=\"\" class=\"rl-gallery-link\" data-rl_caption=\"&quot;Kein Milit\u00e4r&quot;. Mahnwache gegen den Internationalen Soldatengottesdienst im K\u00f6lner Dom, 18.1.2024. Foto: Stefanie Intveen\" data-rel=\"lightbox-gallery-1\"><img loading=\"lazy\" decoding=\"async\" src=\"https:\/\/www.friedenkoeln.de\/wp-content\/uploads\/2024\/01\/DSC_0061-500x500.jpg\" width=\"500\" height=\"500\" alt=\"Blick von hinten durch ein Transparent auf das Hauptportal des K\u00f6lner Doms, vor dem Soldaten stehen.\" \/><span class=\"rl-gallery-caption\"><span class=\"rl-gallery-item-caption\">&quot;Kein Milit\u00e4r&quot;. Mahnwache gegen den Internationalen Soldatengottesdienst im K\u00f6lner Dom, 18.1.2024. Foto: Stefanie Intveen<\/span><\/span><\/a><\/div><div class=\"rl-gallery-item\"><a href=\"https:\/\/www.friedenkoeln.de\/wp-content\/uploads\/2024\/01\/DSC_0062-scaled.jpg\" title=\"\" data-rl_title=\"\" class=\"rl-gallery-link\" data-rl_caption=\"Internationaler Soldatengottesdienst, K\u00f6lner Dom, 18.1.2024. Foto: Stefanie Intveen\" data-rel=\"lightbox-gallery-1\"><img loading=\"lazy\" decoding=\"async\" src=\"https:\/\/www.friedenkoeln.de\/wp-content\/uploads\/2024\/01\/DSC_0062-500x500.jpg\" width=\"500\" height=\"500\" alt=\"\" \/><span class=\"rl-gallery-caption\"><span class=\"rl-gallery-item-caption\">Internationaler Soldatengottesdienst, K\u00f6lner Dom, 18.1.2024. Foto: Stefanie Intveen<\/span><\/span><\/a><\/div><div class=\"rl-gallery-item\"><a href=\"https:\/\/www.friedenkoeln.de\/wp-content\/uploads\/2024\/01\/DSC_0067-1-scaled.jpg\" title=\"\" data-rl_title=\"\" class=\"rl-gallery-link\" data-rl_caption=\"&quot;In betenden H\u00e4nden ist die Waffe vor Missbrauch sicher.&quot; Mahnwache beim Internationalen Soldatengottesdienst K\u00f6ln, 18.1.2024. Foto: Stefanie Intveen\" data-rel=\"lightbox-gallery-1\"><img loading=\"lazy\" decoding=\"async\" src=\"https:\/\/www.friedenkoeln.de\/wp-content\/uploads\/2024\/01\/DSC_0067-1-500x500.jpg\" width=\"500\" height=\"500\" alt=\"Drei als Skelette mit Soldatenhelm verkleidete Menschen vor einem Transparent.\" \/><span class=\"rl-gallery-caption\"><span class=\"rl-gallery-item-caption\">&quot;In betenden H\u00e4nden ist die Waffe vor Missbrauch sicher.&quot; Mahnwache beim Internationalen Soldatengottesdienst K\u00f6ln, 18.1.2024. Foto: Stefanie Intveen<\/span><\/span><\/a><\/div><div class=\"rl-gallery-item\"><a href=\"https:\/\/www.friedenkoeln.de\/wp-content\/uploads\/2024\/01\/DSC_0073-scaled.jpg\" title=\"\" data-rl_title=\"\" class=\"rl-gallery-link\" data-rl_caption=\"&quot;Kein Milit\u00e4r im Dom! Soldatengottesdienst: Nein!&quot; Mahnwache beim Internationalen Soldatengottesdienst K\u00f6ln, 18.1.2024. Foto: Stefanie Intveen\" data-rel=\"lightbox-gallery-1\"><img loading=\"lazy\" decoding=\"async\" src=\"https:\/\/www.friedenkoeln.de\/wp-content\/uploads\/2024\/01\/DSC_0073-500x500.jpg\" width=\"500\" height=\"500\" alt=\"Drei als Skelette mit Soldatenhelm verkleidete Menschen vor einem Transparent.\" \/><span class=\"rl-gallery-caption\"><span class=\"rl-gallery-item-caption\">&quot;Kein Milit\u00e4r im Dom! Soldatengottesdienst: Nein!&quot; Mahnwache beim Internationalen Soldatengottesdienst K\u00f6ln, 18.1.2024. Foto: Stefanie Intveen<\/span><\/span><\/a><\/div> <\/div> <\/div>\n","protected":false},"excerpt":{"rendered":"","protected":false},"author":110,"featured_media":0,"parent":16490,"menu_order":0,"comment_status":"closed","ping_status":"closed","template":"","meta":{"footnotes":""},"class_list":["post-17979","page","type-page","status-publish","hentry"],"_links":{"self":[{"href":"https:\/\/www.friedenkoeln.de\/index.php?rest_route=\/wp\/v2\/pages\/17979","targetHints":{"allow":["GET"]}}],"collection":[{"href":"https:\/\/www.friedenkoeln.de\/index.php?rest_route=\/wp\/v2\/pages"}],"about":[{"href":"https:\/\/www.friedenkoeln.de\/index.php?rest_route=\/wp\/v2\/types\/page"}],"author":[{"embeddable":true,"href":"https:\/\/www.friedenkoeln.de\/index.php?rest_route=\/wp\/v2\/users\/110"}],"replies":[{"embeddable":true,"href":"https:\/\/www.friedenkoeln.de\/index.php?rest_route=%2Fwp%2Fv2%2Fcomments&post=17979"}],"version-history":[{"count":1,"href":"https:\/\/www.friedenkoeln.de\/index.php?rest_route=\/wp\/v2\/pages\/17979\/revisions"}],"predecessor-version":[{"id":17980,"href":"https:\/\/www.friedenkoeln.de\/index.php?rest_route=\/wp\/v2\/pages\/17979\/revisions\/17980"}],"up":[{"embeddable":true,"href":"https:\/\/www.friedenkoeln.de\/index.php?rest_route=\/wp\/v2\/pages\/16490"}],"wp:attachment":[{"href":"https:\/\/www.friedenkoeln.de\/index.php?rest_route=%2Fwp%2Fv2%2Fmedia&parent=17979"}],"curies":[{"name":"wp","href":"https:\/\/api.w.org\/{rel}","templated":true}]}}

<div class="rl-gallery-container rl-loading" id="rl-gallery-container-1" data-gallery_id="17977"> <div class="rl-gallery rl-basicgrid-gallery " id="rl-gallery-1" data-gallery_no="1"> <div class="rl-gallery-item"><a href="https://www.friedenkoeln.de/wp-content/uploads/2024/01/IMG_8087-scaled.jpeg" title="" data-rl_title="" class="rl-gallery-link" data-rl_caption="Mahnwache gegen den Internationalen Soldatengottesdienst im Kölner Dom, 18.1.2024. Foto: Stefanie Intveen" data-rel="lightbox-gallery-1"><img loading="lazy" decoding="async" src="https://www.friedenkoeln.de/wp-content/uploads/2024/01/IMG_8087-500x500.jpeg" width="500" height="500" alt="Mehrere Menschen in Winterkleidung, davon einige als Skelett mit olivfarbenem Soldatenhelm verkleidet stehen vor dem Domforum und Geschäftsgebäuden." /><span class="rl-gallery-caption"><span class="rl-gallery-item-caption">Mahnwache gegen den Internationalen Soldatengottesdienst im Kölner Dom, 18.1.2024. Foto: Stefanie Intveen</span></span></a></div><div class="rl-gallery-item"><a href="https://www.friedenkoeln.de/wp-content/uploads/2024/01/DSC_0059-scaled.jpg" title="" data-rl_title="" class="rl-gallery-link" data-rl_caption="Mahnwache gegen den Internationalen Soldatengottesdienst im Kölner Dom, 18.1.2024. Foto: Stefanie Intveen" data-rel="lightbox-gallery-1"><img loading="lazy" decoding="async" src="https://www.friedenkoeln.de/wp-content/uploads/2024/01/DSC_0059-500x500.jpg" width="500" height="500" alt="Blick von hinten durch ein Transparent auf das Hauptportal des Kölner Doms, auf dessen Simsen Schnee liegt." /><span class="rl-gallery-caption"><span class="rl-gallery-item-caption">Mahnwache gegen den Internationalen Soldatengottesdienst im Kölner Dom, 18.1.2024. Foto: Stefanie Intveen</span></span></a></div><div class="rl-gallery-item"><a href="https://www.friedenkoeln.de/wp-content/uploads/2024/01/DSC_0056-scaled.jpg" title="" data-rl_title="" class="rl-gallery-link" data-rl_caption="Flyer verteilen zum Internationalen Soldatengottesdienst, Hohe Straße, Köln, 18.1.2024. Foto: Stefanie Intveen" data-rel="lightbox-gallery-1"><img loading="lazy" decoding="async" src="https://www.friedenkoeln.de/wp-content/uploads/2024/01/DSC_0056-500x500.jpg" width="500" height="500" alt="Ein älterer Herr in Winterkleidung und mit regenbogenfarbener PACE-Flagge spricht mit einem Passanten in einer Geschäftsstraße." /><span class="rl-gallery-caption"><span class="rl-gallery-item-caption">Flyer verteilen zum Internationalen Soldatengottesdienst, Hohe Straße, Köln, 18.1.2024. Foto: Stefanie Intveen</span></span></a></div><div class="rl-gallery-item"><a href="https://www.friedenkoeln.de/wp-content/uploads/2024/01/DSC_0061-scaled.jpg" title="" data-rl_title="" class="rl-gallery-link" data-rl_caption="&quot;Kein Militär&quot;. Mahnwache gegen den Internationalen Soldatengottesdienst im Kölner Dom, 18.1.2024. Foto: Stefanie Intveen" data-rel="lightbox-gallery-1"><img loading="lazy" decoding="async" src="https://www.friedenkoeln.de/wp-content/uploads/2024/01/DSC_0061-500x500.jpg" width="500" height="500" alt="Blick von hinten durch ein Transparent auf das Hauptportal des Kölner Doms, vor dem Soldaten stehen." /><span class="rl-gallery-caption"><span class="rl-gallery-item-caption">&quot;Kein Militär&quot;. Mahnwache gegen den Internationalen Soldatengottesdienst im Kölner Dom, 18.1.2024. Foto: Stefanie Intveen</span></span></a></div><div class="rl-gallery-item"><a href="https://www.friedenkoeln.de/wp-content/uploads/2024/01/DSC_0062-scaled.jpg" title="" data-rl_title="" class="rl-gallery-link" data-rl_caption="Internationaler Soldatengottesdienst, Kölner Dom, 18.1.2024. Foto: Stefanie Intveen" data-rel="lightbox-gallery-1"><img loading="lazy" decoding="async" src="https://www.friedenkoeln.de/wp-content/uploads/2024/01/DSC_0062-500x500.jpg" width="500" height="500" alt="" /><span class="rl-gallery-caption"><span class="rl-gallery-item-caption">Internationaler Soldatengottesdienst, Kölner Dom, 18.1.2024. Foto: Stefanie Intveen</span></span></a></div><div class="rl-gallery-item"><a href="https://www.friedenkoeln.de/wp-content/uploads/2024/01/DSC_0067-1-scaled.jpg" title="" data-rl_title="" class="rl-gallery-link" data-rl_caption="&quot;In betenden Händen ist die Waffe vor Missbrauch sicher.&quot; Mahnwache beim Internationalen Soldatengottesdienst Köln, 18.1.2024. Foto: Stefanie Intveen" data-rel="lightbox-gallery-1"><img loading="lazy" decoding="async" src="https://www.friedenkoeln.de/wp-content/uploads/2024/01/DSC_0067-1-500x500.jpg" width="500" height="500" alt="Drei als Skelette mit Soldatenhelm verkleidete Menschen vor einem Transparent." /><span class="rl-gallery-caption"><span class="rl-gallery-item-caption">&quot;In betenden Händen ist die Waffe vor Missbrauch sicher.&quot; Mahnwache beim Internationalen Soldatengottesdienst Köln, 18.1.2024. Foto: Stefanie Intveen</span></span></a></div><div class="rl-gallery-item"><a href="https://www.friedenkoeln.de/wp-content/uploads/2024/01/DSC_0073-scaled.jpg" title="" data-rl_title="" class="rl-gallery-link" data-rl_caption="&quot;Kein Militär im Dom! Soldatengottesdienst: Nein!&quot; Mahnwache beim Internationalen Soldatengottesdienst Köln, 18.1.2024. Foto: Stefanie Intveen" data-rel="lightbox-gallery-1"><img loading="lazy" decoding="async" src="https://www.friedenkoeln.de/wp-content/uploads/2024/01/DSC_0073-500x500.jpg" width="500" height="500" alt="Drei als Skelette mit Soldatenhelm verkleidete Menschen vor einem Transparent." /><span class="rl-gallery-caption"><span class="rl-gallery-item-caption">&quot;Kein Militär im Dom! Soldatengottesdienst: Nein!&quot; Mahnwache beim Internationalen Soldatengottesdienst Köln, 18.1.2024. Foto: Stefanie Intveen</span></span></a></div> </div> </div>
