{"id":18047,"date":"2024-02-06T16:52:41","date_gmt":"2024-02-06T15:52:41","guid":{"rendered":"https:\/\/www.friedenkoeln.de\/?page_id=18047"},"modified":"2024-02-06T16:54:43","modified_gmt":"2024-02-06T15:54:43","slug":"free-assange-beim-geisterzug-2024","status":"publish","type":"page","link":"https:\/\/www.friedenkoeln.de\/?page_id=18047","title":{"rendered":"Free Assange beim Geisterzug 2024"},"content":{"rendered":"<div class=\"rl-gallery-container rl-loading\" id=\"rl-gallery-container-1\" data-gallery_id=\"18044\"> <div class=\"rl-gallery rl-basicgrid-gallery \" id=\"rl-gallery-1\" data-gallery_no=\"1\"> <div class=\"rl-gallery-item\"><a href=\"https:\/\/www.friedenkoeln.de\/wp-content\/uploads\/2024\/02\/IMG_3667.jpg\" title=\"\" data-rl_title=\"\" class=\"rl-gallery-link\" data-rl_caption=\"Joe Biden mit Julian Assange am 3.2.2024 beim Geisterzug in K\u00f6ln. Foto: privat\" data-rel=\"lightbox-gallery-1\"><img loading=\"lazy\" decoding=\"async\" src=\"https:\/\/www.friedenkoeln.de\/wp-content\/uploads\/2024\/02\/IMG_3667-500x500.jpg\" width=\"500\" height=\"500\" alt=\"Als Joe Biden verkleidete Person h\u00e4lt eine Kette, mit der &quot;Julian Assange&quot; in orangefarbener Gef\u00e4ngnis-Kluft gefesselt ist. Im Vordergrund eine Frau mit Clown-Nase und Lichterkette vor einem nebligen Abendhimmel und anderen Leuten.\" \/><span class=\"rl-gallery-caption\"><span class=\"rl-gallery-item-caption\">Joe Biden mit Julian Assange am 3.2.2024 beim Geisterzug in K\u00f6ln. Foto: privat<\/span><\/span><\/a><\/div><div class=\"rl-gallery-item\"><a href=\"https:\/\/www.friedenkoeln.de\/wp-content\/uploads\/2024\/02\/IMG_3669.jpg\" title=\"\" data-rl_title=\"\" class=\"rl-gallery-link\" data-rl_caption=\"Joe Biden mit Olaf Scholz und Rishi Sunak am 3.2.2024 beim Geisterzug in K\u00f6ln. Foto: privat\" data-rel=\"lightbox-gallery-1\"><img loading=\"lazy\" decoding=\"async\" src=\"https:\/\/www.friedenkoeln.de\/wp-content\/uploads\/2024\/02\/IMG_3669-500x500.jpg\" width=\"500\" height=\"500\" alt=\"Joe Biden mit Olaf Scholz und Rishi Sunak, die je ein &quot;Julian Assange&quot;-Schild halten. Im Hintergrund eine n\u00e4chtliche, neblige Stra\u00dfe mit weiteren Leuten.\" \/><span class=\"rl-gallery-caption\"><span class=\"rl-gallery-item-caption\">Joe Biden mit Olaf Scholz und Rishi Sunak am 3.2.2024 beim Geisterzug in K\u00f6ln. Foto: privat<\/span><\/span><\/a><\/div><div class=\"rl-gallery-item\"><a href=\"https:\/\/www.friedenkoeln.de\/wp-content\/uploads\/2024\/02\/IMG_3670.jpg\" title=\"\" data-rl_title=\"\" class=\"rl-gallery-link\" data-rl_caption=\"Rishi Sunak tritt am 3.2.2024 beim Geisterzug in K\u00f6ln f\u00fcr &quot;Rechtsstaatlichkeit&quot; ein. Foto: privat\" data-rel=\"lightbox-gallery-1\"><img loading=\"lazy\" decoding=\"async\" src=\"https:\/\/www.friedenkoeln.de\/wp-content\/uploads\/2024\/02\/IMG_3670-500x500.jpg\" width=\"500\" height=\"500\" alt=\"Eine Gruppe verkleideter Leute mit &quot;Free-Assange&quot;-Schildern in einer n\u00e4chtlich beleuchteten Stra\u00dfe.\" \/><span class=\"rl-gallery-caption\"><span class=\"rl-gallery-item-caption\">Rishi Sunak tritt am 3.2.2024 beim Geisterzug in K\u00f6ln f\u00fcr &quot;Rechtsstaatlichkeit&quot; ein. Foto: privat<\/span><\/span><\/a><\/div><div class=\"rl-gallery-item\"><a href=\"https:\/\/www.friedenkoeln.de\/wp-content\/uploads\/2024\/02\/IMG_3672.jpg\" title=\"\" data-rl_title=\"\" class=\"rl-gallery-link\" data-rl_caption=\"&quot;Fee-Assange&quot;-Arbeitskreis der DFG-VK Gruppe K\u00f6ln beim Geisterzug am 3.2.2024. Foto: privat\" data-rel=\"lightbox-gallery-1\"><img loading=\"lazy\" decoding=\"async\" src=\"https:\/\/www.friedenkoeln.de\/wp-content\/uploads\/2024\/02\/IMG_3672-500x500.jpg\" width=\"500\" height=\"500\" alt=\"Eine Frau in wei\u00dfem Overall h\u00e4lt ein gro\u00dfes Schild &quot;Free Assange K\u00f6ln&quot;.\" \/><span class=\"rl-gallery-caption\"><span class=\"rl-gallery-item-caption\">&quot;Fee-Assange&quot;-Arbeitskreis der DFG-VK Gruppe K\u00f6ln beim Geisterzug am 3.2.2024. Foto: privat<\/span><\/span><\/a><\/div><div class=\"rl-gallery-item\"><a href=\"https:\/\/www.friedenkoeln.de\/wp-content\/uploads\/2024\/02\/IMG_3674.jpg\" title=\"\" data-rl_title=\"\" class=\"rl-gallery-link\" data-rl_caption=\"Annalena Baerbock tritt am 3.2.2024 beim Geisterzug in K\u00f6ln f\u00fcr Menschenrechte ein. Foto: privat\" data-rel=\"lightbox-gallery-1\"><img loading=\"lazy\" decoding=\"async\" src=\"https:\/\/www.friedenkoeln.de\/wp-content\/uploads\/2024\/02\/IMG_3674-500x500.jpg\" width=\"500\" height=\"500\" alt=\"\" \/><span class=\"rl-gallery-caption\"><span class=\"rl-gallery-item-caption\">Annalena Baerbock tritt am 3.2.2024 beim Geisterzug in K\u00f6ln f\u00fcr Menschenrechte ein. Foto: privat<\/span><\/span><\/a><\/div><div class=\"rl-gallery-item\"><a href=\"https:\/\/www.friedenkoeln.de\/wp-content\/uploads\/2024\/02\/IMG_3675.jpg\" title=\"\" data-rl_title=\"\" class=\"rl-gallery-link\" data-rl_caption=\"Joe Biden mit dem gefesselten Julian Assange beim Geisterzug in K\u00f6ln am 3.2.2024. Foto: privat\" data-rel=\"lightbox-gallery-1\"><img loading=\"lazy\" decoding=\"async\" src=\"https:\/\/www.friedenkoeln.de\/wp-content\/uploads\/2024\/02\/IMG_3675-500x500.jpg\" width=\"500\" height=\"500\" alt=\"Szene in n\u00e4chtlich beleuchteter Stra\u00dfe mit mehreren Leuten.\" \/><span class=\"rl-gallery-caption\"><span class=\"rl-gallery-item-caption\">Joe Biden mit dem gefesselten Julian Assange beim Geisterzug in K\u00f6ln am 3.2.2024. Foto: privat<\/span><\/span><\/a><\/div><div class=\"rl-gallery-item\"><a href=\"https:\/\/www.friedenkoeln.de\/wp-content\/uploads\/2024\/02\/IMG_3676.jpg\" title=\"\" data-rl_title=\"\" class=\"rl-gallery-link\" data-rl_caption=\"Julian Assange tritt auf dem Geisterzug in K\u00f6ln am 3.2.2024 f\u00fcr Pressefreiheit ein, ist aber durch Joe Biden angekettet. Foto: privat\" data-rel=\"lightbox-gallery-1\"><img loading=\"lazy\" decoding=\"async\" src=\"https:\/\/www.friedenkoeln.de\/wp-content\/uploads\/2024\/02\/IMG_3676-500x500.jpg\" width=\"500\" height=\"500\" alt=\"Hinter Joe Biden und Julian Assange sind weitere Leute zu sehen, die &quot;Julian-Assange&quot;-Schilder hochhalten\" \/><span class=\"rl-gallery-caption\"><span class=\"rl-gallery-item-caption\">Julian Assange tritt auf dem Geisterzug in K\u00f6ln am 3.2.2024 f\u00fcr Pressefreiheit ein, ist aber durch Joe Biden angekettet. Foto: privat<\/span><\/span><\/a><\/div><div class=\"rl-gallery-item\"><a href=\"https:\/\/www.friedenkoeln.de\/wp-content\/uploads\/2024\/02\/IMG_3677.jpg\" title=\"\" data-rl_title=\"\" class=\"rl-gallery-link\" data-rl_caption=\"&quot;Fee-Assange&quot;-Arbeitskreis der DFG-VK Gruppe K\u00f6ln werben beim Geisterzug am 3.2.2024 f\u00fcr Wahrheit, Meinungsfreiheit und Frieden. Foto: privat\" data-rel=\"lightbox-gallery-1\"><img loading=\"lazy\" decoding=\"async\" src=\"https:\/\/www.friedenkoeln.de\/wp-content\/uploads\/2024\/02\/IMG_3677-500x500.jpg\" width=\"500\" height=\"500\" alt=\"Verkleidete halten bei n\u00e4chtlicher Demo Schilder hoch.\" \/><span class=\"rl-gallery-caption\"><span class=\"rl-gallery-item-caption\">&quot;Fee-Assange&quot;-Arbeitskreis der DFG-VK Gruppe K\u00f6ln werben beim Geisterzug am 3.2.2024 f\u00fcr Wahrheit, Meinungsfreiheit und Frieden. Foto: privat<\/span><\/span><\/a><\/div><div class=\"rl-gallery-item\"><a href=\"https:\/\/www.friedenkoeln.de\/wp-content\/uploads\/2024\/02\/IMG_3678.jpg\" title=\"\" data-rl_title=\"\" class=\"rl-gallery-link\" data-rl_caption=\"&quot;Fee-Assange&quot;-Arbeitskreis der DFG-VK Gruppe K\u00f6ln beim Geisterzug am 3.2.2024. Foto: privat\" data-rel=\"lightbox-gallery-1\"><img loading=\"lazy\" decoding=\"async\" src=\"https:\/\/www.friedenkoeln.de\/wp-content\/uploads\/2024\/02\/IMG_3678-500x500.jpg\" width=\"500\" height=\"500\" alt=\"Ein n\u00e4chtlicher Demozug zwischen mehrst\u00f6ckigen Wohnh\u00e4usern mit vielen &quot;Julian-Assange&quot;-Schildern.\" \/><span class=\"rl-gallery-caption\"><span class=\"rl-gallery-item-caption\">&quot;Fee-Assange&quot;-Arbeitskreis der DFG-VK Gruppe K\u00f6ln beim Geisterzug am 3.2.2024. Foto: privat<\/span><\/span><\/a><\/div><div class=\"rl-gallery-item\"><a href=\"https:\/\/www.friedenkoeln.de\/wp-content\/uploads\/2024\/02\/IMG_3679.jpg\" title=\"\" data-rl_title=\"\" class=\"rl-gallery-link\" data-rl_caption=\"Arbeitskreis Free Assange der DFG-VK Gruppe K\u00f6ln beim Geisterzug 6.2.2024. Foto: privat\" data-rel=\"lightbox-gallery-1\"><img loading=\"lazy\" decoding=\"async\" src=\"https:\/\/www.friedenkoeln.de\/wp-content\/uploads\/2024\/02\/IMG_3679-500x500.jpg\" width=\"500\" height=\"500\" alt=\"Ein knappes Dutzend gut gelaunte Aktivist*innen, als Julian Assange, Joe Biden, Annalena Baerbock, Gefangene und Clowns verkleidet, zeigen ihre Schilder und Plakate.\" \/><span class=\"rl-gallery-caption\"><span class=\"rl-gallery-item-caption\">Arbeitskreis Free Assange der DFG-VK Gruppe K\u00f6ln beim Geisterzug 6.2.2024. Foto: privat<\/span><\/span><\/a><\/div> <\/div> <\/div>\n","protected":false},"excerpt":{"rendered":"","protected":false},"author":110,"featured_media":0,"parent":16490,"menu_order":0,"comment_status":"closed","ping_status":"closed","template":"","meta":{"footnotes":""},"class_list":["post-18047","page","type-page","status-publish","hentry"],"_links":{"self":[{"href":"https:\/\/www.friedenkoeln.de\/index.php?rest_route=\/wp\/v2\/pages\/18047","targetHints":{"allow":["GET"]}}],"collection":[{"href":"https:\/\/www.friedenkoeln.de\/index.php?rest_route=\/wp\/v2\/pages"}],"about":[{"href":"https:\/\/www.friedenkoeln.de\/index.php?rest_route=\/wp\/v2\/types\/page"}],"author":[{"embeddable":true,"href":"https:\/\/www.friedenkoeln.de\/index.php?rest_route=\/wp\/v2\/users\/110"}],"replies":[{"embeddable":true,"href":"https:\/\/www.friedenkoeln.de\/index.php?rest_route=%2Fwp%2Fv2%2Fcomments&post=18047"}],"version-history":[{"count":2,"href":"https:\/\/www.friedenkoeln.de\/index.php?rest_route=\/wp\/v2\/pages\/18047\/revisions"}],"predecessor-version":[{"id":18053,"href":"https:\/\/www.friedenkoeln.de\/index.php?rest_route=\/wp\/v2\/pages\/18047\/revisions\/18053"}],"up":[{"embeddable":true,"href":"https:\/\/www.friedenkoeln.de\/index.php?rest_route=\/wp\/v2\/pages\/16490"}],"wp:attachment":[{"href":"https:\/\/www.friedenkoeln.de\/index.php?rest_route=%2Fwp%2Fv2%2Fmedia&parent=18047"}],"curies":[{"name":"wp","href":"https:\/\/api.w.org\/{rel}","templated":true}]}}

<div class="rl-gallery-container rl-loading" id="rl-gallery-container-1" data-gallery_id="18044"> <div class="rl-gallery rl-basicgrid-gallery " id="rl-gallery-1" data-gallery_no="1"> <div class="rl-gallery-item"><a href="https://www.friedenkoeln.de/wp-content/uploads/2024/02/IMG_3667.jpg" title="" data-rl_title="" class="rl-gallery-link" data-rl_caption="Joe Biden mit Julian Assange am 3.2.2024 beim Geisterzug in Köln. Foto: privat" data-rel="lightbox-gallery-1"><img loading="lazy" decoding="async" src="https://www.friedenkoeln.de/wp-content/uploads/2024/02/IMG_3667-500x500.jpg" width="500" height="500" alt="Als Joe Biden verkleidete Person hält eine Kette, mit der &quot;Julian Assange&quot; in orangefarbener Gefängnis-Kluft gefesselt ist. Im Vordergrund eine Frau mit Clown-Nase und Lichterkette vor einem nebligen Abendhimmel und anderen Leuten." /><span class="rl-gallery-caption"><span class="rl-gallery-item-caption">Joe Biden mit Julian Assange am 3.2.2024 beim Geisterzug in Köln. Foto: privat</span></span></a></div><div class="rl-gallery-item"><a href="https://www.friedenkoeln.de/wp-content/uploads/2024/02/IMG_3669.jpg" title="" data-rl_title="" class="rl-gallery-link" data-rl_caption="Joe Biden mit Olaf Scholz und Rishi Sunak am 3.2.2024 beim Geisterzug in Köln. Foto: privat" data-rel="lightbox-gallery-1"><img loading="lazy" decoding="async" src="https://www.friedenkoeln.de/wp-content/uploads/2024/02/IMG_3669-500x500.jpg" width="500" height="500" alt="Joe Biden mit Olaf Scholz und Rishi Sunak, die je ein &quot;Julian Assange&quot;-Schild halten. Im Hintergrund eine nächtliche, neblige Straße mit weiteren Leuten." /><span class="rl-gallery-caption"><span class="rl-gallery-item-caption">Joe Biden mit Olaf Scholz und Rishi Sunak am 3.2.2024 beim Geisterzug in Köln. Foto: privat</span></span></a></div><div class="rl-gallery-item"><a href="https://www.friedenkoeln.de/wp-content/uploads/2024/02/IMG_3670.jpg" title="" data-rl_title="" class="rl-gallery-link" data-rl_caption="Rishi Sunak tritt am 3.2.2024 beim Geisterzug in Köln für &quot;Rechtsstaatlichkeit&quot; ein. Foto: privat" data-rel="lightbox-gallery-1"><img loading="lazy" decoding="async" src="https://www.friedenkoeln.de/wp-content/uploads/2024/02/IMG_3670-500x500.jpg" width="500" height="500" alt="Eine Gruppe verkleideter Leute mit &quot;Free-Assange&quot;-Schildern in einer nächtlich beleuchteten Straße." /><span class="rl-gallery-caption"><span class="rl-gallery-item-caption">Rishi Sunak tritt am 3.2.2024 beim Geisterzug in Köln für &quot;Rechtsstaatlichkeit&quot; ein. Foto: privat</span></span></a></div><div class="rl-gallery-item"><a href="https://www.friedenkoeln.de/wp-content/uploads/2024/02/IMG_3672.jpg" title="" data-rl_title="" class="rl-gallery-link" data-rl_caption="&quot;Fee-Assange&quot;-Arbeitskreis der DFG-VK Gruppe Köln beim Geisterzug am 3.2.2024. Foto: privat" data-rel="lightbox-gallery-1"><img loading="lazy" decoding="async" src="https://www.friedenkoeln.de/wp-content/uploads/2024/02/IMG_3672-500x500.jpg" width="500" height="500" alt="Eine Frau in weißem Overall hält ein großes Schild &quot;Free Assange Köln&quot;." /><span class="rl-gallery-caption"><span class="rl-gallery-item-caption">&quot;Fee-Assange&quot;-Arbeitskreis der DFG-VK Gruppe Köln beim Geisterzug am 3.2.2024. Foto: privat</span></span></a></div><div class="rl-gallery-item"><a href="https://www.friedenkoeln.de/wp-content/uploads/2024/02/IMG_3674.jpg" title="" data-rl_title="" class="rl-gallery-link" data-rl_caption="Annalena Baerbock tritt am 3.2.2024 beim Geisterzug in Köln für Menschenrechte ein. Foto: privat" data-rel="lightbox-gallery-1"><img loading="lazy" decoding="async" src="https://www.friedenkoeln.de/wp-content/uploads/2024/02/IMG_3674-500x500.jpg" width="500" height="500" alt="" /><span class="rl-gallery-caption"><span class="rl-gallery-item-caption">Annalena Baerbock tritt am 3.2.2024 beim Geisterzug in Köln für Menschenrechte ein. Foto: privat</span></span></a></div><div class="rl-gallery-item"><a href="https://www.friedenkoeln.de/wp-content/uploads/2024/02/IMG_3675.jpg" title="" data-rl_title="" class="rl-gallery-link" data-rl_caption="Joe Biden mit dem gefesselten Julian Assange beim Geisterzug in Köln am 3.2.2024. Foto: privat" data-rel="lightbox-gallery-1"><img loading="lazy" decoding="async" src="https://www.friedenkoeln.de/wp-content/uploads/2024/02/IMG_3675-500x500.jpg" width="500" height="500" alt="Szene in nächtlich beleuchteter Straße mit mehreren Leuten." /><span class="rl-gallery-caption"><span class="rl-gallery-item-caption">Joe Biden mit dem gefesselten Julian Assange beim Geisterzug in Köln am 3.2.2024. Foto: privat</span></span></a></div><div class="rl-gallery-item"><a href="https://www.friedenkoeln.de/wp-content/uploads/2024/02/IMG_3676.jpg" title="" data-rl_title="" class="rl-gallery-link" data-rl_caption="Julian Assange tritt auf dem Geisterzug in Köln am 3.2.2024 für Pressefreiheit ein, ist aber durch Joe Biden angekettet. Foto: privat" data-rel="lightbox-gallery-1"><img loading="lazy" decoding="async" src="https://www.friedenkoeln.de/wp-content/uploads/2024/02/IMG_3676-500x500.jpg" width="500" height="500" alt="Hinter Joe Biden und Julian Assange sind weitere Leute zu sehen, die &quot;Julian-Assange&quot;-Schilder hochhalten" /><span class="rl-gallery-caption"><span class="rl-gallery-item-caption">Julian Assange tritt auf dem Geisterzug in Köln am 3.2.2024 für Pressefreiheit ein, ist aber durch Joe Biden angekettet. Foto: privat</span></span></a></div><div class="rl-gallery-item"><a href="https://www.friedenkoeln.de/wp-content/uploads/2024/02/IMG_3677.jpg" title="" data-rl_title="" class="rl-gallery-link" data-rl_caption="&quot;Fee-Assange&quot;-Arbeitskreis der DFG-VK Gruppe Köln werben beim Geisterzug am 3.2.2024 für Wahrheit, Meinungsfreiheit und Frieden. Foto: privat" data-rel="lightbox-gallery-1"><img loading="lazy" decoding="async" src="https://www.friedenkoeln.de/wp-content/uploads/2024/02/IMG_3677-500x500.jpg" width="500" height="500" alt="Verkleidete halten bei nächtlicher Demo Schilder hoch." /><span class="rl-gallery-caption"><span class="rl-gallery-item-caption">&quot;Fee-Assange&quot;-Arbeitskreis der DFG-VK Gruppe Köln werben beim Geisterzug am 3.2.2024 für Wahrheit, Meinungsfreiheit und Frieden. Foto: privat</span></span></a></div><div class="rl-gallery-item"><a href="https://www.friedenkoeln.de/wp-content/uploads/2024/02/IMG_3678.jpg" title="" data-rl_title="" class="rl-gallery-link" data-rl_caption="&quot;Fee-Assange&quot;-Arbeitskreis der DFG-VK Gruppe Köln beim Geisterzug am 3.2.2024. Foto: privat" data-rel="lightbox-gallery-1"><img loading="lazy" decoding="async" src="https://www.friedenkoeln.de/wp-content/uploads/2024/02/IMG_3678-500x500.jpg" width="500" height="500" alt="Ein nächtlicher Demozug zwischen mehrstöckigen Wohnhäusern mit vielen &quot;Julian-Assange&quot;-Schildern." /><span class="rl-gallery-caption"><span class="rl-gallery-item-caption">&quot;Fee-Assange&quot;-Arbeitskreis der DFG-VK Gruppe Köln beim Geisterzug am 3.2.2024. Foto: privat</span></span></a></div><div class="rl-gallery-item"><a href="https://www.friedenkoeln.de/wp-content/uploads/2024/02/IMG_3679.jpg" title="" data-rl_title="" class="rl-gallery-link" data-rl_caption="Arbeitskreis Free Assange der DFG-VK Gruppe Köln beim Geisterzug 6.2.2024. Foto: privat" data-rel="lightbox-gallery-1"><img loading="lazy" decoding="async" src="https://www.friedenkoeln.de/wp-content/uploads/2024/02/IMG_3679-500x500.jpg" width="500" height="500" alt="Ein knappes Dutzend gut gelaunte Aktivist*innen, als Julian Assange, Joe Biden, Annalena Baerbock, Gefangene und Clowns verkleidet, zeigen ihre Schilder und Plakate." /><span class="rl-gallery-caption"><span class="rl-gallery-item-caption">Arbeitskreis Free Assange der DFG-VK Gruppe Köln beim Geisterzug 6.2.2024. Foto: privat</span></span></a></div> </div> </div>
