{"id":18203,"date":"2024-03-22T16:04:28","date_gmt":"2024-03-22T15:04:28","guid":{"rendered":"https:\/\/www.friedenkoeln.de\/?page_id=18203"},"modified":"2024-03-22T16:04:28","modified_gmt":"2024-03-22T15:04:28","slug":"bankverbindung","status":"publish","type":"page","link":"https:\/\/www.friedenkoeln.de\/?page_id=18203","title":{"rendered":"Bankverbindung"},"content":{"rendered":"<p>Frieden braucht Finanzierung. Unser Verband selbst ist nicht als steuerbeg\u00fcnstigt im Sinne der Abgabenordnung anerkannt. Die Kontoverbindung unserer Gruppe lautet:<\/p>\n<p>Deutsche Friedensgesellsch. Ver.Kriegsdienstgegner. e.V.\u00a0 Angelika Roesrath<br \/>\nIBAN: DE12430609674006161712<br \/>\nBIC: GENODEM1GLS<br \/>\nGLS-Bank<\/p>\n<p>Wer lieber an eine im Sinne der Abgabenordnung als steuerbeg\u00fcnstigt anerkannte Organisation spenden m\u00f6chte, dem empfehlen wir das Alois-Stoff-Bildungswerk der DFG-VK NRW e. V., mit dem wir in vielen\u00a0Friedensprojekten zusammenarbeiten:<\/p>\n<p>Alois-Stoff-Bildungswerk der DFG-VK NRW e. V., Dortmund<br \/>\nIBAN: DE48 4405 0199 0001 0591 81<br \/>\nBIC: DORTDE33XXX<br \/>\nSparkasse Dortmund<\/p>\n<p>Spenden und regelm\u00e4\u00dfige F\u00f6rderbeitr\u00e4ge an das Bildungswerk sind steuerlich absetzbar. Es verfolgt entsprechend seinem Satzungszweck gemeinn\u00fctzige Ziele. Hier sind <a href=\"https:\/\/nrw.dfg-vk.de\/vorstellung-bw\/\">weitere Informationen<\/a>.<\/p>\n<p>Spendenbescheinigungen k\u00f6nnen \u00fcber\u00a0dfg-vk.nrw[at]t-online.de bestellt werden. Sie werden am Beginn des Folgejahres zugesandt.<\/p>\n<p>Wir danken f\u00fcr jede Unterst\u00fctzung!<\/p>\n","protected":false},"excerpt":{"rendered":"<p>Frieden braucht Finanzierung. Unser Verband selbst ist nicht als steuerbeg\u00fcnstigt im Sinne der Abgabenordnung anerkannt. Die Kontoverbindung unserer Gruppe lautet: Deutsche Friedensgesellsch. Ver.Kriegsdienstgegner. e.V.\u00a0 Angelika Roesrath IBAN: DE12430609674006161712 BIC: GENODEM1GLS GLS-Bank Wer lieber an&#46;&#46;&#46;<\/p>\n","protected":false},"author":110,"featured_media":0,"parent":25,"menu_order":9,"comment_status":"closed","ping_status":"closed","template":"","meta":{"footnotes":""},"class_list":["post-18203","page","type-page","status-publish","hentry"],"_links":{"self":[{"href":"https:\/\/www.friedenkoeln.de\/index.php?rest_route=\/wp\/v2\/pages\/18203","targetHints":{"allow":["GET"]}}],"collection":[{"href":"https:\/\/www.friedenkoeln.de\/index.php?rest_route=\/wp\/v2\/pages"}],"about":[{"href":"https:\/\/www.friedenkoeln.de\/index.php?rest_route=\/wp\/v2\/types\/page"}],"author":[{"embeddable":true,"href":"https:\/\/www.friedenkoeln.de\/index.php?rest_route=\/wp\/v2\/users\/110"}],"replies":[{"embeddable":true,"href":"https:\/\/www.friedenkoeln.de\/index.php?rest_route=%2Fwp%2Fv2%2Fcomments&post=18203"}],"version-history":[{"count":2,"href":"https:\/\/www.friedenkoeln.de\/index.php?rest_route=\/wp\/v2\/pages\/18203\/revisions"}],"predecessor-version":[{"id":18206,"href":"https:\/\/www.friedenkoeln.de\/index.php?rest_route=\/wp\/v2\/pages\/18203\/revisions\/18206"}],"up":[{"embeddable":true,"href":"https:\/\/www.friedenkoeln.de\/index.php?rest_route=\/wp\/v2\/pages\/25"}],"wp:attachment":[{"href":"https:\/\/www.friedenkoeln.de\/index.php?rest_route=%2Fwp%2Fv2%2Fmedia&parent=18203"}],"curies":[{"name":"wp","href":"https:\/\/api.w.org\/{rel}","templated":true}]}}