{"id":19452,"date":"2025-11-18T12:57:10","date_gmt":"2025-11-18T11:57:10","guid":{"rendered":"https:\/\/www.friedenkoeln.de\/?page_id=19452"},"modified":"2026-03-26T17:30:58","modified_gmt":"2026-03-26T16:30:58","slug":"kriegsdienstverweigerung","status":"publish","type":"page","link":"https:\/\/www.friedenkoeln.de\/?page_id=19452","title":{"rendered":"Kriegsdienstverweigerung"},"content":{"rendered":"<h2 data-start=\"64\" data-end=\"280\"><img loading=\"lazy\" decoding=\"async\" class=\"alignleft wp-image-19456\" src=\"https:\/\/www.friedenkoeln.de\/wp-content\/uploads\/2025\/11\/2914-4096-max-500x500.jpg\" alt=\"Helm als Blumentopf Verweigert alle Kriegsdienste! verweigern.info\" width=\"400\" height=\"562\" srcset=\"https:\/\/www.friedenkoeln.de\/wp-content\/uploads\/2025\/11\/2914-4096-max-142x200.jpg 142w, https:\/\/www.friedenkoeln.de\/wp-content\/uploads\/2025\/11\/2914-4096-max-768x1080.jpg 768w, https:\/\/www.friedenkoeln.de\/wp-content\/uploads\/2025\/11\/2914-4096-max-1093x1536.jpg 1093w, https:\/\/www.friedenkoeln.de\/wp-content\/uploads\/2025\/11\/2914-4096-max-1457x2048.jpg 1457w, https:\/\/www.friedenkoeln.de\/wp-content\/uploads\/2025\/11\/2914-4096-max-scaled.jpg 1821w\" sizes=\"auto, (max-width: 400px) 100vw, 400px\" \/>Hier findest du Informationen zur Kriegsdienstverweigerung.<\/h2>\n<p data-start=\"64\" data-end=\"280\">Bei grunds\u00e4tzlichen Fragen zur Kriegsdienstverweigerung empfehlen wir die Seite <a href=\"https:\/\/verweigern.info\" target=\"_blank\" rel=\"noopener\"><strong data-start=\"196\" data-end=\"215\">verweigern.info<\/strong><\/a> vom DFG-VK Bundesverband \u2013 dort werden Schritt f\u00fcr Schritt alle wichtigen Themen erkl\u00e4rt.<\/p>\n<p data-start=\"282\" data-end=\"484\">Wenn du eine pers\u00f6nliche Beratung zu deiner Kriegsdienstverweigerung m\u00f6chtest, kannst du an <a href=\"mailto:verweigern@friedenkoeln.de\"><strong data-start=\"374\" data-end=\"404\">verweigern@friedenkoeln.de<\/strong><\/a> schreiben.<br \/>\n<br data-start=\"415\" data-end=\"418\" \/>Wir bieten <strong data-start=\"429\" data-end=\"449\">Einzelberatungen<\/strong> sowie eine <strong data-start=\"461\" data-end=\"480\">Gruppenberatung<\/strong> an:<\/p>\n<p class=\"p1\">Bei der Gruppenberatung werden jeweils einer von uns KDV-Beratern oder auch die Teilnehmer aus der Gruppe Fragen beantworten und ein moderierter Erfahrungsaustausch unter den KDV erm\u00f6glicht.<\/p>\n<p class=\"p1\">Die ersten Termine sind (wegen der Feiertage Weihnachten und Neujahr noch unregelm\u00e4\u00dfig) am:<\/p>\n<p class=\"p1\"><strong>an jedem 1. Donnerstag im Monat um 19.00 Uhr<\/strong><\/p>\n<p class=\"p1\"><strong>an jedem 4. Donnerstag im Monat um 17.00 Uhr <\/strong><\/p>\n<p class=\"p1\">im DFG-VK-B\u00fcro im Friedensbildungswerk, Obenmarspforten 7-11, 50667 K\u00f6ln<\/p>\n<p class=\"p1\"><b>Wir bitten um kurze Anmeldung an <\/b><a href=\"mailto:verweigern@friedenkoeln.de\"><span class=\"s2\">verweigern@friedenkoeln.de <\/span><\/a><\/p>\n<p class=\"p1\">Alle, die Fragen zur KDV algemein und zu ihrer Begr\u00fcndung haben und sich dar\u00fcber in einer Gruppe austauschen m\u00f6chten, sind hier herzlich willkommen.<\/p>\n","protected":false},"excerpt":{"rendered":"<p>Hier findest du Informationen zur Kriegsdienstverweigerung. Bei grunds\u00e4tzlichen Fragen zur Kriegsdienstverweigerung empfehlen wir die Seite verweigern.info vom DFG-VK Bundesverband \u2013 dort werden Schritt f\u00fcr Schritt alle wichtigen Themen erkl\u00e4rt. Wenn du eine pers\u00f6nliche Beratung&#46;&#46;&#46;<\/p>\n","protected":false},"author":110,"featured_media":0,"parent":0,"menu_order":0,"comment_status":"closed","ping_status":"closed","template":"","meta":{"footnotes":""},"class_list":["post-19452","page","type-page","status-publish","hentry"],"_links":{"self":[{"href":"https:\/\/www.friedenkoeln.de\/index.php?rest_route=\/wp\/v2\/pages\/19452","targetHints":{"allow":["GET"]}}],"collection":[{"href":"https:\/\/www.friedenkoeln.de\/index.php?rest_route=\/wp\/v2\/pages"}],"about":[{"href":"https:\/\/www.friedenkoeln.de\/index.php?rest_route=\/wp\/v2\/types\/page"}],"author":[{"embeddable":true,"href":"https:\/\/www.friedenkoeln.de\/index.php?rest_route=\/wp\/v2\/users\/110"}],"replies":[{"embeddable":true,"href":"https:\/\/www.friedenkoeln.de\/index.php?rest_route=%2Fwp%2Fv2%2Fcomments&post=19452"}],"version-history":[{"count":9,"href":"https:\/\/www.friedenkoeln.de\/index.php?rest_route=\/wp\/v2\/pages\/19452\/revisions"}],"predecessor-version":[{"id":19615,"href":"https:\/\/www.friedenkoeln.de\/index.php?rest_route=\/wp\/v2\/pages\/19452\/revisions\/19615"}],"wp:attachment":[{"href":"https:\/\/www.friedenkoeln.de\/index.php?rest_route=%2Fwp%2Fv2%2Fmedia&parent=19452"}],"curies":[{"name":"wp","href":"https:\/\/api.w.org\/{rel}","templated":true}]}}

<h2 data-start="64" data-end="280"><img loading="lazy" decoding="async" class="alignleft wp-image-19456" src="https://www.friedenkoeln.de/wp-content/uploads/2025/11/2914-4096-max-500x500.jpg" alt="Helm als Blumentopf Verweigert alle Kriegsdienste! verweigern.info" width="400" height="562" srcset="https://www.friedenkoeln.de/wp-content/uploads/2025/11/2914-4096-max-142x200.jpg 142w, https://www.friedenkoeln.de/wp-content/uploads/2025/11/2914-4096-max-768x1080.jpg 768w, https://www.friedenkoeln.de/wp-content/uploads/2025/11/2914-4096-max-1093x1536.jpg 1093w, https://www.friedenkoeln.de/wp-content/uploads/2025/11/2914-4096-max-1457x2048.jpg 1457w, https://www.friedenkoeln.de/wp-content/uploads/2025/11/2914-4096-max-scaled.jpg 1821w" sizes="auto, (max-width: 400px) 100vw, 400px" />Hier findest du Informationen zur Kriegsdienstverweigerung.</h2>
<p data-start="64" data-end="280">Bei grundsätzlichen Fragen zur Kriegsdienstverweigerung empfehlen wir die Seite <a href="https://verweigern.info" target="_blank" rel="noopener"><strong data-start="196" data-end="215">verweigern.info</strong></a> vom DFG-VK Bundesverband – dort werden Schritt für Schritt alle wichtigen Themen erklärt.</p>
<p data-start="282" data-end="484">Wenn du eine persönliche Beratung zu deiner Kriegsdienstverweigerung möchtest, kannst du an <a href="mailto:verweigern@friedenkoeln.de"><strong data-start="374" data-end="404">verweigern@friedenkoeln.de</strong></a> schreiben.<br />
<br data-start="415" data-end="418" />Wir bieten <strong data-start="429" data-end="449">Einzelberatungen</strong> sowie eine <strong data-start="461" data-end="480">Gruppenberatung</strong> an:</p>
<p class="p1">Bei der Gruppenberatung werden jeweils einer von uns KDV-Beratern oder auch die Teilnehmer aus der Gruppe Fragen beantworten und ein moderierter Erfahrungsaustausch unter den KDV ermöglicht.</p>
<p class="p1">Die ersten Termine sind (wegen der Feiertage Weihnachten und Neujahr noch unregelmäßig) am:</p>
<p class="p1"><strong>an jedem 1. Donnerstag im Monat um 19.00 Uhr</strong></p>
<p class="p1"><strong>an jedem 4. Donnerstag im Monat um 17.00 Uhr </strong></p>
<p class="p1">im DFG-VK-Büro im Friedensbildungswerk, Obenmarspforten 7-11, 50667 Köln</p>
<p class="p1"><b>Wir bitten um kurze Anmeldung an </b><a href="mailto:verweigern@friedenkoeln.de"><span class="s2">verweigern@friedenkoeln.de </span></a></p>
<p class="p1">Alle, die Fragen zur KDV algemein und zu ihrer Begründung haben und sich darüber in einer Gruppe austauschen möchten, sind hier herzlich willkommen.</p>

<p>Hier findest du Informationen zur Kriegsdienstverweigerung. Bei grundsätzlichen Fragen zur Kriegsdienstverweigerung empfehlen wir die Seite verweigern.info vom DFG-VK Bundesverband – dort werden Schritt für Schritt alle wichtigen Themen erklärt. Wenn du eine persönliche Beratung&#46;&#46;&#46;</p>
