{"id":19569,"date":"2026-02-17T14:51:44","date_gmt":"2026-02-17T13:51:44","guid":{"rendered":"https:\/\/www.friedenkoeln.de\/?page_id=19569"},"modified":"2026-02-17T14:54:46","modified_gmt":"2026-02-17T13:54:46","slug":"friedenspaedagogik","status":"publish","type":"page","link":"https:\/\/www.friedenkoeln.de\/?page_id=19569","title":{"rendered":"Friedensp\u00e4dagogik"},"content":{"rendered":"<h2>Internetadressen mit Anregungen, Informationen und Materialien zur Friedensbildung<\/h2>\n<p><a href=\"http:\/\/www.friedensbildung-bw.de\/\" target=\"_blank\" rel=\"noopener\">www.friedensbildung-bw.de<\/a><br \/>\nServicestelle Friedensbildung des Landes Baden-W\u00fcrtemberg mit vielen Anregungen, Materialen und Verweisen auf verwandte Webseiten und Organisationen<\/p>\n<p><a href=\"http:\/\/www.friedensbildung-nrw.de\/\" target=\"_blank\" rel=\"noopener\">www.friedensbildung-nrw.de<\/a><br \/>\nServicestelle Friedensbildung des Landes Nordrhein Westfallen<\/p>\n<p><a href=\"http:\/\/www.lernen-aus-der-geschichte.de\/\" target=\"_blank\" rel=\"noopener\">www.lernen-aus-der-geschichte.de<\/a><br \/>\nBeitr\u00e4ge zum politischen Geschichtsunterricht<br \/>\nTexte zur Didaktik und Methodik, Materialien und Hinweise zu Unterrichtsmaterialien<\/p>\n<p><a href=\"http:\/\/www.frieden-fragen.de\/\" target=\"_blank\" rel=\"noopener\">www.frieden-fragen.de<\/a><br \/>\nSeite f\u00fcr Kinder mit vielen Anregungen, Materialien und Geschichten von der Berghof Foundation unterst\u00fctzt vom Ministerium f\u00fcr Familie, Senioren, Frauen und Jugend<br \/>\nVorwiegend f\u00fcr die Primarstufe und die Sekundarstufe 1 geeignet<\/p>\n<p><a href=\"http:\/\/www.soziale-verteidigung.de\/\" target=\"_blank\" rel=\"noopener\">www.soziale-verteidigung.de<\/a><br \/>\nvorwiegend kostenlose Bildungsmaterialien zu sozialer Verteidigung, Wirksamkeit von ziviler Konfliktbearbeitung etc. von Klasse 1-13<\/p>\n<p><a href=\"http:\/\/www.cfpeace.org\/\" target=\"_blank\" rel=\"noopener\">www.cfpeace.org<\/a><br \/>\nInternetauftritt\u00a0 von combattans for peace (Friedensinitiative von Pal\u00e4stinserInnen und Israelis und Israelitinnen)<\/p>\n<p><a href=\"http:\/\/www.propeace.de\/\" target=\"_blank\" rel=\"noopener\">www.propeace.de<\/a><br \/>\nkostenlose Materialien f\u00fcr alle Klassen 1-13<\/p>\n<p><a href=\"http:\/\/www.amnesty.de\/\" target=\"_blank\" rel=\"noopener\">www.amnesty.de<\/a><br \/>\nnach Alter sortiertes Material zur Menschenrechtsbildung, z.B. j\u00e4hrlich im Dezember stattfindender Briefmarathon zur Freilassung politischer Gefangener<\/p>\n<p><a href=\"http:\/\/www.misereor.de\/\" target=\"_blank\" rel=\"noopener\">www.misereor.de<\/a><br \/>\nkostenlose Zeitschrift \u201eLernen&amp; Handeln\u201c mit U-Materialien f\u00fcr Lehrkr\u00e4fte zu entwicklungspolitischen Themen, Nachhaltigkeit, Klimakrise, Menschenrechte<\/p>\n<p><a href=\"http:\/\/www.politik-lernen.at\/\" target=\"_blank\" rel=\"noopener\">www.politik-lernen.at<\/a><br \/>\nKrieg und Frieden im Unterricht, Unterpunkt mit vielen Materialien und Hinweisen<\/p>\n<p><a href=\"http:\/\/www.friedensbildung-schule.de\/\" target=\"_blank\" rel=\"noopener\">www.Friedensbildung-schule.de<\/a><br \/>\nInternetpr\u00e4senz des 2015 beendeten Projekts &#8222;Friedensbildung, Bundeswehr und Schule&#8220; der EAK und AGDF, mitfinanziert durch Brot f\u00fcr die Welt \u2013 Evangelischer Entwicklungsdienst<br \/>\nInformationen zur Friedensp\u00e4dagogik und viele Verweise auf U-Material<\/p>\n<p><a href=\"http:\/\/www.pbd.de\/\" target=\"_blank\" rel=\"noopener\">www.pbd.de<\/a><br \/>\nBundeszentrale f\u00fcr politische Bildung, kann als Quelle f\u00fcr Recherchen in der Oberstufe dienen<\/p>\n<p><a href=\"http:\/\/www.greenpeace.de\/\" target=\"_blank\" rel=\"noopener\">www.greenpeace.de<\/a><br \/>\nMaterialien zum Thema \u201eFrieden und Umwelt\u201c<\/p>\n<p><a href=\"http:\/\/www.pugwash.de\/\" target=\"_blank\" rel=\"noopener\">www.pugwash.de<\/a><br \/>\nInformationen zu Nuklearwaffen und zu Initiativen f\u00fcr eine atomwaffenfreien Welt<\/p>\n<p><a href=\"https:\/\/love-storm.de\/\" target=\"_blank\" rel=\"noopener\">https:\/\/love-storm.de\/<\/a><br \/>\nMaterialien und Trainings gegen Hass im Netz<\/p>\n<p>Die Linkliste als PDF: <a href=\"https:\/\/www.friedenkoeln.de\/wp-content\/uploads\/2026\/02\/Internetadressen-mit-Anregungen.pdf\">Internetadressen mit Anregungen<\/a><\/p>\n<p>Ver\u00f6ffentlicht mit freundlicher Genehmigung des Arbeitskreis Frieden und Internationales in der GEW K\u00f6ln.<\/p>\n","protected":false},"excerpt":{"rendered":"<p>Internetadressen mit Anregungen, Informationen und Materialien zur Friedensbildung www.friedensbildung-bw.de Servicestelle Friedensbildung des Landes Baden-W\u00fcrtemberg mit vielen Anregungen, Materialen und Verweisen auf verwandte Webseiten und Organisationen www.friedensbildung-nrw.de Servicestelle Friedensbildung des Landes Nordrhein Westfallen www.lernen-aus-der-geschichte.de Beitr\u00e4ge&#46;&#46;&#46;<\/p>\n","protected":false},"author":110,"featured_media":0,"parent":0,"menu_order":5,"comment_status":"closed","ping_status":"closed","template":"","meta":{"footnotes":""},"class_list":["post-19569","page","type-page","status-publish","hentry"],"_links":{"self":[{"href":"https:\/\/www.friedenkoeln.de\/index.php?rest_route=\/wp\/v2\/pages\/19569","targetHints":{"allow":["GET"]}}],"collection":[{"href":"https:\/\/www.friedenkoeln.de\/index.php?rest_route=\/wp\/v2\/pages"}],"about":[{"href":"https:\/\/www.friedenkoeln.de\/index.php?rest_route=\/wp\/v2\/types\/page"}],"author":[{"embeddable":true,"href":"https:\/\/www.friedenkoeln.de\/index.php?rest_route=\/wp\/v2\/users\/110"}],"replies":[{"embeddable":true,"href":"https:\/\/www.friedenkoeln.de\/index.php?rest_route=%2Fwp%2Fv2%2Fcomments&post=19569"}],"version-history":[{"count":1,"href":"https:\/\/www.friedenkoeln.de\/index.php?rest_route=\/wp\/v2\/pages\/19569\/revisions"}],"predecessor-version":[{"id":19571,"href":"https:\/\/www.friedenkoeln.de\/index.php?rest_route=\/wp\/v2\/pages\/19569\/revisions\/19571"}],"wp:attachment":[{"href":"https:\/\/www.friedenkoeln.de\/index.php?rest_route=%2Fwp%2Fv2%2Fmedia&parent=19569"}],"curies":[{"name":"wp","href":"https:\/\/api.w.org\/{rel}","templated":true}]}}